000
CXUS55 KCYS 271000
CF6AIA
PRELIMINARY LOCAL CLIMATOLOGICAL DATA (WS FORM: F-6)

                                          STATION:   ALLIANCE NEBRASKA AIRPORT
                                          MONTH:     SEPTEMBER
                                          YEAR:      2016
                                          LATITUDE:   42  2 N
                                          LONGITUDE: 102 48 W

  TEMPERATURE IN F:       :PCPN:    SNOW:  WIND      :SUNSHINE: SKY     :PK WND
================================================================================
1   2   3   4   5  6A  6B    7    8   9   10  11  12  13   14  15   16   17  18
                                     12Z  AVG MX 2MIN
DY MAX MIN AVG DEP HDD CDD  WTR  SNW DPTH SPD SPD DIR MIN PSBL S-S WX    SPD DR
================================================================================

 1  78  61  70   4   0   5 0.00    M    M 18.3 28 160   M    M   5        35 190
 2  79  59  69   3   0   4 0.00    M    M 17.8 26 160   M    M   3        33 150
 3  90  54  72   7   0   7 0.00    M    M  8.4 21 220   M    M   0 3      26 230
 4  86  55  71   6   0   6 0.02    M    M  8.8 37 280   M    M   3 3      46 270
 5  78  56  67   3   0   2 0.27    M    M  7.2 17  10   M    M   5 13     21  10
 6  69  56  63  -1   2   0 0.16    M    M  9.1 25 130   M    M  10 13     33 130
 7  83  49  66   2   0   1 0.00    M    M  7.9 18  30   M    M   4 13     25  20
 8  89  43  66   3   0   1 0.00    M    M 11.9 24 170   M    M   1        29 180
 9  66  37  52 -11  13   0 0.00    M    M 14.4 32 350   M    M   2        40 350
10  79  30  55  -7  10   0 0.00    M    M  9.8 23 200   M    M   0        33 210
11  92  31  62   0   3   0 0.00    M    M  8.7 25 260   M    M   0        32 250
12  70  45  58  -3   7   0 0.00    M    M 18.1 28  20   M    M   2        38 330
13  65  43  54  -7  11   0 0.10    M    M  9.5 16  40   M    M   8 1      21 130
14  69  46  58  -2   7   0 0.72    M    M 14.1 40 200   M    M   7 13     51 200
15  76  41  59  -1   6   0 0.02    M    M  8.1 25 250   M    M   5 123    35 260
16  73  38  56  -3   9   0 0.00    M    M  9.4 25 300   M    M   1        32 290
17  80  37  59   0   6   0 0.00    M    M  7.7 20 200   M    M   1        26 200
18  88  43  66   8   0   1 0.00    M    M 12.5 24 300   M    M   0        30 270
19  83  45  64   6   1   0 0.00    M    M  7.8 16 160   M    M   0        21 160
20  89  47  68  11   0   3 0.00    M    M  5.3 15 160   M    M   0        19 160
21  77  52  65   8   0   0 0.00    M    M  8.9 18 320   M    M   1        24 300
22  68  55  62   6   3   0 0.00    M    M 10.7 20 110   M    M  10 1      30  60
23  88  50  69  13   0   4 0.15    M    M 16.3 33 150   M    M   5 13     41 160
24  70  41  56   1   9   0    T    M    M 14.7 26 260   M    M   2        35 270
25  65  32  49  -6  16   0 0.00    M    M 13.5 30 300   M    M   0        39 300
26  75  30  53  -1  12   0 0.00    M    M  8.9 21 310   M    M   0        29 340
================================================================================
SM 2025 1176       115  34  1.44    M    287.8          M       75
================================================================================
AV 77.9 45.2                              11.1 FASTST   M    M   3    MAX(MPH)
                                 MISC ---->  # 40 200               # 51  200
================================================================================
NOTES:
# LAST OF SEVERAL OCCURRENCES

COLUMN 17 PEAK WIND IN M.P.H.

PRELIMINARY LOCAL CLIMATOLOGICAL DATA (WS FORM: F-6) , PAGE 2

                                          STATION:  ALLIANCE NEBRASKA AIRPORT
                                          MONTH:    SEPTEMBER
                                          YEAR:     2016
                                          LATITUDE:   42  2 N
                                          LONGITUDE: 102 48 W

[TEMPERATURE DATA]      [PRECIPITATION DATA]       SYMBOLS USED IN COLUMN 16

AVERAGE MONTHLY: 61.6   TOTAL FOR MONTH:   1.44    1 = FOG OR MIST
DPTR FM NORMAL:   1.2   DPTR FM NORMAL:    0.22    2 = FOG REDUCING VISIBILITY
HIGHEST:    92 ON 11    GRTST 24HR  0.74 ON 14-15      TO 1/4 MILE OR LESS
LOWEST:     30 ON 26,10                            3 = THUNDER
                        SNOW, ICE PELLETS, HAIL    4 = ICE PELLETS
                        TOTAL MONTH:    M          5 = HAIL
                        GRTST 24HR    M  ON   M    6 = FREEZING RAIN OR DRIZZLE
                        GRTST DEPTH:  M  ON   M    7 = DUSTSTORM OR SANDSTORM:
                                                       VSBY 1/2 MILE OR LESS
                                                   8 = SMOKE OR HAZE
[NO. OF DAYS WITH]      [WEATHER - DAYS WITH]      9 = BLOWING SNOW
                                                   X = TORNADO
MAX 32 OR BELOW:   0    0.01 INCH OR MORE:   7
MAX 90 OR ABOVE:   2    0.10 INCH OR MORE:   5
MIN 32 OR BELOW:   4    0.50 INCH OR MORE:   1
MIN  0 OR BELOW:   0    1.00 INCH OR MORE:   0

[HDD (BASE 65) ]
TOTAL THIS MO.   115    CLEAR  (SCALE 0-3)  15
DPTR FM NORMAL   -46    PTCLDY (SCALE 4-7)   9
TOTAL FM JUL 1   153    CLOUDY (SCALE 8-10)  2
DPTR FM NORMAL   -45

[CDD (BASE 65) ]
TOTAL THIS MO.    34
DPTR FM NORMAL    -4    [PRESSURE DATA]
TOTAL FM JAN 1   587    HIGHEST SLP  0.00 ON M
DPTR FM NORMAL    26    LOWEST  SLP 29.52 ON 23

[REMARKS]
