000
CXUS53 KGRB 290736
CF6AIG
PRELIMINARY LOCAL CLIMATOLOGICAL DATA (WS FORM: F-6)

                                          STATION:   ANTIGO AWOS
                                          MONTH:     APRIL
                                          YEAR:      2017
                                          LATITUDE:   45  9 N
                                          LONGITUDE:  89  8 W

  TEMPERATURE IN F:       :PCPN:    SNOW:  WIND      :SUNSHINE: SKY     :PK WND
================================================================================
1   2   3   4   5  6A  6B    7    8   9   10  11  12  13   14  15   16   17  18
                                     12Z  AVG MX 2MIN
DY MAX MIN AVG DEP HDD CDD  WTR  SNW DPTH SPD SPD DIR MIN PSBL S-S WX    SPD DR
================================================================================

 1  60  26  43   9  22   0 0.00  0.0    0  4.3 10 270   M    M   2         M  M
 2  55  29  42   7  23   0 0.00  0.0    0  5.2 13 200   M    M   5         M  M
 3  46  40  43   8  22   0 0.06    M    0  6.8 12  30   M    M  10 1      18  30
 4  56  33  45   9  20   0 0.01    M    0 10.4 16 350   M    M   5        22  20
 5  47  29  38   2  27   0 0.00  0.0    0  3.7 14  20   M    M   2         M  M
 6  48  31  40   3  25   0 0.00  0.0    0 18.4 27 350   M    M   0        32 360
 7  55  27  41   4  24   0 0.00  0.0    0  6.4 15 360   M    M   0         M  M
 8  65  31  48  10  17   0 0.00  0.0    0  9.8 20 190   M    M   0        24 190
 9  71  48  60  22   5   0 0.00  0.0    0  8.6 18 160   M    M   5        23 160
10  55  31  43   4  22   0 0.69    M    0 13.1 23  50   M    M   9        31  50
11  37  29  33  -6  32   0 0.05    M    0  7.1 14 300   M    M   9         M  M
12  50  27  39  -1  26   0 0.00  0.0    0  3.8  9 200   M    M   6 1       M  M
13  50  38  44   4  21   0 0.13    M    0  6.0  9 130   M    M   8 1       M  M
14  59  33  46   5  19   0 0.00  0.0    0 11.9 18 140   M    M   5        24 140
15  64  45  55  14  10   0 0.27    M    0  8.1 17 200   M    M  10 1      23 200
16  62  41  52  10  13   0 0.00  0.0    0 12.9 31 280   M    M   4 1      38 280
17  52  35  44   2  21   0 0.00  0.0    0  5.3 13  90   M    M   7         M  M
18  58  29  44   1  21   0 0.00  0.0    0 12.0 18 160   M    M   7        28 160
19  59  40  50   7  15   0 0.61    M    0 10.5 24  70   M    M   8 1      30  70
20  44  37  41  -3  24   0 0.57    M    0 12.1 32 120   M    M  10 1      51 120
21  57  33  45   1  20   0 0.00  0.0    0 13.6 22 360   M    M   3        31 360
22  63  27  45   0  20   0 0.00  0.0    0  4.3 13 240   M    M   0        17 280
23  56  34  45   0  20   0 0.00  0.0    0  8.7 16 100   M    M   2        22 100
24  62  28  45   0  20   0 0.00  0.0    0 11.6 17 160   M    M   1        24 160
25  71  45  58  12   7   0 0.05    M    0 10.5 15 170   M    M   7        24 130
26  57  40  49   3  16   0 0.24    M    0 10.2 16 110   M    M  10 1      22  90
27  40  30  35 -12  30   0 0.35    M    0 11.3 16 260   M    M  10        20 260
28  45  28  37 -10  28   0 0.00  0.0    0  9.4 15 290   M    M   6        22 270
================================================================================
SM 1544  944       570   0  3.03     0.0 256.0          M      151
================================================================================
AV 55.1 33.7                               9.1 FASTST   M    M   5    MAX(MPH)
                                 MISC ---->  # 32 120               # 51  120
================================================================================
NOTES:
# LAST OF SEVERAL OCCURRENCES

COLUMN 17 PEAK WIND IN M.P.H.

PRELIMINARY LOCAL CLIMATOLOGICAL DATA (WS FORM: F-6) , PAGE 2

                                          STATION:  ANTIGO AWOS
                                          MONTH:    APRIL
                                          YEAR:     2017
                                          LATITUDE:   45  9 N
                                          LONGITUDE:  89  8 W

[TEMPERATURE DATA]      [PRECIPITATION DATA]       SYMBOLS USED IN COLUMN 16

AVERAGE MONTHLY: 44.4   TOTAL FOR MONTH:   3.03    1 = FOG OR MIST
DPTR FM NORMAL:   3.5   DPTR FM NORMAL:    0.85    2 = FOG REDUCING VISIBILITY
HIGHEST:    71 ON 25, 9 GRTST 24HR  0.69 ON 10-10      TO 1/4 MILE OR LESS
LOWEST:     26 ON  1                               3 = THUNDER
                        SNOW, ICE PELLETS, HAIL    4 = ICE PELLETS
                        TOTAL MONTH:   0.0 INCH    5 = HAIL
                        GRTST 24HR     0.0         6 = FREEZING RAIN OR DRIZZLE
                        GRTST DEPTH:   0           7 = DUSTSTORM OR SANDSTORM:
                                                       VSBY 1/2 MILE OR LESS
                                                   8 = SMOKE OR HAZE
[NO. OF DAYS WITH]      [WEATHER - DAYS WITH]      9 = BLOWING SNOW
                                                   X = TORNADO
MAX 32 OR BELOW:   0    0.01 INCH OR MORE:  11
MAX 90 OR ABOVE:   0    0.10 INCH OR MORE:   7
MIN 32 OR BELOW:  14    0.50 INCH OR MORE:   3
MIN  0 OR BELOW:   0    1.00 INCH OR MORE:   0

[HDD (BASE 65) ]
TOTAL THIS MO.   570    CLEAR  (SCALE 0-3)   9
DPTR FM NORMAL  -106    PTCLDY (SCALE 4-7)  12
TOTAL FM JUL 1  7346    CLOUDY (SCALE 8-10)  7
DPTR FM NORMAL -1194

[CDD (BASE 65) ]
TOTAL THIS MO.     0
DPTR FM NORMAL     0    [PRESSURE DATA]
TOTAL FM JAN 1     0    HIGHEST SLP M ON M
DPTR FM NORMAL     0    LOWEST  SLP M ON M

[REMARKS]
