000
CXUS51 KPHI 031355 CCA
CF6AIY

CXUS51 KPHI 031700
CF6AIY
PRELIMINARY LOCAL CLIMATOLOGICAL DATA (WS FORM F-6)

                                          STATION:   ATLANTIC CITY MARINA
                                          MONTH:     MAY
                                          YEAR:      2015
                                          LATITUDE:  39 23 N
                                          LONGITUDE: 74 25 W

TEMPERATURE IN F:       :PCPN:    SNOW:  WIND      :SUNSHINE:  SKY       :PK WND
================================================================================
1   2   3   4   5  6A  6B    7    8   9   10  11  12  13   14  15   16   17  18
                                     12Z  AVG MX 2MIN
DY MAX MIN AVG DEP HDD CDD  WTR  SNW DPTH SPD SPD DIR MIN PSBL S-S WX    SPD DR
================================================================================
1  52   47  50  -6  15  0   0.00  M   M   12.0 17  80   M   M   M   M     26  80
2  54   46  50  -6  15  0   0.00  M   M    7.1 13 120   M   M   M   M     19 120
3  60   50  55  -2  10  0   0.00  M   M    6.8 10 160   M   M   M   M     15 230
4  74   57  66   9   0  1   0.00  M   M   10.3 20 220   M   M   M   M     29 230
5  72   59  66   9   0  1   0.09  M   M   10.8 17 230   M   M   M   M     26 230
6  67   54  61   3   4  0   0.00  M   M    8.5 15  60   M   M   M   M     27  60
7  56   53  55  -3  10  0   0.00  M   M    5.3  8 130   M   M   M   M     12 120
8  65   54  60   2   5  0   0.00  M   M    5.1 10 170   M   M   M   M     15 170
9  63   57  60   1   5  0   0.17  M   M    5.6 10 100   M   M   M   M     14  60
10 70   58  64   5   1  0   0.00  M   M    7.0 11 210   M   M   M   M     22 200
11 71   63  67   8   0  2   0.00  M   M    8.9 13 180   M   M   M   M     22 180
12 84   63  74  15   0  9   0.05  M   M    8.8 18 290   M   M   M   M     33 290
13 76   54  65   5   0  0   0.00  M   M    8.9 14 330   M   M   M   M     28 320
14 60   50  55  -5  10  0   0.00  M   M    8.2 11 120   M   M   M   M     23 320
15 63   56  60   0   5  0   0.00  M   M    8.0 12 180   M   M   M   M     20 180
16 67   60  64   3   1  0   0.00  M   M   10.4 18 240   M   M   M   M     28 230
17 79   64  72  11   0  7   0.00  M   M    5.3  9 210   M   M   M   M     14 200
18 74   59  67   6   0  2   0.00  M   M    5.9 13  80   M   M   M   M     20  80
19 78   60  69   8   0  4   0.00  M   M    6.1 10 260   M   M   M   M     26 170
20 71   56  64   2   1  0   0.00  M   M    7.1 12 330   M   M   M   M     12 330
21 59   50  55  -7  10  0   0.59  M   M    5.0  9 140   M   M   M   M     15  30
22 73   50  62   0   3  0   0.00  M   M    8.8 16 280   M   M   M   M     34 290
23 65   53  59  -4   6  0   0.00  M   M    8.2 13 200   M   M   M   M     22 200
24 67   57  62  -1   3  0   0.00  M   M   11.6 17 220   M   M   M   M     26 230
25 70   62  66   3   0  1   0.00  M   M   11.7 16 220   M   M   M   M     28 220
26 69   63  66   2   0  1   0.00  M   M   13.5 17 220   M   M   M   M     32 220
27 68   64  66   2   0  1   0.00  M   M   14.1 18 210   M   M   M   M     32 210
28 69   64  67   3   0  2   0.00  M   M   11.4 16 230   M   M   M   M     23 240
29 70   63  67   2   0  2   0.00  M   M    7.3 14  90   M   M   M   M     19 100
30 72   64  68   3   0  3   0.00  M   M    9.9 14 210   M   M   M   M     24 200
31 71   66  69   4   0  4   0.00  M   M   11.4 14 210   M   M   M   M     27 210

================================================================================
SM 2109 1776        104 40  0.90          269.7         M
================================================================================
AV 68  57                               M FASTST   M    M   M    MAX(MPH)
                                 MISC ---->  # M M              # M  M
================================================================================
NOTES:
# LAST OF SEVERAL OCCURRENCES

COLUMN 17 PEAK WIND IN M.P.H.

PRELIMINARY LOCAL CLIMATOLOGICAL DATA (WS FORM: F-6) , PAGE 2

                                          STATION:  ATLANTIC CITY MARINA
                                          MONTH:    MAY
                                          YEAR:     2015
                                          LATITUDE:   39 23 N
                                          LONGITUDE:  74 26 W

[TEMPERATURE DATA]      [PRECIPITATION DATA]       SYMBOLS USED IN COLUMN 16

AVERAGE MONTHLY: 62.7   TOTAL FOR MONTH:   0.90    1 = FOG OR MIST
DPTR FM NORMAL:   2.1   DPTR FM NORMAL:   -2.32    2 = FOG REDUCING VISIBILITY
HIGHEST:     84 ON 12   GRTST 24HR  0.59 ON 21ST       TO 1/4 MILE OR LESS
LOWEST:      46 ON 2ND                             3 = THUNDER
                        SNOW, ICE PELLETS, HAIL    4 = ICE PELLETS
                        TOTAL MONTH:  M            5 = HAIL
                        GRTST 24HR    M            6 = FREEZING RAIN OR DRIZZLE
                        GRTST DEPTH:  M            7 = DUSTSTORM OR SANDSTORM:
                                                       VSBY 1/2 MILE OR LESS
                                                   8 = SMOKE OR HAZE
[NO. OF DAYS WITH]      [WEATHER - DAYS WITH]      9 = BLOWING SNOW
                                                   X = TORNADO
MAX 32 OR BELOW:   0    0.01 INCH OR MORE:   4
MAX 70 OR ABOVE:  15    0.10 INCH OR MORE:   2
MIN 32 OR BELOW:   0    0.50 INCH OR MORE:   1
MIN  0 OR BELOW:   0    1.00 INCH OR MORE:   0

[HDD (BASE 65) ]
TOTAL THIS MO.   104   CLEAR  (SCALE 0-3)  M
DPTR FM NORMAL    67   PTCLDY (SCALE 4-7)  M
TOTAL FM JUL 1     M   CLOUDY (SCALE 8-10) M
DPTR FM NORMAL     M

[CDD (BASE 65) ]
TOTAL THIS MO.    40
DPTR FM NORMAL     7    [PRESSURE DATA]
TOTAL FM JAN 1     M    HIGHEST SLP M ON M
DPTR FM NORMAL     M    LOWEST  SLP M ON M

[REMARKS]
TRACES OF PRECIPITATION NOT RECORDED
