937
CXAK56 PAKN 271313
CF6AKN

PRELIMINARY LOCAL CLIMATOLOGICAL DATA (WS FORM: F-6)

                                          STATION:   KING SALMON
                                          MONTH:     05
                                          YEAR:      2016
                                          LATITUDE:   58 41 N
                                          LONGITUDE: 156 39 W

  TEMPERATURE IN F:       :PCPN:    SNOW:  WIND      :SUNSHINE: SKY     :PK WND
================================================================================
1   2   3   4   5  6A  6B    7     8   9   10  11  12  13   14  15   16  17  18
                                      12Z  AVG MX 2MIN
DY MAX MIN AVG DEP HDD CDD  WTR   SNW DPTH SPD SPD DIR MIN PSBL S-S WX   SPD DR
================================================================================

 1  58  34  46   6  19   0  0.14  0.0   0  5.1 18   30   M    M   M       23  30
 2  54  37  46   6  19   0  0.17  0.0   0  7.1 15  210   M    M   M 2     20 210
 3  53  35  44   4  21   0  0.36  0.0   0  5.6 17  170   M    M   M 2     21 200
 4  54  35  45   4  20   0  0.04  0.0   0  6.1 22  190   M    M   M       27 190
 5  54  34  44   3  21   0  0.02  0.0   0 10.7 21   90   M    M   M       29  80
 6  57  40  49   8  16   0  0.01  0.0   0  4.8 15   70   M    M   M       22  80
 7  54  40  47   5  18   0  0.06  0.0   0 12.5 28  170   M    M   M 1     36 170
 8  52  43  48   6  17   0  0.09  0.0   0 19.8 30  160   M    M   M 1     38 160
 9  55  43  49   7  16   0  0.04  0.0   0 16.8 31  160   M    M   M       37 160
10  54  44  49   6  16   0  0.20  0.0   0 15.1 31  160   M    M   M       42 150
11  53  47  50   7  15   0  0.28  0.0   0 14.6 24  160   M    M   M 1     32 170
12  51  46  49   6  16   0  0.57  0.0   0  6.1 12  180   M    M   M 1     16 180
13  71  46  59  15   6   0  0.01  0.0   0  6.1 14  290   M    M   M 1     16 290
14  73  38  56  12   9   0  0.00  0.0   0  5.1 21  200   M    M   M       29 110
15  73  36  55  11  10   0  0.00  0.0   0  6.0 18  100   M    M   M       22 100
16  69  34  52   8  13   0  0.00  0.0   0  7.4 22  110   M    M   M 1     29 110
17  56  42  49   4  16   0  0.20  0.0   0  7.9 16  230   M    M   M 1     21 200
18  46  35  41  -4  24   0  0.04  0.0   0 10.1 17  210   M    M   M 1     23 220
19  53  33  43  -2  22   0  0.15  0.0   0  4.8 16  160   M    M   M 1     20 170
20  58  44  51   6  14   0  0.41  0.0   0 10.6 35  160   M    M   M 1     44 150
21  52  39  46   0  19   0     T  0.0   0 15.2 26  240   M    M   M 1     34 240
22  50  35  43  -3  22   0  0.26  0.0   0 11.3 22  210   M    M   M 1     29 190
23  50  37  44  -2  21   0     T  0.0   0  7.9 13  230   M    M   M       16 250
24  53  42  48   2  17   0  0.00  0.0   0  9.0 16  260   M    M   M       20 270
25  53  44  49   2  16   0     T  0.0   0  7.5 13  260   M    M   M 1     15 270
26  72  38  55   8  10   0  0.00  0.0   0  6.0 18   20   M    M   M 1     24  20
================================================================================
SM 1478 1021       433   0  3.05 0.0    239.2           M        M
================================================================================
AV 56.8 39.3                              9.2 FASTST  PSBL  %   M    MAX(MPH)
                                 MISC ---->     35  160                 44 150
================================================================================
NOTES:
# LAST OF SEVERAL OCCURRENCES

COLUMN 17 PEAK WIND IN M.P.H.

PRELIMINARY LOCAL CLIMATOLOGICAL DATA (WS FORM: F-6) , PAGE 2

                                          STATION:   KING SALMON
                                          MONTH:     05
                                          YEAR:      2016
                                          LATITUDE:  58 41 N
                                          LONGITUDE: 156 39 W

[TEMPERATURE DATA]      [PRECIPITATION DATA]       SYMBOLS USED IN COLUMN 16

AVERAGE MONTHLY:48.1   TOTAL FOR MONTH: 3.05       1 = FOG
DPTR FM NORMAL:  4.6   DPTR FM NORMAL: 2.03       2 = FOG REDUCING VISIBILITY
HIGHEST:    73 ON 15    GRTST 24HR   0.57 ON 12        TO 1/4 MILE OR LESS
LOWEST:     33 ON 19                               3 = THUNDER
                        SNOW, ICE PELLETS, HAIL    4 = ICE PELLETS
                        TOTAL MONTH: 0.0         5 = HAIL
                        GRTST 24HR   0.0           6 = GLAZE OR RIME
                        GRTST DEPTH:    0          7 = BLOWING DUST OR SAND:
                                                       VSBY 1/2 MILE OR LESS
                                                   8 = SMOKE OR HAZE
[NO. OF DAYS WITH]      [WEATHER - DAYS WITH]      9 = BLOWING SNOW
                                                   X = TORNADO
MAX 32 OR BELOW:   0    0.01 INCH OR MORE:  18
MAX 70 OR ABOVE:   4    0.10 INCH OR MORE:  10
MIN 32 OR BELOW:   0    0.50 INCH OR MORE:   1
MIN  0 OR BELOW:   0    1.00 INCH OR MORE:   0

[HDD (BASE 65) ]
TOTAL THIS MO.   433    CLEAR  (SCALE 0-3)   M
DPTR FM NORMAL  -125    PTCLDY (SCALE 4-7)   M
SEASONAL TOTAL  7999    CLOUDY (SCALE 8-10)  M
DPTR FM NORMAL -2382

[CDD (BASE 65) ]
TOTAL THIS MO.     0
DPTR FM NORMAL     0    [PRESSURE DATA]
SEASONAL TOTAL     0    HIGHEST SLP     M
DPTR FM NORMAL     0    LOWEST  SLP     M

[REMARKS]
