000
CXUS55 KBOU 310757
CF6AKO
PRELIMINARY LOCAL CLIMATOLOGICAL DATA (WS FORM: F-6)

                                          STATION:   AKRON CO
                                          MONTH:     AUGUST
                                          YEAR:      2016
                                          LATITUDE:   40 10 N
                                          LONGITUDE: 103 13 W

  TEMPERATURE IN F:       :PCPN:    SNOW:  WIND      :SUNSHINE: SKY     :PK WND
================================================================================
1   2   3   4   5  6A  6B    7    8   9   10  11  12  13   14  15   16   17  18
                                     12Z  AVG MX 2MIN
DY MAX MIN AVG DEP HDD CDD  WTR  SNW DPTH SPD SPD DIR MIN PSBL S-S WX    SPD DR
================================================================================

 1  94  61  78   4   0  13 0.00    M    M  7.8 15 340   M    M   0        21 290
 2  90  61  76   2   0  11 0.80    M    M 11.5 32 140   M    M   3 123    38 360
 3  92  61  77   3   0  12    T    M    M 11.1 26 160   M    M   1        39 160
 4  79  64  72  -2   0   7 0.00    M    M 14.0 32  30   M    M   2        41  30
 5  75  61  68  -6   0   3    T    M    M 12.8 21 120   M    M   7        27 140
 6  74  59  67  -7   0   2 0.01    M    M 13.0 18 110   M    M  10 1      23 130
 7  82  63  73   0   0   8 0.00    M    M 13.8 24 130   M    M   6 12     36 110
 8  89  65  77   4   0  12 0.00    M    M 12.5 20 170   M    M   2        26 160
 9  96  58  77   4   0  12 0.00    M    M 11.3 25 150   M    M   0        34 140
10  95  63  79   6   0  14 0.02    M    M  8.1 33 220   M    M   1 3      45 230
11  88  59  74   1   0   9 0.52    M    M 13.9 40 290   M    M   2 13     52 290
12  81  55  68  -5   0   3 0.00    M    M  8.9 18 360   M    M   0        22 360
13  87  59  73   0   0   8    T    M    M 11.3 23 220   M    M   1 3      28 120
14  88  54  71  -2   0   6 0.00    M    M 10.5 21 130   M    M   0        27 200
15  90  63  77   5   0  12 0.00    M    M 10.8 23 280   M    M   0        29 280
16  89  55  72   0   0   7    T    M    M  7.3 20 100   M    M   1 3      28 130
17  92  58  75   3   0  10 0.00    M    M 10.1 23 150   M    M   0        32 190
18  93  58  76   4   0  11    T    M    M 12.9 35 310   M    M   2        43 360
19  77  51  64  -8   1   0 0.01    M    M 12.7 37 350   M    M   8        44 340
20  74  40  57 -15   8   0 0.00    M    M  7.0 15 360   M    M   1 1      18 360
21  89  53  71  -1   0   6 0.00    M    M  8.7 17 200   M    M   0        22 210
22  89  57  73   2   0   8 0.00    M    M 11.7 21 150   M    M   0        28 150
23  91  53  72   1   0   7 0.00    M    M 11.4 24 360   M    M   0        32  20
24  72  51  62  -9   3   0    T    M    M  7.5 16 120   M    M   6        20 110
25  77  47  62  -9   3   0 0.00    M    M  9.9 21 140   M    M   2        26 130
26  73  54  64  -6   1   0 0.03    M    M 11.4 18  50   M    M   4 3      23  40
27  82  46  64  -6   1   0 0.00    M    M  7.0 22 140   M    M   1 1      29 140
28  88  56  72   2   0   7 0.00    M    M 10.7 22 300   M    M   1        29 290
29  80  58  69  -1   0   4 0.00    M    M  8.6 20 260   M    M   1        24 260
30  82  54  68  -2   0   3    T    M    M  7.9 24  40   M    M   3 123    29  50
================================================================================
SM 2548 1697        17 195  1.39    M    316.1          M       65
================================================================================
AV 84.9 56.6                              10.5 FASTST   M    M   2    MAX(MPH)
                                 MISC ---->  # 40 290               # 52  290
================================================================================
NOTES:
# LAST OF SEVERAL OCCURRENCES

COLUMN 17 PEAK WIND IN M.P.H.

PRELIMINARY LOCAL CLIMATOLOGICAL DATA (WS FORM: F-6) , PAGE 2

                                          STATION:  AKRON CO
                                          MONTH:    AUGUST
                                          YEAR:     2016
                                          LATITUDE:   40 10 N
                                          LONGITUDE: 103 13 W

[TEMPERATURE DATA]      [PRECIPITATION DATA]       SYMBOLS USED IN COLUMN 16

AVERAGE MONTHLY: 70.8   TOTAL FOR MONTH:   1.39    1 = FOG OR MIST
DPTR FM NORMAL:  -1.4   DPTR FM NORMAL:   -0.85    2 = FOG REDUCING VISIBILITY
HIGHEST:    96 ON  9    GRTST 24HR  0.80 ON  2- 2      TO 1/4 MILE OR LESS
LOWEST:     40 ON 20                               3 = THUNDER
                        SNOW, ICE PELLETS, HAIL    4 = ICE PELLETS
                        TOTAL MONTH:    M          5 = HAIL
                        GRTST 24HR    M  ON   M    6 = FREEZING RAIN OR DRIZZLE
                        GRTST DEPTH:  M  ON   M    7 = DUSTSTORM OR SANDSTORM:
                                                       VSBY 1/2 MILE OR LESS
                                                   8 = SMOKE OR HAZE
[NO. OF DAYS WITH]      [WEATHER - DAYS WITH]      9 = BLOWING SNOW
                                                   X = TORNADO
MAX 32 OR BELOW:   0    0.01 INCH OR MORE:   6
MAX 90 OR ABOVE:   9    0.10 INCH OR MORE:   2
MIN 32 OR BELOW:   0    0.50 INCH OR MORE:   2
MIN  0 OR BELOW:   0    1.00 INCH OR MORE:   0

[HDD (BASE 65) ]
TOTAL THIS MO.    17    CLEAR  (SCALE 0-3)  24
DPTR FM NORMAL     9    PTCLDY (SCALE 4-7)   5
TOTAL FM JUL 1    17    CLOUDY (SCALE 8-10)  1
DPTR FM NORMAL     2

[CDD (BASE 65) ]
TOTAL THIS MO.   195
DPTR FM NORMAL   -34    [PRESSURE DATA]
TOTAL FM JAN 1   701    HIGHEST SLP M ON M
DPTR FM NORMAL    31    LOWEST  SLP 29.62 ON  9

[REMARKS]
