000
CXUS55 KALY 170710
CF6ALB
PRELIMINARY LOCAL CLIMATOLOGICAL DATA (WS FORM: F-6)

                                          STATION:   ALBANY NY
                                          MONTH:     AUGUST
                                          YEAR:      2017
                                          LATITUDE:   42 45 N
                                          LONGITUDE:  73 48 W

  TEMPERATURE IN F:       :PCPN:    SNOW:  WIND      :SUNSHINE: SKY     :PK WND
================================================================================
1   2   3   4   5  6A  6B    7    8   9   10  11  12  13   14  15   16   17  18
                                     12Z  AVG MX 2MIN
DY MAX MIN AVG DEP HDD CDD  WTR  SNW DPTH SPD SPD DIR MIN PSBL S-S WX    SPD DR
================================================================================

 1  87  62  75   3   0  10 0.00  0.0    0  2.3  8 210   M    M   1        14  60
 2  85  64  75   3   0  10    T  0.0    0  3.6 16 270   M    M   6 1      21 280
 3  86  65  76   4   0  11    T  0.0    0  5.3 14 170   M    M   5        17 160
 4  84  70  77   5   0  12    T  0.0    0 11.9 24 180   M    M   6        33 170
 5  80  62  71  -1   0   6 0.74  0.0    0  9.5 26 290   M    M   8 13     35 280
 6  76  54  65  -7   0   0 0.00  0.0    0  8.4 18 280   M    M   5        24 300
 7  72  57  65  -6   0   0 0.25  0.0    0  5.8 21 170   M    M   8 1      29 160
 8  80  58  69  -2   0   4 0.01  0.0    0  6.8 18 270   M    M   6 1      22 290
 9  84  53  69  -2   0   4 0.00  0.0    0  3.2 10 240   M    M   3        14 200
10  85  60  73   2   0   8 0.00  0.0    0  3.3 12 180   M    M   4 1      15 170
11  78  64  71   0   0   6 0.09  0.0    0  7.6 17 170   M    M   8        24 180
12  81  63  72   1   0   7 0.59  0.0    0  9.1 18 190   M    M   8 13     25 180
13  82  63  73   2   0   8 0.00  0.0    0  5.6 14 280   M    M   6 1      19 320
14  79  57  68  -3   0   3 0.00  0.0    0  1.9 10 170   M    M   7        13 180
15  79  64  72   1   0   7 0.01  0.0    0  5.7 13 170   M    M   8        17 160
16  83  60  72   2   0   7 0.00  0.0    0  6.2 20 290   M    M   5        24 290
================================================================================
SM 1301  976         0 103  1.69     0.0  96.2          M       94
================================================================================
AV 81.3 61.0                               6.0 FASTST   M    M   6    MAX(MPH)
                                 MISC ---->  # 26 290               # 35  280
================================================================================
NOTES:
# LAST OF SEVERAL OCCURRENCES

COLUMN 17 PEAK WIND IN M.P.H.

PRELIMINARY LOCAL CLIMATOLOGICAL DATA (WS FORM: F-6) , PAGE 2

                                          STATION:  ALBANY NY
                                          MONTH:    AUGUST
                                          YEAR:     2017
                                          LATITUDE:   42 45 N
                                          LONGITUDE:  73 48 W

[TEMPERATURE DATA]      [PRECIPITATION DATA]       SYMBOLS USED IN COLUMN 16

AVERAGE MONTHLY: 71.2   TOTAL FOR MONTH:   1.69    1 = FOG OR MIST
DPTR FM NORMAL:  -0.2   DPTR FM NORMAL:   -0.23    2 = FOG REDUCING VISIBILITY
HIGHEST:    87 ON  1    GRTST 24HR  0.74 ON  5- 5      TO 1/4 MILE OR LESS
LOWEST:     53 ON  9                               3 = THUNDER
                        SNOW, ICE PELLETS, HAIL    4 = ICE PELLETS
                        TOTAL MONTH:   0.0 INCH    5 = HAIL
                        GRTST 24HR     0.0         6 = FREEZING RAIN OR DRIZZLE
                        GRTST DEPTH:   0           7 = DUSTSTORM OR SANDSTORM:
                                                       VSBY 1/2 MILE OR LESS
                                                   8 = SMOKE OR HAZE
[NO. OF DAYS WITH]      [WEATHER - DAYS WITH]      9 = BLOWING SNOW
                                                   X = TORNADO
MAX 32 OR BELOW:   0    0.01 INCH OR MORE:   6
MAX 90 OR ABOVE:   0    0.10 INCH OR MORE:   3
MIN 32 OR BELOW:   0    0.50 INCH OR MORE:   2
MIN  0 OR BELOW:   0    1.00 INCH OR MORE:   0

[HDD (BASE 65) ]
TOTAL THIS MO.     0    CLEAR  (SCALE 0-3)   1
DPTR FM NORMAL     0    PTCLDY (SCALE 4-7)  14
TOTAL FM JUL 1     2    CLOUDY (SCALE 8-10)  1
DPTR FM NORMAL    -3

[CDD (BASE 65) ]
TOTAL THIS MO.   103
DPTR FM NORMAL    -2    [PRESSURE DATA]
TOTAL FM JAN 1   520    HIGHEST SLP M ON M
DPTR FM NORMAL    49    LOWEST  SLP 29.80 ON  5

[REMARKS]
