000
CXUS54 KEPZ 291200
CF6ALM
PRELIMINARY LOCAL CLIMATOLOGICAL DATA (WS FORM: F-6)

                                          STATION:   ALAMOGORDO
                                          MONTH:     JULY
                                          YEAR:      2015
                                          LATITUDE:   32 49 N
                                          LONGITUDE: 106  0 W

  TEMPERATURE IN F:       :PCPN:    SNOW:  WIND      :SUNSHINE: SKY     :PK WND
================================================================================
1   2   3   4   5  6A  6B    7    8   9   10  11  12  13   14  15   16   17  18
                                     12Z  AVG MX 2MIN
DY MAX MIN AVG DEP HDD CDD  WTR  SNW DPTH SPD SPD DIR MIN PSBL S-S WX    SPD DR
================================================================================

 1  95  64  80   M   0  15 0.00  0.0    0  5.3 12 200   M    M   0         M  M
 2  99  64  82   M   0  17 0.00  0.0    0  7.8 28 280   M    M   1 3      32 300
 3  91  70  81   M   0  16 0.00  0.0    0  7.7 15 100   M    M   2 3      23 100
 4  93  64  79   M   0  14 0.00  0.0    0  5.6 13 240   M    M   1 3      18 120
 5  93  66  80   M   0  15 0.00  0.0    0  7.8 16 220   M    M   1        21 150
 6  93  68  81   M   0  16 0.00  0.0    0  5.3 14 330   M    M   2        18 250
 7  91  63  77   M   0  12 0.78  0.0    0 10.1 29 260   M    M   2 3      46 260
 8  88  59  74   M   0   9 0.00  0.0    0  3.2  6 170   M    M   0         M  M
 9  86  63  75   M   0  10 0.61  0.0    M  6.8 22 140   M    M   3 38     33 140
10  84  64  74   M   0   9 0.29  0.0    0  5.2 13  10   M    M   2 3      24 110
11  90  63  77   M   0  12 0.11  0.0    0  5.9 13 140   M    M   1        16 140
12  95  68  82   M   0  17 0.00  0.0    0  5.9 14 170   M    M   0 3      22 190
13  97  66  82   M   0  17 0.11  0.0    0  5.6 14 360   M    M   1        20 360
14  93  72  83   M   0  18    T  0.0    0  8.1 15 330   M    M   1        24 330
15  93  66  80   M   0  15 0.00  0.0    0  5.5 13 330   M    M   0        18 300
16  93  68  81   M   0  16 0.00  0.0    0  5.1 18 360   M    M   0        23 360
17  93  68  81   M   0  16 0.00  0.0    0  7.3 17 160   M    M   2 8      23 160
18  95  66  81   M   0  16 0.00  0.0    0  5.9 12 210   M    M   0        16 250
19  93  73  83   M   0  18 0.00  0.0    0  7.2 21 290   M    M   2 3      24 290
20  95  66  81   M   0  16 0.00  0.0    0  6.4 17 240   M    M   1 3      25 240
21  93  66  80   M   0  15 0.01  0.0    0  8.4 29 210   M    M   2 8      40 170
22  91  66  79   M   0  14 0.00  0.0    0  6.4 15 290   M    M   1 3      25 340
23  95  64  80   M   0  15 0.00  0.0    0  5.4 10 220   M    M   0        18 220
24  99  73  86   M   0  21 0.00  0.0    0  7.3 18 160   M    M   1 3      25 160
25  99  68  84   M   0  19 0.00  0.0    0  5.9  9  20   M    M   1 3      16  40
26  99  70  85   M   0  20 0.02  0.0    0  8.3 31 130   M    M   2 3      36 130
27  99  68  84   M   0  19 0.00  0.0    0  7.0 13 190   M    M   1 3      23 170
28  99  72  86   M   0  21 0.20  0.0    0  8.9 21 250   M    M   3 3      29 250
================================================================================
SM 2624 1868         0 438  2.13     0.0 185.3          M       33
================================================================================
AV 93.7 66.7                               6.6 FASTST   M    M   1    MAX(MPH)
                                 MISC ---->    31   M               # 46  260
================================================================================
NOTES:
# LAST OF SEVERAL OCCURRENCES

COLUMN 17 PEAK WIND IN M.P.H.

PRELIMINARY LOCAL CLIMATOLOGICAL DATA (WS FORM: F-6) , PAGE 2

                                          STATION:  ALAMOGORDO
                                          MONTH:    JULY
                                          YEAR:     2015
                                          LATITUDE:   32 49 N
                                          LONGITUDE: 106  0 W

[TEMPERATURE DATA]      [PRECIPITATION DATA]       SYMBOLS USED IN COLUMN 16

AVERAGE MONTHLY: 80.2   TOTAL FOR MONTH:   2.13    1 = FOG OR MIST
DPTR FM NORMAL:     M   DPTR FM NORMAL:       M    2 = FOG REDUCING VISIBILITY
HIGHEST:    99 ON 28,27 GRTST 24HR  0.78 ON  7- 7      TO 1/4 MILE OR LESS
LOWEST:     59 ON  8                               3 = THUNDER
                        SNOW, ICE PELLETS, HAIL    4 = ICE PELLETS
                        TOTAL MONTH:   0.0 INCH    5 = HAIL
                        GRTST 24HR     0.0         6 = FREEZING RAIN OR DRIZZLE
                        GRTST DEPTH:   0           7 = DUSTSTORM OR SANDSTORM:
                                                       VSBY 1/2 MILE OR LESS
                                                   8 = SMOKE OR HAZE
[NO. OF DAYS WITH]      [WEATHER - DAYS WITH]      9 = BLOWING SNOW
                                                   X = TORNADO
MAX 32 OR BELOW:   0    0.01 INCH OR MORE:   8
MAX 90 OR ABOVE:  25    0.10 INCH OR MORE:   6
MIN 32 OR BELOW:   0    0.50 INCH OR MORE:   2
MIN  0 OR BELOW:   0    1.00 INCH OR MORE:   0

[HDD (BASE 65) ]
TOTAL THIS MO.     0    CLEAR  (SCALE 0-3)  27
DPTR FM NORMAL     M    PTCLDY (SCALE 4-7)   1
TOTAL FM JUL 1     0    CLOUDY (SCALE 8-10)  0
DPTR FM NORMAL     M

[CDD (BASE 65) ]
TOTAL THIS MO.   438
DPTR FM NORMAL     M    [PRESSURE DATA]
TOTAL FM JAN 1   994    HIGHEST SLP M ON M
DPTR FM NORMAL     M    LOWEST  SLP M ON M

[REMARKS]
