000
CXUS55 KPUB 241059
CF6ALS
PRELIMINARY LOCAL CLIMATOLOGICAL DATA (WS FORM: F-6)

                                          STATION:   ALAMOSA CO
                                          MONTH:     JUNE
                                          YEAR:      2017
                                          LATITUDE:   37 27 N
                                          LONGITUDE: 105 52 W

  TEMPERATURE IN F:       :PCPN:    SNOW:  WIND      :SUNSHINE: SKY     :PK WND
================================================================================
1   2   3   4   5  6A  6B    7    8   9   10  11  12  13   14  15   16   17  18
                                     12Z  AVG MX 2MIN
DY MAX MIN AVG DEP HDD CDD  WTR  SNW DPTH SPD SPD DIR MIN PSBL S-S WX    SPD DR
================================================================================

 1  72  37  55  -1  10   0 0.08  0.0    0  7.1 22 210   M    M   3        26 200
 2  74  42  58   2   7   0 0.07  0.0    0  6.1 18  50   M    M   3 3      25 340
 3  74  39  57   1   8   0 0.00  0.0    0  5.4 21 100   M    M   2        26  90
 4  81  44  63   7   2   0    T  0.0    0  6.3 17 220   M    M   1        35 140
 5  81  47  64   7   1   0    T  0.0    0  7.9 31 270   M    M   2 3      37 280
 6  80  46  63   6   2   0 0.00  0.0    0  8.9 36 280   M    M   1 3      40 270
 7  78  44  61   4   4   0 0.00  0.0    0  7.6 43 260   M    M   2 8      53 260
 8  82  42  62   4   3   0 0.00  0.0    0  7.8 26 230   M    M   1        33 240
 9  83  38  61   3   4   0 0.00  0.0    0  7.6 23 250   M    M   0        32 240
10  85  46  66   8   0   1 0.00  0.0    0 10.7 24 190   M    M   0        38 210
11  81  40  61   3   4   0 0.00  0.0    0 10.1 26 230   M    M   0        31 230
12  82  38  60   1   5   0 0.00  0.0    0 16.2 33 220   M    M   0        42 220
13  72  39  56  -3   9   0 0.00  0.0    0 16.1 28 250   M    M   0        37 310
14  82  32  57  -2   8   0 0.00  0.0    0  7.9 30 240   M    M   0        35 240
15  84  33  59  -1   6   0 0.00  0.0    0  6.5 21 220   M    M   0        28 210
16  86  36  61   1   4   0 0.00  0.0    0  5.2 16 350   M    M   0        22 340
17  89  42  66   6   0   1 0.00  0.0    0  6.3 17 100   M    M   0        23 110
18  88  46  67   7   0   2 0.00  0.0    0  5.2 14 230   M    M   1        21 250
19  87  45  66   5   0   1 0.00  0.0    0  7.2 20 110   M    M   0        26 120
20  90  48  69   8   0   4 0.00  0.0    0  6.9 21 230   M    M   0        26 230
21  90  51  71  10   0   6 0.00  0.0    0  8.3 32 240   M    M   1        36 240
22  84  45  65   4   0   0 0.04  0.0    0  8.1 45 280   M    M   0 38     54 270
23  88  45  67   5   0   2 0.00  0.0    0  8.0 22  10   M    M   0        29  10
================================================================================
SM 1893  965        77  17  0.19     0.0 187.4          M       17
================================================================================
AV 82.3 42.0                               8.1 FASTST   M    M   1    MAX(MPH)
                                 MISC ---->  # 45 280               # 54  270
================================================================================
NOTES:
# LAST OF SEVERAL OCCURRENCES

COLUMN 17 PEAK WIND IN M.P.H.

PRELIMINARY LOCAL CLIMATOLOGICAL DATA (WS FORM: F-6) , PAGE 2

                                          STATION:  ALAMOSA CO
                                          MONTH:    JUNE
                                          YEAR:     2017
                                          LATITUDE:   37 27 N
                                          LONGITUDE: 105 52 W

[TEMPERATURE DATA]      [PRECIPITATION DATA]       SYMBOLS USED IN COLUMN 16

AVERAGE MONTHLY: 62.1   TOTAL FOR MONTH:   0.19    1 = FOG OR MIST
DPTR FM NORMAL:   3.4   DPTR FM NORMAL:   -0.16    2 = FOG REDUCING VISIBILITY
HIGHEST:    90 ON 21,20 GRTST 24HR  0.08 ON  1- 1      TO 1/4 MILE OR LESS
LOWEST:     32 ON 14                               3 = THUNDER
                        SNOW, ICE PELLETS, HAIL    4 = ICE PELLETS
                        TOTAL MONTH:   0.0 INCH    5 = HAIL
                        GRTST 24HR     0.0         6 = FREEZING RAIN OR DRIZZLE
                        GRTST DEPTH:   0           7 = DUSTSTORM OR SANDSTORM:
                                                       VSBY 1/2 MILE OR LESS
                                                   8 = SMOKE OR HAZE
[NO. OF DAYS WITH]      [WEATHER - DAYS WITH]      9 = BLOWING SNOW
                                                   X = TORNADO
MAX 32 OR BELOW:   0    0.01 INCH OR MORE:   3
MAX 90 OR ABOVE:   2    0.10 INCH OR MORE:   0
MIN 32 OR BELOW:   1    0.50 INCH OR MORE:   0
MIN  0 OR BELOW:   0    1.00 INCH OR MORE:   0

[HDD (BASE 65) ]
TOTAL THIS MO.    77    CLEAR  (SCALE 0-3)  23
DPTR FM NORMAL   -71    PTCLDY (SCALE 4-7)   0
TOTAL FM JUL 1  7686    CLOUDY (SCALE 8-10)  0
DPTR FM NORMAL  -888

[CDD (BASE 65) ]
TOTAL THIS MO.    17
DPTR FM NORMAL    17    [PRESSURE DATA]
TOTAL FM JAN 1    17    HIGHEST SLP M ON M
DPTR FM NORMAL    17    LOWEST  SLP 29.63 ON 10

[REMARKS]
