000
CXUS55 KPUB 301059
CF6ALS
PRELIMINARY LOCAL CLIMATOLOGICAL DATA (WS FORM: F-6)

                                          STATION:   ALAMOSA CO
                                          MONTH:     APRIL
                                          YEAR:      2016
                                          LATITUDE:   37 27 N
                                          LONGITUDE: 105 52 W

  TEMPERATURE IN F:       :PCPN:    SNOW:  WIND      :SUNSHINE: SKY     :PK WND
================================================================================
1   2   3   4   5  6A  6B    7    8   9   10  11  12  13   14  15   16   17  18
                                     12Z  AVG MX 2MIN
DY MAX MIN AVG DEP HDD CDD  WTR  SNW DPTH SPD SPD DIR MIN PSBL S-S WX    SPD DR
================================================================================

 1  47   8  28 -10  37   0 0.00  0.0    0  5.0 15 320   M    M   3 12     20 360
 2  56  15  36  -2  29   0 0.00  0.0    0  5.5 15 270   M    M   0        20 190
 3  65  17  41   3  24   0 0.00  0.0    0  4.7 17 340   M    M   1        22 340
 4  66  21  44   5  21   0 0.00  0.0    0  5.3 16 250   M    M   1        21 240
 5  67  25  46   7  19   0 0.00  0.0    0 16.0 52 330   M    M   2        64 330
 6  65  14  40   1  25   0 0.00  0.0    0  7.3 22 340   M    M   0        27 330
 7  69  24  47   8  18   0 0.00  0.0    0  7.3 21 130   M    M   0        27 110
 8  60  30  45   5  20   0 0.00  0.0    0  8.8 22 210   M    M   4        27 210
 9  65  31  48   8  17   0 0.00  0.0    0 10.4 32 260   M    M   2        40 270
10  66  30  48   8  17   0 0.00  0.0    0  7.2 26 200   M    M   2        34 210
11  60  33  47   7  18   0    T  0.0    0  7.4 21 170   M    M   6        27  90
12  60  26  43   2  22   0    T  0.0    0  7.5 29  40   M    M   3        34  40
13  65  25  45   4  20   0 0.00  0.0    0  5.8 25 250   M    M   1 1      34 250
14  68  28  48   7  17   0 0.00  0.0    0 12.9 33 260   M    M   2        45 260
15  62  35  49   7  16   0 0.02  0.0    0 13.6 41 180   M    M   2 18     50 170
16  37  21  29 -13  36   0 0.65  7.0    2 12.5 24 120   M    M   9 12     34 130
17  42  12  27 -15  38   0 0.32  2.5    3  5.8 12 290   M    M   3 12     15 280
18  37  27  32 -10  33   0 0.29  3.1    4  3.5 15 200   M    M  10 18     20 190
19  45  22  34  -9  31   0 0.00  0.0    1  5.5 16 220   M    M   4 12     22 260
20  53  25  39  -4  26   0 0.01  0.0    0  4.6 16 280   M    M   5        22 280
21  63  24  44   1  21   0 0.00  0.0    0  3.6 14 120   M    M   0        16 120
22  70  30  50   6  15   0 0.00  0.0    0  7.3 22 230   M    M   1        32 210
23  70  37  54  10  11   0    T  0.0    0 16.4 39 230   M    M   2 8      56 200
24  66  25  46   2  19   0 0.00  0.0    0  8.2 25 250   M    M   0        36 310
25  65  31  48   3  17   0    T  0.0    0 15.5 39 190   M    M   3 3      51 190
26  52  28  40  -5  25   0    T    T    0  8.9 28 250   M    M   4        36 250
27  59  22  41  -4  24   0 0.00  0.0    0  6.5 23 250   M    M   6        27 250
28  59  36  48   2  17   0 0.06  0.0    0 13.5 32 200   M    M   9 13     40 190
29  39  31  35 -11  30   0 0.36  2.6    T  6.9 21 100   M    M  10 1      29  90
================================================================================
SM 1698  733       663   0  1.71    15.2 243.4          M       95
================================================================================
AV 58.6 25.3                               8.4 FASTST   M    M   3    MAX(MPH)
                                 MISC ---->  # 52 330               # 64  330
================================================================================
NOTES:
# LAST OF SEVERAL OCCURRENCES

COLUMN 17 PEAK WIND IN M.P.H.

PRELIMINARY LOCAL CLIMATOLOGICAL DATA (WS FORM: F-6) , PAGE 2

                                          STATION:  ALAMOSA CO
                                          MONTH:    APRIL
                                          YEAR:     2016
                                          LATITUDE:   37 27 N
                                          LONGITUDE: 105 52 W

[TEMPERATURE DATA]      [PRECIPITATION DATA]       SYMBOLS USED IN COLUMN 16

AVERAGE MONTHLY: 41.9   TOTAL FOR MONTH:   1.71    1 = FOG OR MIST
DPTR FM NORMAL:   0.2   DPTR FM NORMAL:    1.14    2 = FOG REDUCING VISIBILITY
HIGHEST:    70 ON 23,22 GRTST 24HR  0.67 ON 15-16      TO 1/4 MILE OR LESS
LOWEST:      8 ON  1                               3 = THUNDER
                        SNOW, ICE PELLETS, HAIL    4 = ICE PELLETS
                        TOTAL MONTH:  15.2 INCHES  5 = HAIL
                        GRTST 24HR   7.0 ON 16-16  6 = FREEZING RAIN OR DRIZZLE
                        GRTST DEPTH:   4 ON 18     7 = DUSTSTORM OR SANDSTORM:
                                                       VSBY 1/2 MILE OR LESS
                                                   8 = SMOKE OR HAZE
[NO. OF DAYS WITH]      [WEATHER - DAYS WITH]      9 = BLOWING SNOW
                                                   X = TORNADO
MAX 32 OR BELOW:   0    0.01 INCH OR MORE:   7
MAX 90 OR ABOVE:   0    0.10 INCH OR MORE:   4
MIN 32 OR BELOW:  25    0.50 INCH OR MORE:   1
MIN  0 OR BELOW:   0    1.00 INCH OR MORE:   0

[HDD (BASE 65) ]
TOTAL THIS MO.   663    CLEAR  (SCALE 0-3)  18
DPTR FM NORMAL   -13    PTCLDY (SCALE 4-7)   7
TOTAL FM JUL 1  7346    CLOUDY (SCALE 8-10)  4
DPTR FM NORMAL  -636

[CDD (BASE 65) ]
TOTAL THIS MO.     0
DPTR FM NORMAL     0    [PRESSURE DATA]
TOTAL FM JAN 1     0    HIGHEST SLP M ON M
DPTR FM NORMAL     0    LOWEST  SLP 29.48 ON 15

[REMARKS]
