000
CXUS56 KPDT 281032
CF6ALW
PRELIMINARY LOCAL CLIMATOLOGICAL DATA (WS FORM: F-6)

                                          STATION:   WALLA WALLA WA
                                          MONTH:     FEBRUARY
                                          YEAR:      2015
                                          LATITUDE:   46  5 N
                                          LONGITUDE: 118 17 W

  TEMPERATURE IN F:       :PCPN:    SNOW:  WIND      :SUNSHINE: SKY     :PK WND
================================================================================
1   2   3   4   5  6A  6B    7    8   9   10  11  12  13   14  15   16   17  18
                                     12Z  AVG MX 2MIN
DY MAX MIN AVG DEP HDD CDD  WTR  SNW DPTH SPD SPD DIR MIN PSBL S-S WX    SPD DR
================================================================================

 1  44  35  40   3  25   0 0.20  0.0    0  3.6 14 200   M    M  10 1      17 200
 2  51  33  42   4  23   0 0.02  0.0    0  9.1 21 210   M    M   4 12     26 220
 3  49  37  43   5  22   0 0.17  0.0    0  6.3 14 190   M    M   6 1      16 190
 4  42  37  40   2  25   0 0.02  0.0    0  3.8  9  60   M    M   9 12     11 260
 5  69  39  54  16  11   0 0.02  0.0    0  8.0 29 170   M    M   9 128    36 180
 6  70  49  60  22   5   0 0.06  0.0    0 11.9 33 220   M    M   9        50 200
 7  67  51  59  21   6   0 0.16  0.0    0 13.1 33 240   M    M   9        47 230
 8  65  43  54  16  11   0 0.01  0.0    0  7.9 17 220   M    M   2        24 210
 9  59  47  53  15  12   0 0.79  0.0    0 10.2 21 190   M    M   8 1      28 170
10  58  46  52  14  13   0 0.12  0.0    0 10.3 18 190   M    M   7 1      23 180
11  54  39  47   9  18   0 0.00  0.0    0  4.7 10 100   M    M   0 1      12 100
12  60  40  50  12  15   0 0.00  0.0    0  3.0 10  70   M    M   1 18     11 160
13  47  39  43   4  22   0 0.00  0.0    0  3.8 10 180   M    M   6 12     12 180
14  56  41  49  10  16   0 0.00  0.0    0  6.6 17 200   M    M   4 18     19 200
15  51  35  43   4  22   0 0.00  0.0    0  3.8 10  90   M    M   0 18     13 260
16  50  31  41   2  24   0 0.00  0.0    0  4.2  7  70   M    M   0         M  M
17  51  32  42   3  23   0 0.00  0.0    0  4.6 12  80   M    M   0 1      13  80
18  55  33  44   5  21   0 0.00  0.0    0  4.6 13 190   M    M   0        15 210
19  55  41  48   8  17   0    T  0.0    0  7.7 16 210   M    M   5 8      20 220
20  57  42  50  10  15   0    T  0.0    0  8.0 15 180   M    M   5 8      18 190
21  51  33  42   2  23   0 0.03  0.0    0 10.6 29  40   M    M   6        33  40
22  48  24  36  -4  29   0 0.00  0.0    0  7.7 24  30   M    M   0        29  30
23  47  24  36  -4  29   0 0.00  0.0    0  4.5  8 110   M    M   0        11 220
24  59  31  45   4  20   0 0.00  0.0    0  7.2 16 220   M    M   1        20 220
25  55  38  47   6  18   0 0.02  0.0    0  8.9 17 190   M    M   3 1      20 200
26  52  41  47   6  18   0    T    M    0  7.4 13 180   M    M   9        14 190
27  54  37  46   4  19   0 0.00  0.0    0  6.3 15  40   M    M   6 18     17  40
================================================================================
SM 1476 1018       502   0  1.62     0.0 187.8          M      119
================================================================================
AV 54.7 37.7                               7.0 FASTST   M    M   4    MAX(MPH)
                                 MISC ---->  # 33 220               # 50  200
================================================================================
NOTES:
# LAST OF SEVERAL OCCURRENCES

COLUMN 17 PEAK WIND IN M.P.H.

PRELIMINARY LOCAL CLIMATOLOGICAL DATA (WS FORM: F-6) , PAGE 2

                                          STATION:  WALLA WALLA WA
                                          MONTH:    FEBRUARY
                                          YEAR:     2015
                                          LATITUDE:   46  5 N
                                          LONGITUDE: 118 17 W

[TEMPERATURE DATA]      [PRECIPITATION DATA]       SYMBOLS USED IN COLUMN 16

AVERAGE MONTHLY: 46.2   TOTAL FOR MONTH:   1.62    1 = FOG OR MIST
DPTR FM NORMAL:   7.1   DPTR FM NORMAL:   -0.07    2 = FOG REDUCING VISIBILITY
HIGHEST:    70 ON  6    GRTST 24HR  0.90 ON  9-10      TO 1/4 MILE OR LESS
LOWEST:     24 ON 23,22                            3 = THUNDER
                        SNOW, ICE PELLETS, HAIL    4 = ICE PELLETS
                        TOTAL MONTH:   0.0 INCH    5 = HAIL
                        GRTST 24HR     0.0         6 = FREEZING RAIN OR DRIZZLE
                        GRTST DEPTH:   0           7 = DUSTSTORM OR SANDSTORM:
                                                       VSBY 1/2 MILE OR LESS
                                                   8 = SMOKE OR HAZE
[NO. OF DAYS WITH]      [WEATHER - DAYS WITH]      9 = BLOWING SNOW
                                                   X = TORNADO
MAX 32 OR BELOW:   0    0.01 INCH OR MORE:  12
MAX 90 OR ABOVE:   0    0.10 INCH OR MORE:   5
MIN 32 OR BELOW:   5    0.50 INCH OR MORE:   1
MIN  0 OR BELOW:   0    1.00 INCH OR MORE:   0

[HDD (BASE 65) ]
TOTAL THIS MO.   502    CLEAR  (SCALE 0-3)  11
DPTR FM NORMAL  -200    PTCLDY (SCALE 4-7)   9
TOTAL FM JUL 1  3119    CLOUDY (SCALE 8-10)  7
DPTR FM NORMAL  -635

[CDD (BASE 65) ]
TOTAL THIS MO.     0
DPTR FM NORMAL     0    [PRESSURE DATA]
TOTAL FM JAN 1     0    HIGHEST SLP 30.19 ON 26
DPTR FM NORMAL     0    LOWEST  SLP 29.42 ON  7

[REMARKS]
