000
CXUS53 KDMX 240920
CF6AMW
PRELIMINARY LOCAL CLIMATOLOGICAL DATA (WS FORM: F-6)

                                          STATION:   AMES IA
                                          MONTH:     MAY
                                          YEAR:      2015
                                          LATITUDE:   41 59 N
                                          LONGITUDE:  93 37 W

  TEMPERATURE IN F:       :PCPN:    SNOW:  WIND      :SUNSHINE: SKY     :PK WND
================================================================================
1   2   3   4   5  6A  6B    7    8   9   10  11  12  13   14  15   16   17  18
                                     12Z  AVG MX 2MIN
DY MAX MIN AVG DEP HDD CDD  WTR  SNW DPTH SPD SPD DIR MIN PSBL S-S WX    SPD DR
================================================================================

 1  69  39  54  -1  11   0 0.02  0.0    0  6.1 16 280   M    M   4        20 170
 2  70  47  59   3   6   0 0.27  0.0    0 11.0 23 220   M    M   3 3      29 170
 3  82  56  69  13   0   4 0.01  0.0    0  9.4 25 360   M    M   1 3      32  10
 4  68  59  64   8   1   0 0.10  0.0    0 10.0 24 350   M    M   6 18     31 350
 5  76  60  68  11   0   3 0.39  0.0    0  7.8 25 210   M    M   8 138    30 220
 6  76  61  69  12   0   4    T  0.0    0 14.0 26 190   M    M   5 18     35 170
 7  77  64  71  14   0   6 0.03  0.0    0 13.8 26 210   M    M   5        36 190
 8  68  53  61   3   4   0 0.01  0.0    0  8.8 16 360   M    M   6 18     23 360
 9  73  48  61   3   4   0 0.00  0.0    0  7.7 14  50   M    M   1 18     18  40
10  69  58  64   6   1   0 0.12  0.0    0 12.8 22 270   M    M   8 138    28 110
11  58  45  52  -7  13   0 0.01  0.0    0 18.0 28 260   M    M   9        36 280
12  66  41  54  -5  11   0 0.00  0.0    0 12.3 24 300   M    M   3        34 300
13  70  44  57  -2   8   0    T    M    M 13.6 25 150   M    M   0        33 160
14  61  52  57  -3   8   0 0.71  0.0    0 12.8 22 150   M    M  10 1      31 130
15  73  55  64   4   1   0    T  0.0    M  5.4 18 150   M    M   7 12     23 150
16  80  61  71  11   0   6 0.14  0.0    0 11.9 25 160   M    M   7 1      33 150
17  75  56  66   5   0   1 0.19  0.0    M 17.3 38 210   M    M   5 1      48 160
18  56  42  49 -12  16   0 0.00  0.0    0 19.4 29 290   M    M   7        39 280
19  57  37  47 -15  18   0 0.00  0.0    0 10.7 23 340   M    M   5        28 350
20  50  41  46 -16  19   0 0.14    M    0  6.4 14  20   M    M   9 1      17  30
21  76  39  58  -4   7   0 0.00  0.0    0 11.5 25 290   M    M   1        33 290
22  77  42  60  -3   5   0 0.00  0.0    0  4.3 17 250   M    M   1 8      22 240
23  73  51  62  -1   3   0 0.01  0.0    0  7.8 21 170   M    M   8        26 150
================================================================================
SM 1600 1151       136  24  2.15     0.0 252.8          M      119
================================================================================
AV 69.6 50.0                              11.0 FASTST   M    M   5    MAX(MPH)
                                 MISC ---->  # 38 210               # 48  160
================================================================================
NOTES:
# LAST OF SEVERAL OCCURRENCES

COLUMN 17 PEAK WIND IN M.P.H.

PRELIMINARY LOCAL CLIMATOLOGICAL DATA (WS FORM: F-6) , PAGE 2

                                          STATION:  AMES IA
                                          MONTH:    MAY
                                          YEAR:     2015
                                          LATITUDE:   41 59 N
                                          LONGITUDE:  93 37 W

[TEMPERATURE DATA]      [PRECIPITATION DATA]       SYMBOLS USED IN COLUMN 16

AVERAGE MONTHLY: 59.8   TOTAL FOR MONTH:   2.15    1 = FOG OR MIST
DPTR FM NORMAL:   0.7   DPTR FM NORMAL:   -1.32    2 = FOG REDUCING VISIBILITY
HIGHEST:    82 ON  3    GRTST 24HR  0.71 ON 14-14      TO 1/4 MILE OR LESS
LOWEST:     37 ON 19                               3 = THUNDER
                        SNOW, ICE PELLETS, HAIL    4 = ICE PELLETS
                        TOTAL MONTH:   0.0 INCH    5 = HAIL
                        GRTST 24HR     0.0         6 = FREEZING RAIN OR DRIZZLE
                        GRTST DEPTH:   0           7 = DUSTSTORM OR SANDSTORM:
                                                       VSBY 1/2 MILE OR LESS
                                                   8 = SMOKE OR HAZE
[NO. OF DAYS WITH]      [WEATHER - DAYS WITH]      9 = BLOWING SNOW
                                                   X = TORNADO
MAX 32 OR BELOW:   0    0.01 INCH OR MORE:  14
MAX 90 OR ABOVE:   0    0.10 INCH OR MORE:   8
MIN 32 OR BELOW:   0    0.50 INCH OR MORE:   1
MIN  0 OR BELOW:   0    1.00 INCH OR MORE:   0

[HDD (BASE 65) ]
TOTAL THIS MO.   136    CLEAR  (SCALE 0-3)   5
DPTR FM NORMAL   -25    PTCLDY (SCALE 4-7)  14
TOTAL FM JUL 1  6813    CLOUDY (SCALE 8-10)  4
DPTR FM NORMAL    30

[CDD (BASE 65) ]
TOTAL THIS MO.    24
DPTR FM NORMAL    -1    [PRESSURE DATA]
TOTAL FM JAN 1    24    HIGHEST SLP M ON M
DPTR FM NORMAL    -4    LOWEST  SLP 29.62 ON 17

[REMARKS]
