000
CXUS54 KBMX 211111
CF6ANB
PRELIMINARY LOCAL CLIMATOLOGICAL DATA (WS FORM: F-6)

                                          STATION:   ANNISTON
                                          MONTH:     OCTOBER
                                          YEAR:      2014
                                          LATITUDE:   33 35 N
                                          LONGITUDE:  85 51 W

  TEMPERATURE IN F:       :PCPN:    SNOW:  WIND      :SUNSHINE: SKY     :PK WND
================================================================================
1   2   3   4   5  6A  6B    7    8   9   10  11  12  13   14  15   16   17  18
                                     12Z  AVG MX 2MIN
DY MAX MIN AVG DEP HDD CDD  WTR  SNW DPTH SPD SPD DIR MIN PSBL S-S WX    SPD DR
================================================================================

 1  87  59  73   5   0   8 0.00  0.0    0  1.4  9 170   M    M   0        13 160
 2  86  61  74   6   0   9    T  0.0    0  3.2 12 160   M    M   3        16 170
 3  78  58  68   1   0   3 1.02  0.0    0  7.2 24 280   M    M   6 138    36 300
 4  66  43  55 -12  10   0 0.00  0.0    0  7.3 20 270   M    M   1        26 270
 5  72  39  56 -11   9   0 0.00  0.0    0  3.8 14 220   M    M   0        17 230
 6  78  49  64  -2   1   0 0.00  0.0    0  4.6 18 210   M    M   1 3      24 240
 7  83  58  71   5   0   6 0.00  0.0    0  4.6 16 250   M    M   3        23 190
 8  87  62  75   9   0  10 0.00  0.0    0  4.8 22 360   M    M   3 3      27 360
 9  87  64  76  11   0  11 0.00  0.0    0  2.7 12 230   M    M   0 1      13 250
10  86  61  74   9   0   9 0.13  0.0    0  4.5 17 240   M    M   4 13     23 220
11  83  68  76  11   0  11 0.05  0.0    0  2.3 10 240   M    M   6 1      14 230
12  85  65  75  11   0  10 0.13  0.0    0  3.3 14 160   M    M   1 13     19 210
13  86  67  77  13   0  12 0.21  0.0    0  9.0 18 130   M    M   7 13     26 140
14  72  56  64   0   1   0 1.75  0.0    0  8.9 23 230   M    M   9 13     32 230
15  70  53  62  -1   3   0 0.00  0.0    0  6.1 21 230   M    M   8        27 240
16  73  50  62  -1   3   0 0.00  0.0    0  4.1 17 280   M    M   3        23 280
17  80  46  63   0   2   0 0.00  0.0    0  4.6 17 240   M    M   0        24 230
18  75  53  64   2   1   0 0.00  0.0    0  6.4 14  10   M    M   0        18  10
19  71  44  58  -4   7   0 0.00  0.0    0  2.7 10  30   M    M   0        16  20
20  73  46  60  -2   5   0 0.00  0.0    0  3.1 12 240   M    M   1 1      15 200
================================================================================
SM 1578 1102        42  89  3.29     0.0  94.6          M       56
================================================================================
AV 78.9 55.1                               4.7 FASTST   M    M   3    MAX(MPH)
                                 MISC ---->  # 24 280               # 36  300
================================================================================
NOTES:
# LAST OF SEVERAL OCCURRENCES

COLUMN 17 PEAK WIND IN M.P.H.

PRELIMINARY LOCAL CLIMATOLOGICAL DATA (WS FORM: F-6) , PAGE 2

                                          STATION:  ANNISTON
                                          MONTH:    OCTOBER
                                          YEAR:     2014
                                          LATITUDE:   33 35 N
                                          LONGITUDE:  85 51 W

[TEMPERATURE DATA]      [PRECIPITATION DATA]       SYMBOLS USED IN COLUMN 16

AVERAGE MONTHLY: 67.0   TOTAL FOR MONTH:   3.29    1 = FOG OR MIST
DPTR FM NORMAL:   2.2   DPTR FM NORMAL:    1.34    2 = FOG REDUCING VISIBILITY
HIGHEST:    87 ON  9, 8 GRTST 24HR  1.96 ON 13-14      TO 1/4 MILE OR LESS
LOWEST:     39 ON  5                               3 = THUNDER
                        SNOW, ICE PELLETS, HAIL    4 = ICE PELLETS
                        TOTAL MONTH:   0.0 INCH    5 = HAIL
                        GRTST 24HR     0.0         6 = FREEZING RAIN OR DRIZZLE
                        GRTST DEPTH:   0           7 = DUSTSTORM OR SANDSTORM:
                                                       VSBY 1/2 MILE OR LESS
                                                   8 = SMOKE OR HAZE
[NO. OF DAYS WITH]      [WEATHER - DAYS WITH]      9 = BLOWING SNOW
                                                   X = TORNADO
MAX 32 OR BELOW:   0    0.01 INCH OR MORE:   6
MAX 90 OR ABOVE:   0    0.10 INCH OR MORE:   5
MIN 32 OR BELOW:   0    0.50 INCH OR MORE:   2
MIN  0 OR BELOW:   0    1.00 INCH OR MORE:   2

[HDD (BASE 65) ]
TOTAL THIS MO.    42    CLEAR  (SCALE 0-3)  12
DPTR FM NORMAL   -19    PTCLDY (SCALE 4-7)   7
TOTAL FM JUL 1    42    CLOUDY (SCALE 8-10)  1
DPTR FM NORMAL   -30

[CDD (BASE 65) ]
TOTAL THIS MO.    89
DPTR FM NORMAL    31    [PRESSURE DATA]
TOTAL FM JAN 1  1938    HIGHEST SLP M ON M
DPTR FM NORMAL    97    LOWEST  SLP 29.69 ON 14

[REMARKS]
