000
CXUS53 KAPX 240631
CF6ANJ
PRELIMINARY LOCAL CLIMATOLOGICAL DATA (WS FORM: F-6)

                                          STATION:   SAULT STE MARIE MI
                                          MONTH:     FEBRUARY
                                          YEAR:      2018
                                          LATITUDE:   46 28 N
                                          LONGITUDE:  84 21 W

  TEMPERATURE IN F:       :PCPN:    SNOW:  WIND      :SUNSHINE: SKY     :PK WND
================================================================================
1   2   3   4   5  6A  6B    7    8   9   10  11  12  13   14  15   16   17  18
                                     12Z  AVG MX 2MIN
DY MAX MIN AVG DEP HDD CDD  WTR  SNW DPTH SPD SPD DIR MIN PSBL S-S WX    SPD DR
================================================================================

 1  25   1  13  -2  52   0 0.22  4.4   18 11.5 22 310   M    M  10 129    34 300
 2  12  -9   2 -13  63   0 0.01  0.1   19  5.8 17 240   M    M   8 18     23 230
 3  13   2   8  -8  57   0 0.21  1.8   18  5.5 17 240   M    M  10 1      24 260
 4  13   0   7  -9  58   0 0.01  0.3   18  6.9 16 320   M    M   4 1      22 330
 5  16   3  10  -6  55   0    T  0.1   18 10.5 18 250   M    M   8        24 250
 6  15  -2   7  -9  58   0 0.02  0.2   18  3.8 14 250   M    M   4 18     19 260
 7  20   3  12  -4  53   0 0.01  0.5   18  5.2 15 270   M    M   7        21 260
 8  19  -3   8  -8  57   0 0.00  0.0   18  6.9 20 290   M    M   1 18     24 270
 9  19   2  11  -5  54   0    T    T   18  4.0 13 300   M    M   2        16 320
10  21  -4   9  -8  56   0    T    T   18  1.9 10 290   M    M   1        13 300
11  22   1  12  -5  53   0 0.10  1.0   18  5.9 23 280   M    M   6 1      30 280
12  19   4  12  -5  53   0 0.06  1.5   18  8.8 21 300   M    M   8 18     30 320
13  27  -3  12  -5  53   0    T    T   19  5.5 13 150   M    M   6        18 130
14  38  22  30  13  35   0 0.00  0.0   19  7.5 17 200   M    M   1 18     21 200
15  42  19  31  13  34   0 0.00  0.0   18  9.7 23 290   M    M   9 18     30 290
16  21   7  14  -4  51   0    T    T   17  8.2 21 300   M    M   6 8      28 310
17  32   4  18   0  47   0 0.00  0.0   17  8.3 23 210   M    M   5 8      29 210
18  33  20  27   9  38   0 0.04  0.4   17  7.8 15 150   M    M   7 18     21 120
19  39  19  29  11  36   0 0.03  0.3   17  6.4 17  70   M    M  10 8      24  70
20  33  18  26   7  39   0 0.02    T   17  9.3 24 290   M    M  10 1268   32 290
21  29  13  21   2  44   0    T  0.1   17  9.1 23 290   M    M   9 1      31 290
22  30   7  19   0  46   0 0.00  0.0   17  3.5  9 140   M    M   2 8      13 150
23  37  24  31  12  34   0 0.25  2.0   17  9.6 21 290   M    M  10 1      28 270
================================================================================
SM  575  148      1126   0  0.98    12.7 161.6          M      144
================================================================================
AV 25.0  6.4                               7.0 FASTST   M    M   6    MAX(MPH)
                                 MISC ---->  # 24 290               # 34  300
================================================================================
NOTES:
# LAST OF SEVERAL OCCURRENCES

COLUMN 17 PEAK WIND IN M.P.H.

PRELIMINARY LOCAL CLIMATOLOGICAL DATA (WS FORM: F-6) , PAGE 2

                                          STATION:  SAULT STE MARIE MI
                                          MONTH:    FEBRUARY
                                          YEAR:     2018
                                          LATITUDE:   46 28 N
                                          LONGITUDE:  84 21 W

[TEMPERATURE DATA]      [PRECIPITATION DATA]       SYMBOLS USED IN COLUMN 16

AVERAGE MONTHLY: 15.7   TOTAL FOR MONTH:   0.98    1 = FOG OR MIST
DPTR FM NORMAL:  -1.4   DPTR FM NORMAL:   -0.11    2 = FOG REDUCING VISIBILITY
HIGHEST:    42 ON 15    GRTST 24HR  0.25 ON 23-23      TO 1/4 MILE OR LESS
LOWEST:     -9 ON  2                               3 = THUNDER
                        SNOW, ICE PELLETS, HAIL    4 = ICE PELLETS
                        TOTAL MONTH:  12.7 INCHES  5 = HAIL
                        GRTST 24HR   4.4 ON  1- 1  6 = FREEZING RAIN OR DRIZZLE
                        GRTST DEPTH:  19 ON 14,13  7 = DUSTSTORM OR SANDSTORM:
                                                       VSBY 1/2 MILE OR LESS
                                                   8 = SMOKE OR HAZE
[NO. OF DAYS WITH]      [WEATHER - DAYS WITH]      9 = BLOWING SNOW
                                                   X = TORNADO
MAX 32 OR BELOW:  17    0.01 INCH OR MORE:  12
MAX 90 OR ABOVE:   0    0.10 INCH OR MORE:   4
MIN 32 OR BELOW:  23    0.50 INCH OR MORE:   0
MIN  0 OR BELOW:   6    1.00 INCH OR MORE:   0

[HDD (BASE 65) ]
TOTAL THIS MO.  1126    CLEAR  (SCALE 0-3)   5
DPTR FM NORMAL    24    PTCLDY (SCALE 4-7)  11
TOTAL FM JUL 1  5672    CLOUDY (SCALE 8-10)  7
DPTR FM NORMAL  -230

[CDD (BASE 65) ]
TOTAL THIS MO.     0
DPTR FM NORMAL     0    [PRESSURE DATA]
TOTAL FM JAN 1     0    HIGHEST SLP M ON M
DPTR FM NORMAL     0    LOWEST  SLP 29.57 ON 15

[REMARKS]
