000
CXUS53 KAPX 280631
CF6ANJ
PRELIMINARY LOCAL CLIMATOLOGICAL DATA (WS FORM: F-6)

                                          STATION:   SAULT STE MARIE MI
                                          MONTH:     JANUARY
                                          YEAR:      2015
                                          LATITUDE:   46 28 N
                                          LONGITUDE:  84 21 W

  TEMPERATURE IN F:       :PCPN:    SNOW:  WIND      :SUNSHINE: SKY     :PK WND
================================================================================
1   2   3   4   5  6A  6B    7    8   9   10  11  12  13   14  15   16   17  18
                                     12Z  AVG MX 2MIN
DY MAX MIN AVG DEP HDD CDD  WTR  SNW DPTH SPD SPD DIR MIN PSBL S-S WX    SPD DR
================================================================================

 1  23  10  17   0  48   0 0.12  2.1   13 16.3 23 300   M    M   8 18     32 310
 2  19  -1   9  -8  56   0 0.01  0.3   14  5.5 15 330   M    M   9 8      19 340
 3  31  18  25   8  40   0 0.10  0.8   13  5.5 10  90   M    M  10 16     14 100
 4  29   0  15  -1  50   0 0.14  2.2   13  8.1 18 320   M    M  10 18     25 320
 5   7  -8   0 -16  65   0 0.08  1.5   15  9.2 23 240   M    M   7 189    33 260
 6  14  -4   5 -11  60   0 0.08  1.2   16  9.5 21 240   M    M   8 18     28 260
 7  10 -14  -2 -18  67   0 0.14  1.8   16 10.3 24 250   M    M   5 18     35 230
 8  15   1   8  -8  57   0 0.11  1.5   16 10.9 21 240   M    M  10 189    29 260
 9  11   1   6 -10  59   0 0.26  3.7   17 11.0 25 250   M    M   9 128    34 250
10  12  -6   3 -12  62   0 0.04  0.7   19  9.7 22 220   M    M   5 18     29 220
11  20   2  11  -4  54   0 0.02  0.3   18  3.7 10 200   M    M   8 18     13 200
12  20  -6   7  -8  58   0 0.03  1.0   19  6.6 16 320   M    M   4        23 320
13  15  -6   5 -10  60   0    T    T   19  3.8 12 220   M    M   9        15 200
14  21   9  15   0  50   0    T    T   18  4.9 10 230   M    M  10        14 250
15  29  18  24   9  41   0 0.11  1.5   18 13.3 24 320   M    M  10 18     35 300
16  18  -2   8  -7  57   0    T    T   18  5.5 17 330   M    M   1 8      25 330
17  31   0  16   1  49   0 0.04  0.4   18  8.6 22 140   M    M   9 1      28 150
18  33  17  25  10  40   0 0.01  0.3   18 10.5 21 290   M    M  10        28 300
19  17   3  10  -5  55   0 0.00  0.0   18  4.0 10  60   M    M   2        15  20
20  17  -4   7  -8  58   0 0.00  0.0   18  2.3  7  60   M    M   0         9  90
21  19  -3   8  -7  57   0    T    T   18  2.5  9 330   M    M   6 8      11 330
22  26  13  20   5  45   0 0.03  0.9   18  4.1 17 300   M    M   7 18     25 300
23  31  26  29  14  36   0 0.51  3.9   18 13.0 28 240   M    M  10 128    39 240
24  35   8  22   7  43   0 0.03  0.2   22  9.9 23 320   M    M   7 16     33 320
25  12 -12   0 -15  65   0 0.00  0.0   21  3.2 12 360   M    M   0        16 360
26  15  -5   5 -10  60   0    T  0.1   21  6.8 15 120   M    M   5 8      22 110
27  21   2  12  -3  53   0 0.00  0.0   21  2.9  8  90   M    M   1        12 100
================================================================================
SM  551   57      1445   0  1.86    24.4 201.6          M      180
================================================================================
AV 20.4  2.1                               7.5 FASTST   M    M   7    MAX(MPH)
                                 MISC ---->  # 28 240               # 39  240
================================================================================
NOTES:
# LAST OF SEVERAL OCCURRENCES

COLUMN 17 PEAK WIND IN M.P.H.

PRELIMINARY LOCAL CLIMATOLOGICAL DATA (WS FORM: F-6) , PAGE 2

                                          STATION:  SAULT STE MARIE MI
                                          MONTH:    JANUARY
                                          YEAR:     2015
                                          LATITUDE:   46 28 N
                                          LONGITUDE:  84 21 W

[TEMPERATURE DATA]      [PRECIPITATION DATA]       SYMBOLS USED IN COLUMN 16

AVERAGE MONTHLY: 11.3   TOTAL FOR MONTH:   1.86    1 = FOG OR MIST
DPTR FM NORMAL:  -4.2   DPTR FM NORMAL:   -0.08    2 = FOG REDUCING VISIBILITY
HIGHEST:    35 ON 24    GRTST 24HR  0.51 ON 23-23      TO 1/4 MILE OR LESS
LOWEST:    -14 ON  7                               3 = THUNDER
                        SNOW, ICE PELLETS, HAIL    4 = ICE PELLETS
                        TOTAL MONTH:  24.4 INCHES  5 = HAIL
                        GRTST 24HR   3.9 ON   M    6 = FREEZING RAIN OR DRIZZLE
                        GRTST DEPTH:  22 ON 24     7 = DUSTSTORM OR SANDSTORM:
                                                       VSBY 1/2 MILE OR LESS
                                                   8 = SMOKE OR HAZE
[NO. OF DAYS WITH]      [WEATHER - DAYS WITH]      9 = BLOWING SNOW
                                                   X = TORNADO
MAX 32 OR BELOW:  25    0.01 INCH OR MORE:  18
MAX 90 OR ABOVE:   0    0.10 INCH OR MORE:   8
MIN 32 OR BELOW:  27    0.50 INCH OR MORE:   1
MIN  0 OR BELOW:  14    1.00 INCH OR MORE:   0

[HDD (BASE 65) ]
TOTAL THIS MO.  1445    CLEAR  (SCALE 0-3)   5
DPTR FM NORMAL   107    PTCLDY (SCALE 4-7)   9
TOTAL FM JUL 1  4836    CLOUDY (SCALE 8-10) 13
DPTR FM NORMAL   239

[CDD (BASE 65) ]
TOTAL THIS MO.     0
DPTR FM NORMAL     0    [PRESSURE DATA]
TOTAL FM JAN 1     0    HIGHEST SLP M ON M
DPTR FM NORMAL     0    LOWEST  SLP 29.46 ON M

[REMARKS]
