000
CXUS53 KAPX 260631
CF6APN
PRELIMINARY LOCAL CLIMATOLOGICAL DATA (WS FORM: F-6)

                                          STATION:   ALPENA MI
                                          MONTH:     DECEMBER
                                          YEAR:      2014
                                          LATITUDE:   45  4 N
                                          LONGITUDE:  83 34 W

  TEMPERATURE IN F:       :PCPN:    SNOW:  WIND      :SUNSHINE: SKY     :PK WND
================================================================================
1   2   3   4   5  6A  6B    7    8   9   10  11  12  13   14  15   16   17  18
                                     12Z  AVG MX 2MIN
DY MAX MIN AVG DEP HDD CDD  WTR  SNW DPTH SPD SPD DIR MIN PSBL S-S WX    SPD DR
================================================================================

 1  25  14  20 -10  45   0    T    T    T  9.0 21 320   M    M   9        30 300
 2  28  14  21  -9  44   0 0.01    T    T  6.7 23 170   M    M   9 1      27 180
 3  30  21  26  -3  39   0    T    T    T 10.1 22 270   M    M  10 1      31 280
 4  28  11  20  -9  45   0 0.00  0.0    0  4.6 10 160   M    M   4        12 270
 5  35  17  26  -3  39   0 0.00  0.0    0  3.9  9 190   M    M   9        16 200
 6  36  21  29   1  36   0 0.00  0.0    0  9.7 23 350   M    M   4        29 330
 7  33  11  22  -6  43   0 0.00  0.0    0  6.9 17 150   M    M   3        21 170
 8  39  30  35   7  30   0 0.07    T    0  8.9 17 170   M    M   3 1      24 180
 9  35  24  30   3  35   0    T    T    T  8.8 20 350   M    M   9 1      25 360
10  28  20  24  -3  41   0    T    T    T 10.4 16 360   M    M   5        20 360
11  37  18  28   2  37   0 0.00  0.0    0  9.3 20 320   M    M   2        24 320
12  34  30  32   6  33   0 0.00  0.0    0  5.8  9 310   M    M  10 1       M  M
13  40  31  36  10  29   0 0.00  0.0    0  6.3 13 240   M    M   9 1      16 240
14  43  35  39  14  26   0 0.01  0.0    0  4.2 12 300   M    M  10 1      17 310
15  47  37  42  17  23   0 0.03  0.0    0  4.7 12 190   M    M  10 128    14 220
16  42  36  39  14  26   0 0.54  0.0    0  4.9 12  90   M    M  10 12     16 100
17  36  25  31   7  34   0 0.10  0.5    T  8.1 16 330   M    M  10 1      22 270
18  26  15  21  -3  44   0 0.00  0.0    1  8.0 17 360   M    M   7        20 350
19  30  11  21  -3  44   0 0.00  0.0    1  2.5  9 350   M    M   2        11 350
20  30   8  19  -5  46   0 0.00  0.0    0  0.3  6 210   M    M   3         7 200
21  31  15  23   0  42   0 0.00  0.0    0  5.4 13 170   M    M   9 1      17 210
22  35  28  32   9  33   0 0.00  0.0    0  9.4 15 150   M    M   8 1      20 140
23  38  34  36  13  29   0 0.10    T    0  7.9 16 120   M    M  10 12     23 120
24  39  33  36  14  29   0 0.73    T    T  5.7 21 330   M    M  10 12     27 340
25  37  33  35  13  30   0 0.06    T    0  9.8 17 270   M    M  10 1      24 220
================================================================================
SM  862  572       902   0  1.65     0.5 171.3          M      185
================================================================================
AV 34.5 22.9                               6.9 FASTST   M    M   7    MAX(MPH)
                                 MISC ---->  # 23 170               # 31  280
================================================================================
NOTES:
# LAST OF SEVERAL OCCURRENCES

COLUMN 17 PEAK WIND IN M.P.H.

PRELIMINARY LOCAL CLIMATOLOGICAL DATA (WS FORM: F-6) , PAGE 2

                                          STATION:  ALPENA MI
                                          MONTH:    DECEMBER
                                          YEAR:     2014
                                          LATITUDE:   45  4 N
                                          LONGITUDE:  83 34 W

[TEMPERATURE DATA]      [PRECIPITATION DATA]       SYMBOLS USED IN COLUMN 16

AVERAGE MONTHLY: 28.7   TOTAL FOR MONTH:   1.65    1 = FOG OR MIST
DPTR FM NORMAL:   2.8   DPTR FM NORMAL:    0.22    2 = FOG REDUCING VISIBILITY
HIGHEST:    47 ON 15    GRTST 24HR  0.79 ON 24-25      TO 1/4 MILE OR LESS
LOWEST:      8 ON 20                               3 = THUNDER
                        SNOW, ICE PELLETS, HAIL    4 = ICE PELLETS
                        TOTAL MONTH:   0.5 INCH    5 = HAIL
                        GRTST 24HR   0.5 ON 17-17  6 = FREEZING RAIN OR DRIZZLE
                        GRTST DEPTH:   1 ON 19,18  7 = DUSTSTORM OR SANDSTORM:
                                                       VSBY 1/2 MILE OR LESS
                                                   8 = SMOKE OR HAZE
[NO. OF DAYS WITH]      [WEATHER - DAYS WITH]      9 = BLOWING SNOW
                                                   X = TORNADO
MAX 32 OR BELOW:   9    0.01 INCH OR MORE:   9
MAX 90 OR ABOVE:   0    0.10 INCH OR MORE:   4
MIN 32 OR BELOW:  19    0.50 INCH OR MORE:   2
MIN  0 OR BELOW:   0    1.00 INCH OR MORE:   0

[HDD (BASE 65) ]
TOTAL THIS MO.   902    CLEAR  (SCALE 0-3)   5
DPTR FM NORMAL   -76    PTCLDY (SCALE 4-7)   4
TOTAL FM JUL 1  2835    CLOUDY (SCALE 8-10) 16
DPTR FM NORMAL    34

[CDD (BASE 65) ]
TOTAL THIS MO.     0
DPTR FM NORMAL     0    [PRESSURE DATA]
TOTAL FM JAN 1   168    HIGHEST SLP M ON M
DPTR FM NORMAL  -123    LOWEST  SLP 29.19 ON 24

[REMARKS]
