000
CXUS54 KLCH 232010
CF6ARA
PRELIMINARY LOCAL CLIMATOLOGICAL DATA (WS FORM: F-6)

                                          STATION:   NEW IBERIA
                                          MONTH:     SEPTEMBER
                                          YEAR:      2014
                                          LATITUDE:   30  1 N
                                          LONGITUDE:  91 53 W

  TEMPERATURE IN F:       :PCPN:    SNOW:  WIND      :SUNSHINE: SKY     :PK WND
================================================================================
1   2   3   4   5  6A  6B    7    8   9   10  11  12  13   14  15   16   17  18
                                     12Z  AVG MX 2MIN
DY MAX MIN AVG DEP HDD CDD  WTR  SNW DPTH SPD SPD DIR MIN PSBL S-S WX    SPD DR
================================================================================

 1  92  77  85   3   0  20 0.03  0.0    0  8.3 18 160   M    M   2 13     24 150
 2  92  76  84   2   0  19 0.03  0.0    0  6.8 17 220   M    M   1        22 210
 3  94  73  84   2   0  19 0.59  0.0    0  5.0 22  90   M    M   3 13     28 100
 4  90  74  82   1   0  17 0.14  0.0    0  4.3 26 100   M    M   1 13     33 100
 5  90  74  82   1   0  17 0.04  0.0    0  3.3 18 180   M    M   1 13     21 190
 6  90  74  82   1   0  17 0.11  0.0    0  2.4 25 320   M    M   3 13     29 320
 7  92  72  82   1   0  17 0.02  0.0    0  2.7 10 130   M    M   3 13     13 150
 8  93  75  84   3   0  19 0.00  0.0    0  3.3 10 200   M    M   1 13     15 180
 9  93  74  84   4   0  19 0.01  0.0    0  3.5 23 360   M    M   2 18     27  10
10  93  74  84   4   0  19 0.00  0.0    0  5.5 14 200   M    M   1        18 200
11  94  75  85   5   0  20    T  0.0    0  3.4 17 240   M    M   2 3      22 250
12  93  75  84   4   0  19    T  0.0    0  5.7 16 140   M    M   2 13     19 160
13  79  70  75  -5   0  10 0.00  0.0    0 11.8 18  10   M    M   9 1      22 360
14  85  70  78  -1   0  13 0.00  0.0    0  9.8 16  40   M    M   6 1      20  20
15  93  72  83   4   0  18 0.03  0.0    0  6.3 20  60   M    M   2 13     24  60
16  92  73  83   4   0  18 0.80  0.0    0  3.8 21 110   M    M   3 1      28 110
17  91  72  82   3   0  17 0.00  0.0    0  3.1 12 240   M    M   1 1      15 230
18  86  73  80   2   0  15 0.23  0.0    0  2.7 12 100   M    M   4 1      13 110
19  89  73  81   3   0  16    T  0.0    0  7.4 15  80   M    M   3 1      19  80
20  90  73  82   4   0  17 0.00  0.0    0  8.6 17  70   M    M   1        23  60
21  91  70  81   3   0  16 0.00  0.0    0  5.4 15  30   M    M   0 1      20  70
22  91  69  80   3   0  15 0.00  0.0    0  8.1 21  20   M    M   1 1      27  20
================================================================================
SM 1993 1608         0 377  2.03     0.0 121.2          M       52
================================================================================
AV 90.6 73.1                               5.5 FASTST   M    M   2    MAX(MPH)
                                 MISC ---->  # 26 100               # 33  100
================================================================================
NOTES:
# LAST OF SEVERAL OCCURRENCES

COLUMN 17 PEAK WIND IN M.P.H.

PRELIMINARY LOCAL CLIMATOLOGICAL DATA (WS FORM: F-6) , PAGE 2

                                          STATION:  NEW IBERIA
                                          MONTH:    SEPTEMBER
                                          YEAR:     2014
                                          LATITUDE:   30  1 N
                                          LONGITUDE:  91 53 W

[TEMPERATURE DATA]      [PRECIPITATION DATA]       SYMBOLS USED IN COLUMN 16

AVERAGE MONTHLY: 81.8   TOTAL FOR MONTH:   2.03    1 = FOG OR MIST
DPTR FM NORMAL:   2.0   DPTR FM NORMAL:   -1.27    2 = FOG REDUCING VISIBILITY
HIGHEST:    94 ON 11, 3 GRTST 24HR  0.80 ON 16-16      TO 1/4 MILE OR LESS
LOWEST:     69 ON 22                               3 = THUNDER
                        SNOW, ICE PELLETS, HAIL    4 = ICE PELLETS
                        TOTAL MONTH:   0.0 INCH    5 = HAIL
                        GRTST 24HR     0.0         6 = FREEZING RAIN OR DRIZZLE
                        GRTST DEPTH:   0           7 = DUSTSTORM OR SANDSTORM:
                                                       VSBY 1/2 MILE OR LESS
                                                   8 = SMOKE OR HAZE
[NO. OF DAYS WITH]      [WEATHER - DAYS WITH]      9 = BLOWING SNOW
                                                   X = TORNADO
MAX 32 OR BELOW:   0    0.01 INCH OR MORE:  11
MAX 90 OR ABOVE:  18    0.10 INCH OR MORE:   5
MIN 32 OR BELOW:   0    0.50 INCH OR MORE:   2
MIN  0 OR BELOW:   0    1.00 INCH OR MORE:   0

[HDD (BASE 65) ]
TOTAL THIS MO.     0    CLEAR  (SCALE 0-3)  16
DPTR FM NORMAL     0    PTCLDY (SCALE 4-7)   5
TOTAL FM JUL 1     0    CLOUDY (SCALE 8-10)  1
DPTR FM NORMAL     0

[CDD (BASE 65) ]
TOTAL THIS MO.   377
DPTR FM NORMAL    51    [PRESSURE DATA]
TOTAL FM JAN 1  2480    HIGHEST SLP M ON M
DPTR FM NORMAL    11    LOWEST  SLP 29.89 ON M

[REMARKS]
