000
CXUS51 KBUF 281205
CF6ART
PRELIMINARY LOCAL CLIMATOLOGICAL DATA (WS FORM: F-6)

                                          STATION:   WATERTOWN NY
                                          MONTH:     FEBRUARY
                                          YEAR:      2015
                                          LATITUDE:   43 59 N
                                          LONGITUDE:  76  2 W

  TEMPERATURE IN F:       :PCPN:    SNOW:  WIND      :SUNSHINE: SKY     :PK WND
================================================================================
1   2   3   4   5  6A  6B    7    8   9   10  11  12  13   14  15   16   17  18
                                     12Z  AVG MX 2MIN
DY MAX MIN AVG DEP HDD CDD  WTR  SNW DPTH SPD SPD DIR MIN PSBL S-S WX    SPD DR
================================================================================

 1  23   2  13  -6  52   0    T    M    M 13.0 21  50   M    M   7        25  50
 2   4 -20  -8 -27  73   0 0.01    M    M 13.5 25  40   M    M   8 8      33  40
 3  26 -23   2 -17  63   0 0.01    M    M 11.2 22 230   M    M   6 8      30 220
 4  33  21  27   8  38   0 0.33    M    M  9.8 17 190   M    M  10 128    26 230
 5  24 -26  -1 -20  66   0 0.02    M    M  6.3 18 360   M    M   4 18     23 360
 6  27 -22   3 -16  62   0 0.16    M    M 12.2 23 260   M    M   9 128    30 260
 7  27  12  20   0  45   0 0.20    M    M 11.0 20  50   M    M  10 18     25  50
 8  12   7  10 -10  55   0 0.10    M    M 18.1 25  40   M    M  10 1689   30  50
 9  12   9  11  -9  54   0 0.11    M    M 14.0 21  50   M    M  10 18     25  50
10  21  -9   6 -14  59   0 0.00    M    M  7.6 14  40   M    M   8 8      17  40
11  30  -9  11  -9  54   0 0.03    M    M  3.8 12 210   M    M   3 18     17 200
12  30  -2  14  -6  51   0 0.07    M    M  9.3 17 340   M    M   9 168    20 350
13   9 -32 -11 -31  76   0    T    M    M  4.1 14 330   M    M   1 8      18 330
14  27   7  17  -4  48   0 0.02    M    M 10.4 18 360   M    M   9 18     28 170
15  10 -15  -2 -23  67   0    T    M    M 11.5 24 360   M    M   4 8      31 360
16   3 -36 -16 -37  81   0    T    M    M  2.7 10 260   M    M   0        13 260
17  15 -19  -2 -23  67   0 0.00    M    M  3.3  9 270   M    M   8        12 270
18  24  10  17  -5  48   0 0.01    M    M  6.6 16 220   M    M   7 18     22 220
19  17  -3   7 -15  58   0    T    M    M 12.0 22 270   M    M   8 18     28 260
20  10  -6   2 -20  63   0 0.01    M    M 10.4 17 260   M    M   5 18     23 270
21  25  -2  12 -10  53   0 0.04    M    M  8.7 20 190   M    M   9 8      27 200
22  27  10  19  -3  46   0 0.04    M    M  9.2 22 270   M    M   9 128    27 280
23  10  -3   4 -19  61   0    T    M    M 10.1 17 260   M    M   3 8      24 290
24  23  -4  10 -13  55   0    T    M    M 10.9 21 190   M    M   4 8      31 180
25  21 -11   5 -18  60   0 0.04    M    M 11.2 24 260   M    M   5 18     32 260
26  15 -17  -1 -25  66   0 0.00    M    M  6.2 15  30   M    M   4        19  40
27  16 -17   0 -24  65   0 0.02    M    M  8.1 20 240   M    M   3 18     27 230
================================================================================
SM  521 -198      1586   0  1.22    M    255.2          M      173
================================================================================
AV 19.3 -7.3                               9.5 FASTST   M    M   6    MAX(MPH)
                                 MISC ---->  # 25  40               # 33   40
================================================================================
NOTES:
# LAST OF SEVERAL OCCURRENCES

COLUMN 17 PEAK WIND IN M.P.H.

PRELIMINARY LOCAL CLIMATOLOGICAL DATA (WS FORM: F-6) , PAGE 2

                                          STATION:  WATERTOWN NY
                                          MONTH:    FEBRUARY
                                          YEAR:     2015
                                          LATITUDE:   43 59 N
                                          LONGITUDE:  76  2 W

[TEMPERATURE DATA]      [PRECIPITATION DATA]       SYMBOLS USED IN COLUMN 16

AVERAGE MONTHLY:  6.0   TOTAL FOR MONTH:   1.22    1 = FOG OR MIST
DPTR FM NORMAL: -14.9   DPTR FM NORMAL:   -0.92    2 = FOG REDUCING VISIBILITY
HIGHEST:    33 ON  4    GRTST 24HR  0.34 ON  4- 5      TO 1/4 MILE OR LESS
LOWEST:    -36 ON 16                               3 = THUNDER
                        SNOW, ICE PELLETS, HAIL    4 = ICE PELLETS
                        TOTAL MONTH:    M          5 = HAIL
                        GRTST 24HR    M  ON   M    6 = FREEZING RAIN OR DRIZZLE
                        GRTST DEPTH:  M  ON   M    7 = DUSTSTORM OR SANDSTORM:
                                                       VSBY 1/2 MILE OR LESS
                                                   8 = SMOKE OR HAZE
[NO. OF DAYS WITH]      [WEATHER - DAYS WITH]      9 = BLOWING SNOW
                                                   X = TORNADO
MAX 32 OR BELOW:  26    0.01 INCH OR MORE:  17
MAX 90 OR ABOVE:   0    0.10 INCH OR MORE:   5
MIN 32 OR BELOW:  27    0.50 INCH OR MORE:   0
MIN  0 OR BELOW:  19    1.00 INCH OR MORE:   0

[HDD (BASE 65) ]
TOTAL THIS MO.  1586    CLEAR  (SCALE 0-3)   4
DPTR FM NORMAL   396    PTCLDY (SCALE 4-7)  13
TOTAL FM JUL 1  5463    CLOUDY (SCALE 8-10) 10
DPTR FM NORMAL    62

[CDD (BASE 65) ]
TOTAL THIS MO.     0
DPTR FM NORMAL     0    [PRESSURE DATA]
TOTAL FM JAN 1     0    HIGHEST SLP M ON M
DPTR FM NORMAL     0    LOWEST  SLP 29.53 ON 14

[REMARKS]
