000
CXUS51 KBUF 271205
CF6ART
PRELIMINARY LOCAL CLIMATOLOGICAL DATA (WS FORM: F-6)

                                          STATION:   WATERTOWN NY
                                          MONTH:     MAY
                                          YEAR:      2017
                                          LATITUDE:   43 59 N
                                          LONGITUDE:  76  2 W

  TEMPERATURE IN F:       :PCPN:    SNOW:  WIND      :SUNSHINE: SKY     :PK WND
================================================================================
1   2   3   4   5  6A  6B    7    8   9   10  11  12  13   14  15   16   17  18
                                     12Z  AVG MX 2MIN
DY MAX MIN AVG DEP HDD CDD  WTR  SNW DPTH SPD SPD DIR MIN PSBL S-S WX    SPD DR
================================================================================

 1  68  43  56   6   9   0 1.53    M    M  6.0 36 270   M    M   7 13     44 270
 2  63  45  54   4  11   0 0.07    M    M 14.6 28 240   M    M  10 1      39 230
 3  52  41  47  -4  18   0    T    M    M 11.9 24 290   M    M   6 1      31 280
 4  59  32  46  -5  19   0 0.15    M    M  4.8 17 190   M    M   4 1      27 190
 5  56  45  51   0  14   0 1.20    M    M  6.4 17  60   M    M  10 1      21  70
 6  58  43  51  -1  14   0 0.27    M    M  8.0 16 210   M    M  10 1      24 210
 7  45  35  40 -12  25   0 0.24    M    0  9.2 16 230   M    M  10 1      21 230
 8  43  33  38 -14  27   0 0.06    M    M  6.4 18 260   M    M   9 1      26 270
 9  47  33  40 -12  25   0 0.04    M    M  4.6 10  30   M    M  10 1      14  20
10  55  29  42 -11  23   0 0.00    M    M  3.7 13  50   M    M   4        18  10
11  61  32  47  -6  18   0 0.00    M    M  8.4 22  30   M    M   2        27  30
12  65  35  50  -4  15   0    T    M    M  4.1 12 260   M    M   4 1      16 260
13  54  49  52  -2  13   0 0.32    M    M  3.2  9 220   M    M  10 1      12 210
14  61  43  52  -2  13   0 0.02    M    M  6.3 21 290   M    M   8 12     26 330
15  64  43  54   0  11   0 0.01    M    M  9.9 21 330   M    M   5 1      27 320
16  65  38  52  -3  13   0 0.00    M    M  5.2 15 260   M    M   1 1      19 260
17  83  52  68  13   0   3 0.00    M    M 10.2 23 230   M    M   1        33 220
18  84  61  73  18   0   8 0.11    M    M 11.5 24 220   M    M   2 13     35 260
19  62  43  53  -3  12   0    T    M    M  6.4 16  20   M    M   6 18     22  30
20  66  37  52  -4  13   0 0.00    M    M 10.1 21  50   M    M   0        26  40
21  69  44  57   1   8   0 0.31    M    M  5.4 13 140   M    M   7 1      19 140
22  65  49  57   1   8   0 0.18    M    M  8.3 20 250   M    M  10 1      33 230
23  70  41  56  -1   9   0 0.00    M    M  5.2 15 270   M    M   1 8      19 230
24  78  47  63   6   2   0 0.00    M    M  5.8 14  50   M    M   3 1      18  50
25  65  56  61   4   4   0 0.78    M    0  8.1 18  70   M    M   9 1      22  60
26  63  54  59   1   6   0 0.01    M    M  5.8 14  20   M    M  10 1      18 340
================================================================================
SM 1621 1103       330  11  5.30    M    189.5          M      159
================================================================================
AV 62.4 42.4                               7.3 FASTST   M    M   6    MAX(MPH)
                                 MISC ---->  # 36 270               # 44  270
================================================================================
NOTES:
# LAST OF SEVERAL OCCURRENCES

COLUMN 17 PEAK WIND IN M.P.H.

PRELIMINARY LOCAL CLIMATOLOGICAL DATA (WS FORM: F-6) , PAGE 2

                                          STATION:  WATERTOWN NY
                                          MONTH:    MAY
                                          YEAR:     2017
                                          LATITUDE:   43 59 N
                                          LONGITUDE:  76  2 W

[TEMPERATURE DATA]      [PRECIPITATION DATA]       SYMBOLS USED IN COLUMN 16

AVERAGE MONTHLY: 52.4   TOTAL FOR MONTH:   5.30    1 = FOG OR MIST
DPTR FM NORMAL:  -1.5   DPTR FM NORMAL:    2.75    2 = FOG REDUCING VISIBILITY
HIGHEST:    84 ON 18    GRTST 24HR  1.53 ON  1- 1      TO 1/4 MILE OR LESS
LOWEST:     29 ON 10                               3 = THUNDER
                        SNOW, ICE PELLETS, HAIL    4 = ICE PELLETS
                        TOTAL MONTH:    M          5 = HAIL
                        GRTST 24HR    M  ON   M    6 = FREEZING RAIN OR DRIZZLE
                        GRTST DEPTH:   0           7 = DUSTSTORM OR SANDSTORM:
                                                       VSBY 1/2 MILE OR LESS
                                                   8 = SMOKE OR HAZE
[NO. OF DAYS WITH]      [WEATHER - DAYS WITH]      9 = BLOWING SNOW
                                                   X = TORNADO
MAX 32 OR BELOW:   0    0.01 INCH OR MORE:  16
MAX 90 OR ABOVE:   0    0.10 INCH OR MORE:  10
MIN 32 OR BELOW:   3    0.50 INCH OR MORE:   3
MIN  0 OR BELOW:   0    1.00 INCH OR MORE:   2

[HDD (BASE 65) ]
TOTAL THIS MO.   330    CLEAR  (SCALE 0-3)   7
DPTR FM NORMAL    33    PTCLDY (SCALE 4-7)   9
TOTAL FM JUL 1  6636    CLOUDY (SCALE 8-10) 10
DPTR FM NORMAL  -804

[CDD (BASE 65) ]
TOTAL THIS MO.    11
DPTR FM NORMAL     8    [PRESSURE DATA]
TOTAL FM JAN 1    18    HIGHEST SLP M ON M
DPTR FM NORMAL    14    LOWEST  SLP 29.33 ON  6

[REMARKS]
