000
CXUS54 KMAF 241100
CF6ATS
PRELIMINARY LOCAL CLIMATOLOGICAL DATA (WS FORM: F-6)

                                          STATION:   Artesia
                                          MONTH:     APRIL
                                          YEAR:      2014
                                          LATITUDE:   32 54 N
                                          LONGITUDE: 104 30 W

  TEMPERATURE IN F:       :PCPN:    SNOW:  WIND      :SUNSHINE: SKY     :PK WND
================================================================================
1   2   3   4   5  6A  6B    7    8   9   10  11  12  13   14  15   16   17  18
                                     12Z  AVG MX 2MIN
DY MAX MIN AVG DEP HDD CDD  WTR  SNW DPTH SPD SPD DIR MIN PSBL S-S WX    SPD DR
================================================================================

 1  79  52  66   M   0   1 0.00  0.0    0 14.8 28 220   M    M   0        39 220
 2  81  46  64   M   1   0 0.00  0.0    0 18.3 36 230   M    M   0 8      45 230
 3  68  45  57   M   8   0 0.00  0.0    0 16.7 29 310   M    M   0        41 310
 4  63  34  49   M  16   0 0.00  0.0    0 10.9 24 150   M    M   0        30 160
 5  73  39  56   M   9   0 0.00  0.0    0 10.7 27 240   M    M   0        31 240
 6  66  43  55   M  10   0 0.00  0.0    0  8.2 16  30   M    M   1        23  30
 7  66  41  54   M  11   0 0.00  0.0    0 10.4 22  20   M    M   0        30  20
 8  73  36  55   M  10   0 0.00  0.0    0  7.7 13 130   M    M   0        17 160
 9  88  41  65   M   0   0 0.00  0.0    0 10.8 24 230   M    M   0        31 220
10  86  54  70   M   0   5 0.00  0.0    0  9.6 16 260   M    M   0        25 330
11  86  46  66   M   0   1 0.00  0.0    0  8.7 22 220   M    M   0        22 250
12  84  59  72   M   0   7 0.00  0.0    0 16.7 30 220   M    M   0        44 220
13  82  45  64   M   1   0 0.00  0.0    0 20.1 44  10   M    M   0 8      58  10
14  48  32  40   M  25   0 0.00  0.0    0 16.0 31  30   M    M   4        40  30
15  72  27  50   M  15   0 0.00  0.0    0 14.6 24 160   M    M   0        36 170
16  84  39  62   M   3   0 0.00  0.0    0 11.0 21 230   M    M   0        31 230
17  72  48  60   M   5   0 0.00  0.0    0 15.2 30 350   M    M   0        39 350
18  73  48  61   M   4   0 0.00  0.0    0 13.0 22 150   M    M   4 1      28 160
19  64  50  57   M   8   0 0.28  0.0    0  8.5 18 150   M    M   2 3      29 170
20  77  45  61   M   4   0 0.00  0.0    0 10.1 20 250   M    M   0        24 260
21  82  54  68   M   0   3 0.00  0.0    0  6.4 12 270   M    M   0         M  M
22  84  52  68   M   0   3 0.00  0.0    0 13.5 24 160   M    M   0        32 170
23  86  61  74   M   0   9 0.00  0.0    0 17.5 28 250   M    M   0        39 250
================================================================================
SM 1737 1037       130  29  0.28     0.0 289.4          M       11
================================================================================
AV 75.5 45.1                              12.6 FASTST   M    M   0    MAX(MPH)
                                 MISC ---->    44   M               # 58   10
================================================================================
NOTES:
# LAST OF SEVERAL OCCURRENCES

COLUMN 17 PEAK WIND IN M.P.H.

PRELIMINARY LOCAL CLIMATOLOGICAL DATA (WS FORM: F-6) , PAGE 2

                                          STATION:  Artesia
                                          MONTH:    APRIL
                                          YEAR:     2014
                                          LATITUDE:   32 54 N
                                          LONGITUDE: 104 30 W

[TEMPERATURE DATA]      [PRECIPITATION DATA]       SYMBOLS USED IN COLUMN 16

AVERAGE MONTHLY: 60.3   TOTAL FOR MONTH:   0.28    1 = FOG OR MIST
DPTR FM NORMAL:     M   DPTR FM NORMAL:       M    2 = FOG REDUCING VISIBILITY
HIGHEST:    88 ON  9    GRTST 24HR  0.28 ON 19-19      TO 1/4 MILE OR LESS
LOWEST:     27 ON 15                               3 = THUNDER
                        SNOW, ICE PELLETS, HAIL    4 = ICE PELLETS
                        TOTAL MONTH:   0.0 INCH    5 = HAIL
                        GRTST 24HR     0.0         6 = FREEZING RAIN OR DRIZZLE
                        GRTST DEPTH:   0           7 = DUSTSTORM OR SANDSTORM:
                                                       VSBY 1/2 MILE OR LESS
                                                   8 = SMOKE OR HAZE
[NO. OF DAYS WITH]      [WEATHER - DAYS WITH]      9 = BLOWING SNOW
                                                   X = TORNADO
MAX 32 OR BELOW:   0    0.01 INCH OR MORE:   1
MAX 90 OR ABOVE:   0    0.10 INCH OR MORE:   1
MIN 32 OR BELOW:   2    0.50 INCH OR MORE:   0
MIN  0 OR BELOW:   0    1.00 INCH OR MORE:   0

[HDD (BASE 65) ]
TOTAL THIS MO.   130    CLEAR  (SCALE 0-3)  21
DPTR FM NORMAL     M    PTCLDY (SCALE 4-7)   2
TOTAL FM JUL 1  3141    CLOUDY (SCALE 8-10)  0
DPTR FM NORMAL     M

[CDD (BASE 65) ]
TOTAL THIS MO.    29
DPTR FM NORMAL     M    [PRESSURE DATA]
TOTAL FM JAN 1    29    HIGHEST SLP M ON M
DPTR FM NORMAL     M    LOWEST  SLP M ON M

[REMARKS]
