000
CXUS54 KMAF 241100
CF6ATS
PRELIMINARY LOCAL CLIMATOLOGICAL DATA (WS FORM: F-6)

                                          STATION:   Artesia
                                          MONTH:     FEBRUARY
                                          YEAR:      2017
                                          LATITUDE:   32 54 N
                                          LONGITUDE: 104 30 W

  TEMPERATURE IN F:       :PCPN:    SNOW:  WIND      :SUNSHINE: SKY     :PK WND
================================================================================
1   2   3   4   5  6A  6B    7    8   9   10  11  12  13   14  15   16   17  18
                                     12Z  AVG MX 2MIN
DY MAX MIN AVG DEP HDD CDD  WTR  SNW DPTH SPD SPD DIR MIN PSBL S-S WX    SPD DR
================================================================================

 1  73  41  57   M   8   0 0.00  0.0    0  8.4 15 250   M    M   0         M  M
 2  50  28  39   M  26   0 0.00  0.0    0  6.7 10 170   M    M   0        16 120
 3  50  27  39   M  26   0 0.00  0.0    0  6.8 12 130   M    M   0        17 110
 4  66  23  45   M  20   0 0.00  0.0    0  5.9 13 250   M    M   0         M  M
 5  75  28  52   M  13   0 0.00  0.0    0  7.2 15 210   M    M   0        18 210
 6  73  43  58   M   7   0 0.00  0.0    0 14.1 25 240   M    M   0        30 240
 7  73  37  55   M  10   0 0.00  0.0    0 11.0 22 260   M    M   0        30 260
 8  79  41  60   M   5   0 0.00  0.0    0  6.8 14 340   M    M   0        18  40
 9  72  36  54   M  11   0 0.00  0.0    0  8.8 17 140   M    M   0        17 150
10  88  37  63   M   2   0 0.00  0.0    0 10.5 27 250   M    M   0        35 250
11  86  52  69   M   0   4 0.00  0.0    0 15.8 27 240   M    M   0        39 240
12  61  48  55   M  10   0 0.00  0.0    0 13.9 21 350   M    M   3        29  10
13  48  34  41   M  24   0 0.17    M    0  6.7 15 120   M    M   9 3      21 120
14  48  32  40   M  25   0 0.00  0.0    0 14.1 27  10   M    M   7        35  10
15  55  27  41   M  24   0 0.00  0.0    0  7.1 12 240   M    M   0         M  M
16  64  32  48   M  17   0 0.00  0.0    0  8.3 14 230   M    M   0        22 220
17  72  36  54   M  11   0 0.03    M    0 11.6 23 250   M    M   0        27 280
18  72  41  57   M   8   0 0.00  0.0    0  6.6 21 140   M    M   0        23 160
19  63  41  52   M  13   0 0.00  0.0    0 13.3 24 220   M    M   1        32 210
20  72  39  56   M   9   0 0.00  0.0    0 11.9 18 250   M    M   0        30 350
21  84  36  60   M   5   0 0.00  0.0    0  6.3 15 230   M    M   0 8      14  99
22  84  43  64   M   1   0 0.00  0.0    0  9.1 24 220   M    M   0        32 230
23  75  48  62   M   3   0 0.00  0.0    0 23.2 41 240   M    M   0 8      54 250
================================================================================
SM 1583  850       278   4  0.20     0.0 234.1          M       20
================================================================================
AV 68.8 37.0                              10.2 FASTST   M    M   1    MAX(MPH)
                                 MISC ---->    41   M                 54    M
================================================================================
NOTES:
# LAST OF SEVERAL OCCURRENCES

COLUMN 17 PEAK WIND IN M.P.H.

PRELIMINARY LOCAL CLIMATOLOGICAL DATA (WS FORM: F-6) , PAGE 2

                                          STATION:  Artesia
                                          MONTH:    FEBRUARY
                                          YEAR:     2017
                                          LATITUDE:   32 54 N
                                          LONGITUDE: 104 30 W

[TEMPERATURE DATA]      [PRECIPITATION DATA]       SYMBOLS USED IN COLUMN 16

AVERAGE MONTHLY: 52.9   TOTAL FOR MONTH:   0.20    1 = FOG OR MIST
DPTR FM NORMAL:     M   DPTR FM NORMAL:       M    2 = FOG REDUCING VISIBILITY
HIGHEST:    88 ON 10    GRTST 24HR  0.17 ON 13-13      TO 1/4 MILE OR LESS
LOWEST:     23 ON  4                               3 = THUNDER
                        SNOW, ICE PELLETS, HAIL    4 = ICE PELLETS
                        TOTAL MONTH:   0.0 INCH    5 = HAIL
                        GRTST 24HR     0.0         6 = FREEZING RAIN OR DRIZZLE
                        GRTST DEPTH:   0           7 = DUSTSTORM OR SANDSTORM:
                                                       VSBY 1/2 MILE OR LESS
                                                   8 = SMOKE OR HAZE
[NO. OF DAYS WITH]      [WEATHER - DAYS WITH]      9 = BLOWING SNOW
                                                   X = TORNADO
MAX 32 OR BELOW:   0    0.01 INCH OR MORE:   2
MAX 90 OR ABOVE:   0    0.10 INCH OR MORE:   1
MIN 32 OR BELOW:   7    0.50 INCH OR MORE:   0
MIN  0 OR BELOW:   0    1.00 INCH OR MORE:   0

[HDD (BASE 65) ]
TOTAL THIS MO.   278    CLEAR  (SCALE 0-3)  21
DPTR FM NORMAL     M    PTCLDY (SCALE 4-7)   1
TOTAL FM JUL 1  1940    CLOUDY (SCALE 8-10)  1
DPTR FM NORMAL     M

[CDD (BASE 65) ]
TOTAL THIS MO.     4
DPTR FM NORMAL     M    [PRESSURE DATA]
TOTAL FM JAN 1     4    HIGHEST SLP M ON M
DPTR FM NORMAL     M    LOWEST  SLP M ON M

[REMARKS]
