000
CXUS54 KMAF 231100
CF6ATS
PRELIMINARY LOCAL CLIMATOLOGICAL DATA (WS FORM: F-6)

                                          STATION:   Artesia
                                          MONTH:     JULY
                                          YEAR:      2017
                                          LATITUDE:   32 54 N
                                          LONGITUDE: 104 30 W

  TEMPERATURE IN F:       :PCPN:    SNOW:  WIND      :SUNSHINE: SKY     :PK WND
================================================================================
1   2   3   4   5  6A  6B    7    8   9   10  11  12  13   14  15   16   17  18
                                     12Z  AVG MX 2MIN
DY MAX MIN AVG DEP HDD CDD  WTR  SNW DPTH SPD SPD DIR MIN PSBL S-S WX    SPD DR
================================================================================

 1  91  63  77   M   0  12 0.66  0.0    0 11.2 22  30   M    M   3 3      39  30
 2  93  66  80   M   0  15 0.00  0.0    0 12.3 20 240   M    M   0        23 150
 3  99  70  85   M   0  20 0.00  0.0    0 10.1 28 160   M    M   0        30 160
 4  99  70  85   M   0  20 0.00  0.0    0  9.0 24 110   M    M   0 8      36 100
 5  93  64  79   M   0  14 0.00  0.0    0 11.4 29 150   M    M   1 3      40 150
 6  93  68  81   M   0  16 0.00  0.0    0  7.4 15 120   M    M   0        21 100
 7  91  66  79   M   0  14 0.00  0.0    0  6.4 18 160   M    M   0        27 160
 8  95  68  82   M   0  17 0.00  0.0    0  7.4 21  10   M    M   0        21  99
 9  93  72  83   M   0  18 0.00  0.0    0  7.3 17 260   M    M   1        24 260
10  99  66  83   M   0  18 0.00  0.0    0  8.7 15 140   M    M   0        23 130
11  97  70  84   M   0  19 0.00  0.0    0 10.9 16 140   M    M   0        23 140
12  97  72  85   M   0  20 0.00  0.0    0 12.3 24 160   M    M   0        28 150
13  91  70  81   M   0  16 0.00  0.0    0 13.5 18 130   M    M   1        27 140
14  86  68  77   M   0  12 0.00  0.0    0  9.1 17 150   M    M   3        25 150
15  84  70  77   M   0  12 0.00  0.0    0  6.9 31 200   M    M   1 3      39 200
16  93  64  79   M   0  14 0.09  0.0    0  7.9 24 130   M    M   1        39 130
17  95  66  81   M   0  16 0.00  0.0    0  8.6 14 150   M    M   0        21 140
18  97  72  85   M   0  20 0.00  0.0    0  8.8 16 120   M    M   0        25 120
19  95  72  84   M   0  19 0.00  0.0    0  9.3 23 210   M    M   1        37 160
20  95  68  82   M   0  17 0.00  0.0    0  8.3 16 160   M    M   0        22 120
21  95  68  82   M   0  17 0.00  0.0    0  6.7 24 240   M    M   0 3      33 240
22  93  72  83   M   0  18 0.00  0.0    0  8.4 24 190   M    M   0 3      35 170
================================================================================
SM 2064 1505         0 364  0.75     0.0 201.9          M       12
================================================================================
AV 93.8 68.4                               9.2 FASTST   M    M   1    MAX(MPH)
                                 MISC ---->  # 31 200               # 40  150
================================================================================
NOTES:
# LAST OF SEVERAL OCCURRENCES

COLUMN 17 PEAK WIND IN M.P.H.

PRELIMINARY LOCAL CLIMATOLOGICAL DATA (WS FORM: F-6) , PAGE 2

                                          STATION:  Artesia
                                          MONTH:    JULY
                                          YEAR:     2017
                                          LATITUDE:   32 54 N
                                          LONGITUDE: 104 30 W

[TEMPERATURE DATA]      [PRECIPITATION DATA]       SYMBOLS USED IN COLUMN 16

AVERAGE MONTHLY: 81.1   TOTAL FOR MONTH:   0.75    1 = FOG OR MIST
DPTR FM NORMAL:     M   DPTR FM NORMAL:       M    2 = FOG REDUCING VISIBILITY
HIGHEST:    99 ON 10, 4 GRTST 24HR  0.66 ON  1- 1      TO 1/4 MILE OR LESS
LOWEST:     63 ON  1                               3 = THUNDER
                        SNOW, ICE PELLETS, HAIL    4 = ICE PELLETS
                        TOTAL MONTH:   0.0 INCH    5 = HAIL
                        GRTST 24HR     0.0         6 = FREEZING RAIN OR DRIZZLE
                        GRTST DEPTH:   0           7 = DUSTSTORM OR SANDSTORM:
                                                       VSBY 1/2 MILE OR LESS
                                                   8 = SMOKE OR HAZE
[NO. OF DAYS WITH]      [WEATHER - DAYS WITH]      9 = BLOWING SNOW
                                                   X = TORNADO
MAX 32 OR BELOW:   0    0.01 INCH OR MORE:   2
MAX 90 OR ABOVE:  20    0.10 INCH OR MORE:   1
MIN 32 OR BELOW:   0    0.50 INCH OR MORE:   1
MIN  0 OR BELOW:   0    1.00 INCH OR MORE:   0

[HDD (BASE 65) ]
TOTAL THIS MO.     0    CLEAR  (SCALE 0-3)  22
DPTR FM NORMAL     M    PTCLDY (SCALE 4-7)   0
TOTAL FM JUL 1     0    CLOUDY (SCALE 8-10)  0
DPTR FM NORMAL     M

[CDD (BASE 65) ]
TOTAL THIS MO.   364
DPTR FM NORMAL     M    [PRESSURE DATA]
TOTAL FM JAN 1  1146    HIGHEST SLP M ON M
DPTR FM NORMAL     M    LOWEST  SLP M ON M

[REMARKS]
