000
CXUS55 KABR 241400
CF6ATY
PRELIMINARY LOCAL CLIMATOLOGICAL DATA (WS FORM: F-6)

                                          STATION:   WATERTOWN SD
                                          MONTH:     JULY
                                          YEAR:      2017
                                          LATITUDE:   44 55 N
                                          LONGITUDE:  97  9 W

  TEMPERATURE IN F:       :PCPN:    SNOW:  WIND      :SUNSHINE: SKY     :PK WND
================================================================================
1   2   3   4   5  6A  6B    7    8   9   10  11  12  13   14  15   16   17  18
                                     12Z  AVG MX 2MIN
DY MAX MIN AVG DEP HDD CDD  WTR  SNW DPTH SPD SPD DIR MIN PSBL S-S WX    SPD DR
================================================================================

 1  82  49  66  -4   0   1 0.00  0.0    0  9.6 22 220   M    M   1        25 230
 2  76  56  66  -4   0   1 0.00  0.0    0  7.5 16  50   M    M   0        23  50
 3  81  59  70   0   0   5 0.00  0.0    0  7.4 15 150   M    M   0 38     22 160
 4  90  66  78   8   0  13 0.02  0.0    0 10.4 21 200   M    M   1 3      25 210
 5  92  68  80   9   0  15 0.00  0.0    0 11.8 30 210   M    M   0        35 210
 6  88  60  74   3   0   9    T  0.0    0  9.4 22 360   M    M   0        28 340
 7  85  53  69  -2   0   4 0.00  0.0    0  8.7 20 340   M    M   0        26 350
 8  85  55  70  -1   0   5 0.00  0.0    0  5.0 18 350   M    M   0        23 350
 9  93  62  78   7   0  13 0.00  0.0    0 12.8 24 200   M    M   0        30 210
10  84  61  73   2   0   8 0.00  0.0    0  8.2 16  30   M    M   0        23  50
11  92  66  79   8   0  14 1.59  0.0    0 17.1  M 330   M    M   2 13      M 340
12  78  59  69  -2   0   4 0.00  0.0    0 16.5  M 330   M    M   1         M 330
13  71  56  64  -7   1   0 0.00  0.0    0  8.4 17 350   M    M   6        21 350
14  82  49  66  -6   0   1 0.00  0.0    0  5.4 16  10   M    M   0 1      19  20
15  89  61  75   3   0  10 0.00  0.0    0  8.9 18  10   M    M   0        22  20
16  84  59  72   0   0   7 0.00  0.0    0  8.7 15 160   M    M   0        20 150
17  94  67  81   9   0  16    T  0.0    0 13.9 28 210   M    M   0 3      34 200
18  79  61  70  -2   0   5 0.08  0.0    0  6.9 37 350   M    M   1 13     48 360
19  78  60  69  -3   0   4 0.06  0.0    0  8.4 25  50   M    M   1 13     31  50
20  87  61  74   2   0   9 0.00  0.0    0  6.0 16 170   M    M   2 12     20 150
21  88  65  77   6   0  12 0.94  0.0    0  8.1 31 210   M    M   1 13     41 220
22  86  63  75   4   0  10 0.51  0.0    0  8.1 25 150   M    M   1 13     33 130
23  78  59  69  -2   0   4 0.00  0.0    0  7.4 18 330   M    M   2        25 350
================================================================================
SM 1942 1375         1 170  3.20     0.0 214.6          M       19
================================================================================
AV 84.4 59.8                               9.3 FASTST   M    M   1    MAX(MPH)
                                 MISC ---->  # 37 350               # 48  360
================================================================================
NOTES:
# LAST OF SEVERAL OCCURRENCES

COLUMN 17 PEAK WIND IN M.P.H.

PRELIMINARY LOCAL CLIMATOLOGICAL DATA (WS FORM: F-6) , PAGE 2

                                          STATION:  WATERTOWN SD
                                          MONTH:    JULY
                                          YEAR:     2017
                                          LATITUDE:   44 55 N
                                          LONGITUDE:  97  9 W

[TEMPERATURE DATA]      [PRECIPITATION DATA]       SYMBOLS USED IN COLUMN 16

AVERAGE MONTHLY: 72.1   TOTAL FOR MONTH:   3.20    1 = FOG OR MIST
DPTR FM NORMAL:   1.0   DPTR FM NORMAL:    0.95    2 = FOG REDUCING VISIBILITY
HIGHEST:    94 ON 17    GRTST 24HR  1.59 ON 11-11      TO 1/4 MILE OR LESS
LOWEST:     49 ON 14, 1                            3 = THUNDER
                        SNOW, ICE PELLETS, HAIL    4 = ICE PELLETS
                        TOTAL MONTH:   0.0 INCH    5 = HAIL
                        GRTST 24HR     0.0         6 = FREEZING RAIN OR DRIZZLE
                        GRTST DEPTH:   0           7 = DUSTSTORM OR SANDSTORM:
                                                       VSBY 1/2 MILE OR LESS
                                                   8 = SMOKE OR HAZE
[NO. OF DAYS WITH]      [WEATHER - DAYS WITH]      9 = BLOWING SNOW
                                                   X = TORNADO
MAX 32 OR BELOW:   0    0.01 INCH OR MORE:   6
MAX 90 OR ABOVE:   5    0.10 INCH OR MORE:   3
MIN 32 OR BELOW:   0    0.50 INCH OR MORE:   3
MIN  0 OR BELOW:   0    1.00 INCH OR MORE:   1

[HDD (BASE 65) ]
TOTAL THIS MO.     1    CLEAR  (SCALE 0-3)  22
DPTR FM NORMAL    -9    PTCLDY (SCALE 4-7)   1
TOTAL FM JUL 1     1    CLOUDY (SCALE 8-10)  0
DPTR FM NORMAL    -9

[CDD (BASE 65) ]
TOTAL THIS MO.   170
DPTR FM NORMAL    16    [PRESSURE DATA]
TOTAL FM JAN 1   286    HIGHEST SLP M ON M
DPTR FM NORMAL    14    LOWEST  SLP 29.60 ON 11

[REMARKS]
