000
CXUS55 KABR 171400
CF6ATY
PRELIMINARY LOCAL CLIMATOLOGICAL DATA (WS FORM: F-6)

                                          STATION:   WATERTOWN SD
                                          MONTH:     JANUARY
                                          YEAR:      2017
                                          LATITUDE:   44 55 N
                                          LONGITUDE:  97  9 W

  TEMPERATURE IN F:       :PCPN:    SNOW:  WIND      :SUNSHINE: SKY     :PK WND
================================================================================
1   2   3   4   5  6A  6B    7    8   9   10  11  12  13   14  15   16   17  18
                                     12Z  AVG MX 2MIN
DY MAX MIN AVG DEP HDD CDD  WTR  SNW DPTH SPD SPD DIR MIN PSBL S-S WX    SPD DR
================================================================================

 1  24   6  15   2  50   0 0.06  2.0    6  9.4 18  70   M    M   4 1      24 110
 2  26  15  21   8  44   0 0.05  2.0    8  8.6 20 300   M    M  10 12     25 290
 3  15  -9   3 -10  62   0    T    T   10 17.8 24 310   M    M   5 18     30 300
 4  -5 -16 -10 -23  75   0 0.00  0.0   10 10.0 20 290   M    M   2        24 300
 5  -6 -19 -12 -25  77   0 0.00  0.0   10 10.0 18 320   M    M   2 18     22 320
 6   5 -17  -6 -19  71   0 0.01  0.1   10  4.5 12 200   M    M   5 18     13 210
 7  -3 -16  -9 -21  74   0 0.00  0.0    9  4.6 10 320   M    M   1 18     13 320
 8  20 -14   3  -9  62   0    T    T   10 15.6 30 170   M    M   5 18     39 170
 9  20  -2   9  -3  56   0 0.03  0.3   10  8.2 16 130   M    M   5 18     24 140
10  23  -1  11  -1  54   0 0.40  3.8   12 13.8 28 300   M    M   8 168    33 300
11   3  -2   1 -11  64   0 0.02  0.8   15 10.2 23 350   M    M   7 18     27 350
12   5 -17  -6 -18  71   0 0.00  0.0   15 11.6 24 320   M    M   3        29 320
13  10 -17  -3 -15  68   0    T    T   15 10.5 21 180   M    M   4        25 160
14  15  -5   5  -7  60   0 0.00  0.0   15  3.1 13 200   M    M   0        13 200
15  23  -2  11  -1  54   0 0.00  0.0   15  6.6 13 170   M    M   0 18     15 170
16  26   2  14   2  51   0 0.00  0.0   15  2.6 10 320   M    M   1 128    11 320
================================================================================
SM  201 -114       993   0  0.57     9.0 147.1          M       62
================================================================================
AV 12.6 -7.1                               9.2 FASTST   M    M   4    MAX(MPH)
                                 MISC ---->  # 30 170               # 39  170
================================================================================
NOTES:
# LAST OF SEVERAL OCCURRENCES

COLUMN 17 PEAK WIND IN M.P.H.

PRELIMINARY LOCAL CLIMATOLOGICAL DATA (WS FORM: F-6) , PAGE 2

                                          STATION:  WATERTOWN SD
                                          MONTH:    JANUARY
                                          YEAR:     2017
                                          LATITUDE:   44 55 N
                                          LONGITUDE:  97  9 W

[TEMPERATURE DATA]      [PRECIPITATION DATA]       SYMBOLS USED IN COLUMN 16

AVERAGE MONTHLY:  2.7   TOTAL FOR MONTH:   0.57    1 = FOG OR MIST
DPTR FM NORMAL:  -9.7   DPTR FM NORMAL:    0.30    2 = FOG REDUCING VISIBILITY
HIGHEST:    26 ON 16, 2 GRTST 24HR  0.40 ON 10-10      TO 1/4 MILE OR LESS
LOWEST:    -19 ON  5                               3 = THUNDER
                        SNOW, ICE PELLETS, HAIL    4 = ICE PELLETS
                        TOTAL MONTH:   9.0 INCHES  5 = HAIL
                        GRTST 24HR   3.8 ON   M    6 = FREEZING RAIN OR DRIZZLE
                        GRTST DEPTH:  15 ON 16,15  7 = DUSTSTORM OR SANDSTORM:
                                                       VSBY 1/2 MILE OR LESS
                                                   8 = SMOKE OR HAZE
[NO. OF DAYS WITH]      [WEATHER - DAYS WITH]      9 = BLOWING SNOW
                                                   X = TORNADO
MAX 32 OR BELOW:  16    0.01 INCH OR MORE:   6
MAX 90 OR ABOVE:   0    0.10 INCH OR MORE:   1
MIN 32 OR BELOW:  16    0.50 INCH OR MORE:   0
MIN  0 OR BELOW:  13    1.00 INCH OR MORE:   0

[HDD (BASE 65) ]
TOTAL THIS MO.   993    CLEAR  (SCALE 0-3)   7
DPTR FM NORMAL   152    PTCLDY (SCALE 4-7)   8
TOTAL FM JUL 1  3959    CLOUDY (SCALE 8-10)  1
DPTR FM NORMAL  -341

[CDD (BASE 65) ]
TOTAL THIS MO.     0
DPTR FM NORMAL     0    [PRESSURE DATA]
TOTAL FM JAN 1     0    HIGHEST SLP M ON M
DPTR FM NORMAL     0    LOWEST  SLP 29.59 ON 10

[REMARKS]
