000
CXUS51 KGYX 271000
CF6AUG
PRELIMINARY LOCAL CLIMATOLOGICAL DATA (WS FORM: F-6)

                                          STATION:   AUGUSTA
                                          MONTH:     FEBRUARY
                                          YEAR:      2017
                                          LATITUDE:   44 18 N
                                          LONGITUDE:  69 48 W

  TEMPERATURE IN F:       :PCPN:    SNOW:  WIND      :SUNSHINE: SKY     :PK WND
================================================================================
1   2   3   4   5  6A  6B    7    8   9   10  11  12  13   14  15   16   17  18
                                     12Z  AVG MX 2MIN
DY MAX MIN AVG DEP HDD CDD  WTR  SNW DPTH SPD SPD DIR MIN PSBL S-S WX    SPD DR
================================================================================

 1  24  12  18  -2  47   0 0.05    M    M  4.1 10 330   M    M   7 18     12 330
 2  33  11  22   2  43   0    T    M    M  6.4 17 310   M    M   4 18     27 280
 3  28  11  20   0  45   0 0.00    M    M  5.1 15 340   M    M   6        20 310
 4  25  13  19  -2  46   0 0.00  0.0    M  7.7 18 300   M    M   4        30 250
 5  35  17  26   5  39   0 0.00  0.0    M  6.6 17 190   M    M   7        26 180
 6  31  17  24   3  41   0    T    M    M  9.5 29 300   M    M   3        40 300
 7  17  11  14  -7  51   0 0.23    M    M  9.8 16  30   M    M  10 189    22  30
 8  44  11  28   7  37   0 0.15    M    M  6.7 15  10   M    M   4 189    19 360
 9  29   8  19  -3  46   0 0.70    M    M 15.8 31 340   M    M   8 1289   41 320
10  12   3   8 -14  57   0    T    M    M 10.3 25 320   M    M   4 89     34 330
11  10   3   7 -15  58   0 0.05    M    M  9.8 18  10   M    M   9 1      26  10
12  20  10  15  -7  50   0 0.55    M    M 11.8 17  20   M    M  10 18     23  10
13  23  18  21  -2  44   0 1.43    M    M 22.2 37 340   M    M  10 128    50 340
14  27  12  20  -3  45   0    T    M    M  5.1 21 340   M    M   2 8      24 340
15  36  12  24   1  41   0 0.08    M    M  7.8 18  20   M    M  10 18     25  10
16  31  21  26   3  39   0 0.01    M    0 11.0 20  10   M    M   6 18     27 320
17  33  22  28   4  37   0 0.00    M    M 12.0 23 310   M    M   0        32 300
18  40  22  31   7  34   0 0.00    M    M  4.2 13 150   M    M   4        18 160
19  53  28  41  17  24   0    T    M    M  7.1 20 300   M    M   5        31 290
20  39  24  32   8  33   0 0.00  0.0    M 11.9 20 350   M    M   5        27 320
21  39  19  29   4  36   0 0.00  0.0    M  4.7 10 160   M    M   0 8      14 150
22  50  31  41  16  24   0 0.00  0.0    M  2.0  7 150   M    M   3         M  M
23  52  26  39  14  26   0 0.00  0.0  999  5.0 16 170   M    M   2 12     22 190
24  53  37  45  19  20   0 0.01  0.0  999  3.6  9 170   M    M   6 12     13 170
25  55  36  46  20  19   0 0.45  0.0  999  6.0 16 220   M    M  10 12     23 210
26  47  22  35   9  30   0 0.02  0.0  999 11.8 22 300   M    M   4 1      34 290
================================================================================
SM  886  457      1012   0  3.73     0.0 218.0          M      143
================================================================================
AV 34.1 17.6                               8.4 FASTST   M    M   6    MAX(MPH)
                                 MISC ---->  # 37 340               # 50  340
================================================================================
NOTES:
# LAST OF SEVERAL OCCURRENCES

COLUMN 17 PEAK WIND IN M.P.H.

PRELIMINARY LOCAL CLIMATOLOGICAL DATA (WS FORM: F-6) , PAGE 2

                                          STATION:  AUGUSTA
                                          MONTH:    FEBRUARY
                                          YEAR:     2017
                                          LATITUDE:   44 18 N
                                          LONGITUDE:  69 48 W

[TEMPERATURE DATA]      [PRECIPITATION DATA]       SYMBOLS USED IN COLUMN 16

AVERAGE MONTHLY: 25.8   TOTAL FOR MONTH:   3.73    1 = FOG OR MIST
DPTR FM NORMAL:   3.0   DPTR FM NORMAL:    1.49    2 = FOG REDUCING VISIBILITY
HIGHEST:    55 ON 25    GRTST 24HR  1.43 ON 13-13      TO 1/4 MILE OR LESS
LOWEST:      3 ON 11,10                            3 = THUNDER
                        SNOW, ICE PELLETS, HAIL    4 = ICE PELLETS
                        TOTAL MONTH:   0.0 INCH    5 = HAIL
                        GRTST 24HR     0.0         6 = FREEZING RAIN OR DRIZZLE
                        GRTST DEPTH: 999 ON 26,25  7 = DUSTSTORM OR SANDSTORM:
                                                       VSBY 1/2 MILE OR LESS
                                                   8 = SMOKE OR HAZE
[NO. OF DAYS WITH]      [WEATHER - DAYS WITH]      9 = BLOWING SNOW
                                                   X = TORNADO
MAX 32 OR BELOW:  12    0.01 INCH OR MORE:  12
MAX 90 OR ABOVE:   0    0.10 INCH OR MORE:   6
MIN 32 OR BELOW:  24    0.50 INCH OR MORE:   3
MIN  0 OR BELOW:   0    1.00 INCH OR MORE:   1

[HDD (BASE 65) ]
TOTAL THIS MO.  1012    CLEAR  (SCALE 0-3)   6
DPTR FM NORMAL   -83    PTCLDY (SCALE 4-7)  13
TOTAL FM JUL 1  4753    CLOUDY (SCALE 8-10)  7
DPTR FM NORMAL  -513

[CDD (BASE 65) ]
TOTAL THIS MO.     0
DPTR FM NORMAL     0    [PRESSURE DATA]
TOTAL FM JAN 1     0    HIGHEST SLP M ON M
DPTR FM NORMAL     0    LOWEST  SLP 29.27 ON 16

[REMARKS]
