000
CXUS53 KGRB 250740
CF6AUW
PRELIMINARY LOCAL CLIMATOLOGICAL DATA (WS FORM: F-6)

                                          STATION:   WAUSAU WI
                                          MONTH:     MAY
                                          YEAR:      2017
                                          LATITUDE:   44 55 N
                                          LONGITUDE:  89 37 W

  TEMPERATURE IN F:       :PCPN:    SNOW:  WIND      :SUNSHINE: SKY     :PK WND
================================================================================
1   2   3   4   5  6A  6B    7    8   9   10  11  12  13   14  15   16   17  18
                                     12Z  AVG MX 2MIN
DY MAX MIN AVG DEP HDD CDD  WTR  SNW DPTH SPD SPD DIR MIN PSBL S-S WX    SPD DR
================================================================================

 1  46  35  41 -10  24   0 0.43  0.0    0  7.8 20 200   M    M  10 1      28  50
 2  51  35  43  -8  22   0    T  0.0    0 11.1 24 340   M    M   6 1      33 340
 3  64  30  47  -5  18   0 0.00  0.0    0  5.7 14 170   M    M   1        18 190
 4  66  36  51  -1  14   0    T    M    0  5.4 18 350   M    M   3        24 350
 5  65  38  52   0  13   0 0.07  0.0    0  5.3 14 330   M    M   3        20 330
 6  61  38  50  -2  15   0 0.00  0.0    0  8.7 21 350   M    M   1        28  10
 7  58  35  47  -6  18   0 0.00  0.0    0  8.6 17 330   M    M   0        25 330
 8  63  29  46  -7  19   0 0.00  0.0    0  4.0 14 180   M    M   1        16 180
 9  51  42  47  -7  18   0 0.02  0.0    0  6.3 13 120   M    M   8        15 110
10  67  44  56   2   9   0 0.01  0.0    0  3.2 10 350   M    M   6        14 280
11  70  43  57   3   8   0 0.00  0.0    0  5.1 16 290   M    M   6 12     20 350
12  70  50  60   6   5   0 0.00  0.0    0  5.6 18 340   M    M   4        23 350
13  68  49  59   4   6   0 0.00  0.0    0  6.3 16 340   M    M   4        22 340
14  70  43  57   2   8   0 0.00  0.0    0  8.6 17 120   M    M   2        23 120
15  75  49  62   7   3   0 0.23  0.0    0  9.6 18 130   M    M   5 13     24 130
16  79  53  66  10   0   1 0.92  0.0    0  9.3 24 290   M    M   7 13     31 280
17  74  55  65   9   0   0 1.04  0.0    0  7.5 36 240   M    M   6 13     57 250
18  58  37  48  -8  17   0 0.10  0.0    0 11.5 21 320   M    M   9 1      33 310
19  55  34  45 -12  20   0 0.00  0.0    0  8.0 17  60   M    M   0        23  60
20  53  37  45 -12  20   0 0.25  0.0    0 13.6 23 110   M    M   6 1      31 100
21  55  45  50  -7  15   0 0.06  0.0    0  9.8 20 210   M    M  10 1      28 230
22  65  43  54  -3  11   0 0.03  0.0    0 10.3 21 270   M    M   6 1      28 260
23  58  47  53  -5  12   0 0.14  0.0    0  6.0 18  70   M    M   9        23  80
24  56  47  52  -6  13   0 0.14  0.0    0  5.7 13  50   M    M   9        17  50
================================================================================
SM 1498  994       308   1  3.44     0.0 183.0          M      122
================================================================================
AV 62.4 41.4                               7.6 FASTST   M    M   5    MAX(MPH)
                                 MISC ---->  # 36 240               # 57  250
================================================================================
NOTES:
# LAST OF SEVERAL OCCURRENCES

COLUMN 17 PEAK WIND IN M.P.H.

PRELIMINARY LOCAL CLIMATOLOGICAL DATA (WS FORM: F-6) , PAGE 2

                                          STATION:  WAUSAU WI
                                          MONTH:    MAY
                                          YEAR:     2017
                                          LATITUDE:   44 55 N
                                          LONGITUDE:  89 37 W

[TEMPERATURE DATA]      [PRECIPITATION DATA]       SYMBOLS USED IN COLUMN 16

AVERAGE MONTHLY: 51.9   TOTAL FOR MONTH:   3.44    1 = FOG OR MIST
DPTR FM NORMAL:  -2.6   DPTR FM NORMAL:    0.83    2 = FOG REDUCING VISIBILITY
HIGHEST:    79 ON 16    GRTST 24HR  1.04 ON 17-17      TO 1/4 MILE OR LESS
LOWEST:     29 ON  8                               3 = THUNDER
                        SNOW, ICE PELLETS, HAIL    4 = ICE PELLETS
                        TOTAL MONTH:   0.0 INCH    5 = HAIL
                        GRTST 24HR     0.0         6 = FREEZING RAIN OR DRIZZLE
                        GRTST DEPTH:   0           7 = DUSTSTORM OR SANDSTORM:
                                                       VSBY 1/2 MILE OR LESS
                                                   8 = SMOKE OR HAZE
[NO. OF DAYS WITH]      [WEATHER - DAYS WITH]      9 = BLOWING SNOW
                                                   X = TORNADO
MAX 32 OR BELOW:   0    0.01 INCH OR MORE:  13
MAX 90 OR ABOVE:   0    0.10 INCH OR MORE:   8
MIN 32 OR BELOW:   2    0.50 INCH OR MORE:   2
MIN  0 OR BELOW:   0    1.00 INCH OR MORE:   1

[HDD (BASE 65) ]
TOTAL THIS MO.   308    CLEAR  (SCALE 0-3)   8
DPTR FM NORMAL    46    PTCLDY (SCALE 4-7)  11
TOTAL FM JUL 1  7179    CLOUDY (SCALE 8-10)  5
DPTR FM NORMAL  -935

[CDD (BASE 65) ]
TOTAL THIS MO.     1
DPTR FM NORMAL    -6    [PRESSURE DATA]
TOTAL FM JAN 1     1    HIGHEST SLP M ON M
DPTR FM NORMAL    -8    LOWEST  SLP 29.30 ON  1

[REMARKS]
