000
CXUS53 KGRB 190735
CF6AUW
PRELIMINARY LOCAL CLIMATOLOGICAL DATA (WS FORM: F-6)

                                          STATION:   WAUSAU WI
                                          MONTH:     FEBRUARY
                                          YEAR:      2017
                                          LATITUDE:   44 55 N
                                          LONGITUDE:  89 37 W

  TEMPERATURE IN F:       :PCPN:    SNOW:  WIND      :SUNSHINE: SKY     :PK WND
================================================================================
1   2   3   4   5  6A  6B    7    8   9   10  11  12  13   14  15   16   17  18
                                     12Z  AVG MX 2MIN
DY MAX MIN AVG DEP HDD CDD  WTR  SNW DPTH SPD SPD DIR MIN PSBL S-S WX    SPD DR
================================================================================

 1  25   3  14  -2  51   0 0.00  0.0    9 10.5 18 290   M    M   4        24 330
 2  10  -1   5 -11  60   0 0.00  0.0    9 13.7 23 280   M    M   1        29 260
 3  14  -4   5 -11  60   0 0.00  0.0    9  8.9 20 280   M    M   0        26 260
 4  26  -4  11  -5  54   0 0.03  0.4    9  8.6 21 190   M    M   6 18     28 210
 5  27  17  22   6  43   0    T    T    9  7.8 17 330   M    M   5        25 340
 6  32   8  20   3  45   0 0.00  0.0    9  6.9 17 100   M    M   4        23  90
 7  30  20  25   8  40   0 0.05    T    9  9.1 21 330   M    M  10 16     28 300
 8  20   2  11  -6  54   0 0.00  0.0    8 10.4 17 310   M    M   8        24 310
 9  11  -4   4 -13  61   0 0.00  0.0    8  7.8 17 280   M    M   0        21 290
10  35  11  23   5  42   0 0.00  0.0    8 10.1 20 190   M    M   5        24 180
11  40  28  34  16  31   0 0.00  0.0    8  2.7  9 170   M    M   5 1      11 160
12  36  25  31  13  34   0    T  0.0    7 15.5 32 300   M    M   4 1      44 290
13  42  18  30  12  35   0 0.00  0.0    7  8.0 21 210   M    M   0        28 230
14  37  23  30  11  35   0 0.00  0.0    7 14.8 29 270   M    M   2        36 320
15  26  16  21   2  44   0 0.00  0.0    7  9.2 20 310   M    M   5        25 310
16  29  18  24   5  41   0 0.00  0.0    7  7.7 15 120   M    M   3        19 120
17  53  20  37  17  28   0 0.00  0.0    M  4.6 10 170   M    M   0 1      13 170
18  50  36  43  23  22   0 0.00  0.0    4  6.4 13 270   M    M   0        17 290
================================================================================
SM  543  232       780   0  0.08     0.4 162.7          M       62
================================================================================
AV 30.2 12.9                               9.0 FASTST   M    M   3    MAX(MPH)
                                 MISC ---->  # 32 300               # 44  290
================================================================================
NOTES:
# LAST OF SEVERAL OCCURRENCES

COLUMN 17 PEAK WIND IN M.P.H.

PRELIMINARY LOCAL CLIMATOLOGICAL DATA (WS FORM: F-6) , PAGE 2

                                          STATION:  WAUSAU WI
                                          MONTH:    FEBRUARY
                                          YEAR:     2017
                                          LATITUDE:   44 55 N
                                          LONGITUDE:  89 37 W

[TEMPERATURE DATA]      [PRECIPITATION DATA]       SYMBOLS USED IN COLUMN 16

AVERAGE MONTHLY: 21.5   TOTAL FOR MONTH:   0.08    1 = FOG OR MIST
DPTR FM NORMAL:   3.9   DPTR FM NORMAL:   -0.46    2 = FOG REDUCING VISIBILITY
HIGHEST:    53 ON 17    GRTST 24HR  0.05 ON  7- 7      TO 1/4 MILE OR LESS
LOWEST:     -4 ON  9, 4                            3 = THUNDER
                        SNOW, ICE PELLETS, HAIL    4 = ICE PELLETS
                        TOTAL MONTH:   0.4 INCH    5 = HAIL
                        GRTST 24HR   0.4 ON   M    6 = FREEZING RAIN OR DRIZZLE
                        GRTST DEPTH:   9 ON  7, 6  7 = DUSTSTORM OR SANDSTORM:
                                                       VSBY 1/2 MILE OR LESS
                                                   8 = SMOKE OR HAZE
[NO. OF DAYS WITH]      [WEATHER - DAYS WITH]      9 = BLOWING SNOW
                                                   X = TORNADO
MAX 32 OR BELOW:  11    0.01 INCH OR MORE:   2
MAX 90 OR ABOVE:   0    0.10 INCH OR MORE:   0
MIN 32 OR BELOW:  17    0.50 INCH OR MORE:   0
MIN  0 OR BELOW:   4    1.00 INCH OR MORE:   0

[HDD (BASE 65) ]
TOTAL THIS MO.   780    CLEAR  (SCALE 0-3)   7
DPTR FM NORMAL   -73    PTCLDY (SCALE 4-7)   9
TOTAL FM JUL 1  4928    CLOUDY (SCALE 8-10)  2
DPTR FM NORMAL  -775

[CDD (BASE 65) ]
TOTAL THIS MO.     0
DPTR FM NORMAL     0    [PRESSURE DATA]
TOTAL FM JAN 1     0    HIGHEST SLP M ON M
DPTR FM NORMAL     0    LOWEST  SLP 29.36 ON  7

[REMARKS]
