000
CXUS53 KGRB 220643
CF6AUW
PRELIMINARY LOCAL CLIMATOLOGICAL DATA (WS FORM: F-6)

                                          STATION:   WAUSAU WI
                                          MONTH:     SEPTEMBER
                                          YEAR:      2017
                                          LATITUDE:   44 55 N
                                          LONGITUDE:  89 37 W

  TEMPERATURE IN F:       :PCPN:    SNOW:  WIND      :SUNSHINE: SKY     :PK WND
================================================================================
1   2   3   4   5  6A  6B    7    8   9   10  11  12  13   14  15   16   17  18
                                     12Z  AVG MX 2MIN
DY MAX MIN AVG DEP HDD CDD  WTR  SNW DPTH SPD SPD DIR MIN PSBL S-S WX    SPD DR
================================================================================

 1  68  43  56  -8   9   0 0.00  0.0    0  6.7 15 140   M    M   2        18 150
 2  58  51  55  -9  10   0 0.68  0.0    0  6.4 14 180   M    M   8 123    18 180
 3  79  48  64   0   1   0 0.00  0.0    0  4.0 15 220   M    M   1 12     22 220
 4  71  51  61  -2   4   0 0.06  0.0    0 11.3 29 310   M    M   4 18     40 330
 5  59  45  52 -11  13   0 0.11  0.0    0 10.1 23 300   M    M   7 18     31 300
 6  63  43  53  -9  12   0 0.03  0.0    0  6.0 16 290   M    M   8 18     20 300
 7  60  46  53  -9  12   0 0.09  0.0    0  5.9 15 290   M    M   8 12     20 290
 8  64  40  52 -10  13   0 0.00  0.0    0  5.0 13  90   M    M   1        17  70
 9  69  41  55  -6  10   0 0.00  0.0    0  6.8 16 140   M    M   1        22 150
10  71  46  59  -2   6   0 0.00  0.0    0  7.0 15 160   M    M   1        19 160
11  75  46  61   1   4   0 0.00  0.0    0  5.7 14 200   M    M   0        19 200
12  78  52  65   5   0   0 0.00  0.0    0  2.3  8  70   M    M   0 1      11  60
13  80  50  65   5   0   0 0.00  0.0    0  3.2  9 180   M    M   1 12     11 150
14  82  52  67   8   0   2 0.00  0.0    0  6.1 13 210   M    M   0 1      17 230
15  84  64  74  15   0   9 0.01  0.0    0  8.4 14 180   M    M   2         M  M
16  84  67  76  18   0  11 0.01  0.0    0  7.5 15 180   M    M   3 3      19 140
17  71  48  60   2   5   0 0.48  0.0    0  9.2 20 280   M    M   4 13     27 270
18  65  45  55  -3  10   0 0.07  0.0    0  5.6 14 150   M    M   7        19 110
19  76  53  65   8   0   0 0.00  0.0    0  8.7 16 120   M    M   4 1      21 110
20  75  59  67  10   0   2 0.15  0.0    0  6.7 15 130   M    M   7 123    22 130
21  77  56  67  11   0   2 0.00  0.0    0  6.6 15 160   M    M   3 1      18 160
================================================================================
SM 1509 1046       109  26  1.69     0.0 139.2          M       72
================================================================================
AV 71.9 49.8                               6.6 FASTST   M    M   3    MAX(MPH)
                                 MISC ---->  # 29 310               # 40  330
================================================================================
NOTES:
# LAST OF SEVERAL OCCURRENCES

COLUMN 17 PEAK WIND IN M.P.H.

PRELIMINARY LOCAL CLIMATOLOGICAL DATA (WS FORM: F-6) , PAGE 2

                                          STATION:  WAUSAU WI
                                          MONTH:    SEPTEMBER
                                          YEAR:     2017
                                          LATITUDE:   44 55 N
                                          LONGITUDE:  89 37 W

[TEMPERATURE DATA]      [PRECIPITATION DATA]       SYMBOLS USED IN COLUMN 16

AVERAGE MONTHLY: 60.8   TOTAL FOR MONTH:   1.69    1 = FOG OR MIST
DPTR FM NORMAL:   0.5   DPTR FM NORMAL:   -1.04    2 = FOG REDUCING VISIBILITY
HIGHEST:    84 ON 16,15 GRTST 24HR  0.68 ON  2- 2      TO 1/4 MILE OR LESS
LOWEST:     40 ON  8                               3 = THUNDER
                        SNOW, ICE PELLETS, HAIL    4 = ICE PELLETS
                        TOTAL MONTH:   0.0 INCH    5 = HAIL
                        GRTST 24HR     0.0         6 = FREEZING RAIN OR DRIZZLE
                        GRTST DEPTH:   0           7 = DUSTSTORM OR SANDSTORM:
                                                       VSBY 1/2 MILE OR LESS
                                                   8 = SMOKE OR HAZE
[NO. OF DAYS WITH]      [WEATHER - DAYS WITH]      9 = BLOWING SNOW
                                                   X = TORNADO
MAX 32 OR BELOW:   0    0.01 INCH OR MORE:  10
MAX 90 OR ABOVE:   0    0.10 INCH OR MORE:   4
MIN 32 OR BELOW:   0    0.50 INCH OR MORE:   1
MIN  0 OR BELOW:   0    1.00 INCH OR MORE:   0

[HDD (BASE 65) ]
TOTAL THIS MO.   109    CLEAR  (SCALE 0-3)  12
DPTR FM NORMAL   -15    PTCLDY (SCALE 4-7)   9
TOTAL FM JUL 1   167    CLOUDY (SCALE 8-10)  0
DPTR FM NORMAL   -23

[CDD (BASE 65) ]
TOTAL THIS MO.    26
DPTR FM NORMAL    -3    [PRESSURE DATA]
TOTAL FM JAN 1   298    HIGHEST SLP M ON M
DPTR FM NORMAL  -106    LOWEST  SLP 29.64 ON  4

[REMARKS]
