000
CXUS52 KGSP 250817
CF6AVL
PRELIMINARY LOCAL CLIMATOLOGICAL DATA (WS FORM: F-6)

                                          STATION:   ASHEVILLE NC
                                          MONTH:     AUGUST
                                          YEAR:      2016
                                          LATITUDE:   35 25 N
                                          LONGITUDE:  82 33 W

  TEMPERATURE IN F:       :PCPN:    SNOW:  WIND      :SUNSHINE: SKY     :PK WND
================================================================================
1   2   3   4   5  6A  6B    7    8   9   10  11  12  13   14  15   16   17  18
                                     12Z  AVG MX 2MIN
DY MAX MIN AVG DEP HDD CDD  WTR  SNW DPTH SPD SPD DIR MIN PSBL S-S WX    SPD DR
================================================================================

 1  86  67  77   3   0  12 0.07  0.0    0  3.8 13 220   M    M   4 138    19 250
 2  84  68  76   2   0  11 0.35  0.0    0  3.8 17 230   M    M   4 13     19 230
 3  87  70  79   5   0  14 0.33  0.0    0  5.1 13 210   M    M   5 1      17 160
 4  79  70  75   1   0  10 0.34  0.0    0  3.2 13 130   M    M  10 138    17 160
 5  83  70  77   3   0  12 0.54  0.0    0  3.0 14 260   M    M   6 138    22 280
 6  87  69  78   4   0  13 0.37  0.0    0  4.8 18 300   M    M   4 138    26 290
 7  87  68  78   4   0  13    T  0.0    0  2.3 15 350   M    M   5 138    18 340
 8  83  71  77   3   0  12 1.62  0.0    0  3.6 13 120   M    M   9 1      18 160
 9  82  71  77   3   0  12 0.36  0.0    0  6.1 13 130   M    M   7 18     19 150
10  79  71  75   1   0  10 0.15  0.0    0  3.5 13 120   M    M   9 1      19 120
11  84  71  78   4   0  13 0.11  0.0    0  4.0 14 150   M    M   7 1      20 160
12  85  72  79   5   0  14 0.01  0.0    0  4.6 14 190   M    M   6 18     20 160
13  86  69  78   5   0  13 0.00  0.0    0  6.5 17 180   M    M   2        23 180
14  89  67  78   5   0  13    T  0.0    0  4.1 16 180   M    M   2 123    20 180
15  87  67  77   4   0  12    T  0.0    0  4.3 16 190   M    M   4 128    22 170
16  87  67  77   4   0  12    T  0.0    0  4.0 15 170   M    M   2        18 180
17  87  68  78   5   0  13 0.22  0.0    0  2.8 17 290   M    M   1 3      21 290
18  84  68  76   3   0  11 0.19  0.0    0  4.5 17 340   M    M   3 3      20 340
19  83  68  76   3   0  11 1.53  0.0    0  3.9 12  10   M    M   6 13     15 330
20  80  68  74   1   0   9 0.39  0.0    0  4.0 20 210   M    M   7 18     23 170
21  86  69  78   5   0  13    T  0.0    0  6.1 20 340   M    M   5        24 340
22  82  64  73   1   0   8 0.00  0.0    0  6.1 13 350   M    M   3        16 340
23  81  63  72   0   0   7 0.00  0.0    0  3.5 13 160   M    M   4        17 140
24  79  63  71  -1   0   6 0.00  0.0    0  3.0  9 190   M    M   5 1      14 180
================================================================================
SM 2017 1639         0 274  6.58     0.0 100.6          M      120
================================================================================
AV 84.0 68.3                               4.2 FASTST   M    M   5    MAX(MPH)
                                 MISC ---->  # 20 210               # 26  290
================================================================================
NOTES:
# LAST OF SEVERAL OCCURRENCES

COLUMN 17 PEAK WIND IN M.P.H.

PRELIMINARY LOCAL CLIMATOLOGICAL DATA (WS FORM: F-6) , PAGE 2

                                          STATION:  ASHEVILLE NC
                                          MONTH:    AUGUST
                                          YEAR:     2016
                                          LATITUDE:   35 25 N
                                          LONGITUDE:  82 33 W

[TEMPERATURE DATA]      [PRECIPITATION DATA]       SYMBOLS USED IN COLUMN 16

AVERAGE MONTHLY: 76.2   TOTAL FOR MONTH:   6.58    1 = FOG OR MIST
DPTR FM NORMAL:   2.8   DPTR FM NORMAL:    3.17    2 = FOG REDUCING VISIBILITY
HIGHEST:    89 ON 14    GRTST 24HR  1.64 ON  8- 9      TO 1/4 MILE OR LESS
LOWEST:     63 ON 24,23                            3 = THUNDER
                        SNOW, ICE PELLETS, HAIL    4 = ICE PELLETS
                        TOTAL MONTH:   0.0 INCH    5 = HAIL
                        GRTST 24HR     0.0         6 = FREEZING RAIN OR DRIZZLE
                        GRTST DEPTH:   0           7 = DUSTSTORM OR SANDSTORM:
                                                       VSBY 1/2 MILE OR LESS
                                                   8 = SMOKE OR HAZE
[NO. OF DAYS WITH]      [WEATHER - DAYS WITH]      9 = BLOWING SNOW
                                                   X = TORNADO
MAX 32 OR BELOW:   0    0.01 INCH OR MORE:  15
MAX 90 OR ABOVE:   0    0.10 INCH OR MORE:  13
MIN 32 OR BELOW:   0    0.50 INCH OR MORE:   3
MIN  0 OR BELOW:   0    1.00 INCH OR MORE:   2

[HDD (BASE 65) ]
TOTAL THIS MO.     0    CLEAR  (SCALE 0-3)   5
DPTR FM NORMAL     0    PTCLDY (SCALE 4-7)  16
TOTAL FM JUL 1     0    CLOUDY (SCALE 8-10)  3
DPTR FM NORMAL     0

[CDD (BASE 65) ]
TOTAL THIS MO.   274
DPTR FM NORMAL    73    [PRESSURE DATA]
TOTAL FM JAN 1  1007    HIGHEST SLP M ON M
DPTR FM NORMAL   296    LOWEST  SLP 29.82 ON  6

[REMARKS]
