229
CXUS54 KEWX 210910
CF6BAZ
PRELIMINARY LOCAL CLIMATOLOGICAL DATA (WS FORM: F-6)

                                          STATION:   NEW BRAUNFELS
                                          MONTH:     NOVEMBER
                                          YEAR:      2017
                                          LATITUDE:   29 43 N
                                          LONGITUDE:  98  3 W

  TEMPERATURE IN F:       :PCPN:    SNOW:  WIND      :SUNSHINE: SKY     :PK WND
================================================================================
1   2   3   4   5  6A  6B    7    8   9   10  11  12  13   14  15   16   17  18
                                     12Z  AVG MX 2MIN
DY MAX MIN AVG DEP HDD CDD  WTR  SNW DPTH SPD SPD DIR MIN PSBL S-S WX    SPD DR
================================================================================

 1  83  60  72   6   0   7 0.01    M    M  5.5 14 210   M    M   5 128    17 230
 2  89  69  79  13   0  14 0.00    M    M  7.8 15 230   M    M   7 128    19 220
 3  92  75  84  19   0  19 0.00    M    M  6.6 14 200   M    M   7 18     20 200
 4  87  73  80  15   0  15    T    M    M  7.4 15 190   M    M   7 18     19 210
 5  95  73  84  20   0  19 0.00    M    M 10.8 18 220   M    M   5 8      26 230
 6  90  71  81  17   0  16 0.00    M    M  9.5 16 200   M    M   4         M  M
 7  86  61  74  10   0   9 0.00    M    M  8.3 18  30   M    M   7        21  20
 8  62  47  55  -8  10   0 0.13    M    M 14.6 24  20   M    M  10 1      30  20
 9  61  47  54  -9  11   0 0.00    M    M  9.6 17  10   M    M  10 1      21  10
10  63  51  57  -6   8   0    T    M    M  6.1 12  60   M    M  10 8      16  80
11  77  57  67   5   0   2 0.01    M    M  6.2 16 160   M    M  10 1      20 160
12  74  65  70   8   0   5 0.03    M    M  3.6 10  50   M    M  10 18     13  60
13  82  61  72  10   0   7 0.00    M    M  5.9 12  50   M    M   6 1      14  50
14  80  54  67   6   0   2 0.00    M    M  6.3 15 170   M    M   8 12     20 180
15  81  66  74  13   0   9 0.00    M    M  7.3 16 200   M    M  10 1      21 200
16  86  67  77  17   0  12    T    M    M  5.4 13 170   M    M   6 1      17 250
17  86  69  78  18   0  13 0.00    M    M 12.8 23 200   M    M   6        28 200
18  88  55  72  12   0   7    T    M    M 15.7 31  10   M    M   4        37 350
19  66  41  54  -5  11   0 0.00    M    M  8.0 21  20   M    M   0        30  10
20  71  37  54  -5  11   0 0.00  0.0    0  6.4 17 210   M    M   0        24 200
================================================================================
SM 1599 1199        51 156  0.18     0.0 163.8          M      132
================================================================================
AV 80.0 60.0                               8.2 FASTST   M    M   7    MAX(MPH)
                                 MISC ---->  # 31  10               # 37  350
================================================================================
NOTES:
# LAST OF SEVERAL OCCURRENCES

COLUMN 17 PEAK WIND IN M.P.H.

PRELIMINARY LOCAL CLIMATOLOGICAL DATA (WS FORM: F-6) , PAGE 2

                                          STATION:  NEW BRAUNFELS
                                          MONTH:    NOVEMBER
                                          YEAR:     2017
                                          LATITUDE:   29 43 N
                                          LONGITUDE:  98  3 W

[TEMPERATURE DATA]      [PRECIPITATION DATA]       SYMBOLS USED IN COLUMN 16

AVERAGE MONTHLY: 70.0   TOTAL FOR MONTH:   0.18    1 = FOG OR MIST
DPTR FM NORMAL:   7.5   DPTR FM NORMAL:   -1.81    2 = FOG REDUCING VISIBILITY
HIGHEST:    95 ON  5    GRTST 24HR  0.95 ON 31- 1      TO 1/4 MILE OR LESS
LOWEST:     37 ON 20                               3 = THUNDER
                        SNOW, ICE PELLETS, HAIL    4 = ICE PELLETS
                        TOTAL MONTH:   0.0 INCH    5 = HAIL
                        GRTST 24HR     0.0         6 = FREEZING RAIN OR DRIZZLE
                        GRTST DEPTH:   0           7 = DUSTSTORM OR SANDSTORM:
                                                       VSBY 1/2 MILE OR LESS
                                                   8 = SMOKE OR HAZE
[NO. OF DAYS WITH]      [WEATHER - DAYS WITH]      9 = BLOWING SNOW
                                                   X = TORNADO
MAX 32 OR BELOW:   0    0.01 INCH OR MORE:   4
MAX 90 OR ABOVE:   3    0.10 INCH OR MORE:   1
MIN 32 OR BELOW:   0    0.50 INCH OR MORE:   0
MIN  0 OR BELOW:   0    1.00 INCH OR MORE:   0

[HDD (BASE 65) ]
TOTAL THIS MO.    51    CLEAR  (SCALE 0-3)   2
DPTR FM NORMAL   -42    PTCLDY (SCALE 4-7)  12
TOTAL FM JUL 1    85    CLOUDY (SCALE 8-10)  6
DPTR FM NORMAL   -42

[CDD (BASE 65) ]
TOTAL THIS MO.   156
DPTR FM NORMAL   114    [PRESSURE DATA]
TOTAL FM JAN 1  3421    HIGHEST SLP M ON M
DPTR FM NORMAL   480    LOWEST  SLP 29.77 ON  1

[REMARKS]
