000
CXUS54 KEWX 270910
CF6BAZ
PRELIMINARY LOCAL CLIMATOLOGICAL DATA (WS FORM: F-6)

                                          STATION:   NEW BRAUNFELS
                                          MONTH:     MAY
                                          YEAR:      2017
                                          LATITUDE:   29 43 N
                                          LONGITUDE:  98  3 W

  TEMPERATURE IN F:       :PCPN:    SNOW:  WIND      :SUNSHINE: SKY     :PK WND
================================================================================
1   2   3   4   5  6A  6B    7    8   9   10  11  12  13   14  15   16   17  18
                                     12Z  AVG MX 2MIN
DY MAX MIN AVG DEP HDD CDD  WTR  SNW DPTH SPD SPD DIR MIN PSBL S-S WX    SPD DR
================================================================================

 1  89  49  69  -4   0   4 0.00    M    M 12.0 24 220   M    M   0        31 250
 2  91  55  73   0   0   8 0.00    M    M  9.7 22 140   M    M   1        31 130
 3  91  65  78   5   0  13    T    M    M 12.7 29  10   M    M   7 18     38 360
 4  81  54  68  -5   0   3 0.00    M    M 12.9 32 360   M    M   0        41 330
 5  86  49  68  -6   0   3 0.00    M    M  7.0 18  30   M    M   0        23  30
 6  88  50  69  -5   0   4 0.00    M    M  6.5 18 210   M    M   0        23 240
 7  88  55  72  -2   0   7 0.00    M    M  8.2 21 140   M    M   0 1      29 140
 8  83  59  71  -3   0   6 0.00    M    M 10.6 21 160   M    M   7 1      25 170
 9  79  65  72  -2   0   7 0.14    M    M  9.8 18 150   M    M   9 138    23 150
10  83  70  77   2   0  12    T    M    M 11.5 20 150   M    M  10 18     25 170
11  90  69  80   5   0  15    T    M    M  9.2 21 190   M    M   7 18     25 180
12  89  61  75   0   0  10 0.00    M    M 10.0 21 350   M    M   0 1      32  10
13  92  54  73  -2   0   8 0.00    M    M  5.5 14 110   M    M   0        17  90
14  93  58  76   0   0  11 0.00    M    M  7.8 16 160   M    M   0        20 160
15  92  61  77   1   0  12 0.00    M    M  9.6 21 150   M    M   4 12     25 150
16  87  68  78   2   0  13 0.00    M    M 14.7 24 180   M    M   9        31 160
17  86  65  76   0   0  11 0.07    M    M  9.1 20 170   M    M  10 1      24 170
18  94  76  85   9   0  20 0.00    M    M 14.9 29 170   M    M   7 18     39 170
19  95  75  85   8   0  20    T    M    M 15.2 25 150   M    M   8 18     34 170
20  83  71  77   0   0  12 0.00    M    M  8.7 17  20   M    M   7        22 360
21  79  63  71  -6   0   6 1.97    M    M 12.7 31  40   M    M   8 123    37  30
22  76  63  70  -7   0   5 0.01    M    M  9.9 17  30   M    M   9        22  30
23  87  59  73  -5   0   8 0.03    M    M  9.6 35 360   M    M   5 13     42 360
24  90  51  71  -7   0   6 0.00    M    M  7.5 16 320   M    M   0        20 310
25  94  58  76  -2   0  11 0.00    M    M 14.2 24 190   M    M   1        32 200
26  94  77  86   8   0  21 0.00  0.0    0 11.5 17 170   M    M   9 8      22 160
================================================================================
SM 2280 1600         0 256  2.22     0.0 271.0          M      118
================================================================================
AV 87.7 61.5                              10.4 FASTST   M    M   5    MAX(MPH)
                                 MISC ---->  # 35 360               # 42  360
================================================================================
NOTES:
# LAST OF SEVERAL OCCURRENCES

COLUMN 17 PEAK WIND IN M.P.H.

PRELIMINARY LOCAL CLIMATOLOGICAL DATA (WS FORM: F-6) , PAGE 2

                                          STATION:  NEW BRAUNFELS
                                          MONTH:    MAY
                                          YEAR:     2017
                                          LATITUDE:   29 43 N
                                          LONGITUDE:  98  3 W

[TEMPERATURE DATA]      [PRECIPITATION DATA]       SYMBOLS USED IN COLUMN 16

AVERAGE MONTHLY: 74.6   TOTAL FOR MONTH:   2.22    1 = FOG OR MIST
DPTR FM NORMAL:  -0.8   DPTR FM NORMAL:   -0.89    2 = FOG REDUCING VISIBILITY
HIGHEST:    95 ON 19    GRTST 24HR  1.97 ON 21-21      TO 1/4 MILE OR LESS
LOWEST:     49 ON  5, 1                            3 = THUNDER
                        SNOW, ICE PELLETS, HAIL    4 = ICE PELLETS
                        TOTAL MONTH:   0.0 INCH    5 = HAIL
                        GRTST 24HR     0.0         6 = FREEZING RAIN OR DRIZZLE
                        GRTST DEPTH:   0           7 = DUSTSTORM OR SANDSTORM:
                                                       VSBY 1/2 MILE OR LESS
                                                   8 = SMOKE OR HAZE
[NO. OF DAYS WITH]      [WEATHER - DAYS WITH]      9 = BLOWING SNOW
                                                   X = TORNADO
MAX 32 OR BELOW:   0    0.01 INCH OR MORE:   5
MAX 90 OR ABOVE:  11    0.10 INCH OR MORE:   2
MIN 32 OR BELOW:   0    0.50 INCH OR MORE:   1
MIN  0 OR BELOW:   0    1.00 INCH OR MORE:   1

[HDD (BASE 65) ]
TOTAL THIS MO.     0    CLEAR  (SCALE 0-3)  11
DPTR FM NORMAL     0    PTCLDY (SCALE 4-7)   8
TOTAL FM JUL 1   794    CLOUDY (SCALE 8-10)  7
DPTR FM NORMAL  -763

[CDD (BASE 65) ]
TOTAL THIS MO.   256
DPTR FM NORMAL   -16    [PRESSURE DATA]
TOTAL FM JAN 1   736    HIGHEST SLP M ON M
DPTR FM NORMAL   215    LOWEST  SLP 29.62 ON 18

[REMARKS]
