000
CXUS54 KEWX 290910
CF6BAZ
PRELIMINARY LOCAL CLIMATOLOGICAL DATA (WS FORM: F-6)

                                          STATION:   NEW BRAUNFELS
                                          MONTH:     MAY
                                          YEAR:      2016
                                          LATITUDE:   29 43 N
                                          LONGITUDE:  98  3 W

  TEMPERATURE IN F:       :PCPN:    SNOW:  WIND      :SUNSHINE: SKY     :PK WND
================================================================================
1   2   3   4   5  6A  6B    7    8   9   10  11  12  13   14  15   16   17  18
                                     12Z  AVG MX 2MIN
DY MAX MIN AVG DEP HDD CDD  WTR  SNW DPTH SPD SPD DIR MIN PSBL S-S WX    SPD DR
================================================================================

 1  80  67  74   1   0   9 0.00  0.0    0 14.2 24  20   M    M   6 3      31  50
 2  68  58  63 -10   2   0 0.09  0.0    0 13.7 25 360   M    M   9 3      35 360
 3  79  55  67  -6   0   2 0.00    M    0  8.3 20  50   M    M   3        23  40
 4  87  50  69  -4   0   4 0.00    M    0  7.3 17 340   M    M   0        24 330
 5  89  52  71  -3   0   6 0.00  0.0    0  4.8 10  50   M    M   0        15  70
 6  86  56  71  -3   0   6 0.00  0.0    0  5.7 13 100   M    M   0        16 140
 7  88  54  71  -3   0   6 0.00  0.0    0  9.9 21 180   M    M   0        27 170
 8  77  64  71  -3   0   6 0.02  0.0    0 12.6 32 160   M    M   6        38 150
 9  88  68  78   4   0  13 0.00  0.0    0 12.2 22 220   M    M   5 1      28 210
10  93  68  81   6   0  16 0.11  0.0    0 10.9 31  50   M    M   7 138    36  50
11  89  66  78   3   0  13 0.31  0.0    0 13.3 32 130   M    M   5 38     39 160
12  86  71  79   4   0  14 0.02  0.0    0  7.4 15  20   M    M   8 18     19  30
13  90  71  81   6   0  16 0.00    M    0  6.5 14 130   M    M   4        18  60
14  81  65  73  -3   0   8 0.06  0.0    0  6.2 22  60   M    M   6 13     28  50
15  73  64  69  -7   0   4 0.27  0.0    0  7.9 16  40   M    M   9 1      21  40
16  83  67  75  -1   0  10 0.43  0.0    0  7.2 15 110   M    M   8 1      19 110
17  84  66  75  -1   0  10 1.49  0.0    0  9.2 32  60   M    M   8 123    44  60
18  79  64  72  -4   0   7 0.20  0.0    0 12.9 26  90   M    M   6 13     35  90
19  76  62  69  -8   0   4 1.59    M    0 10.4 23  70   M    M   9 13     31  70
20  83  60  72  -5   0   7 0.00    M    0  5.9 14  80   M    M   6 1      18  70
21  88  71  80   3   0  15 0.07    M    0  6.5 18  70   M    M   8 18     23  80
22  89  72  81   4   0  16    T    M    0  7.1 17 140   M    M   8 1      22 130
23  88  71  80   2   0  15 0.02    M    0 11.0 21 130   M    M   8 1      26 140
24  88  74  81   3   0  16 0.00  0.0    0  9.1 20 160   M    M  10 1      24 150
25  88  75  82   4   0  17    T  0.0    0 10.4 21 150   M    M   8 18     26 150
26  91  78  85   7   0  20 0.07  0.0    0 12.7 25 160   M    M   9 138    31 170
27  90  66  78   0   0  13 0.00  0.0    0 12.2 24  30   M    M   6 3      32  40
28  93  67  80   1   0  15 0.01  0.0    0  8.0 18 150   M    M   5 138    24 160
================================================================================
SM 2374 1822         2 288  4.76     0.0 263.5          M      167
================================================================================
AV 84.8 65.1                               9.4 FASTST   M    M   6    MAX(MPH)
                                 MISC ---->  # 32 160               # 44   60
================================================================================
NOTES:
# LAST OF SEVERAL OCCURRENCES

COLUMN 17 PEAK WIND IN M.P.H.

PRELIMINARY LOCAL CLIMATOLOGICAL DATA (WS FORM: F-6) , PAGE 2

                                          STATION:  NEW BRAUNFELS
                                          MONTH:    MAY
                                          YEAR:     2016
                                          LATITUDE:   29 43 N
                                          LONGITUDE:  98  3 W

[TEMPERATURE DATA]      [PRECIPITATION DATA]       SYMBOLS USED IN COLUMN 16

AVERAGE MONTHLY: 74.9   TOTAL FOR MONTH:   4.76    1 = FOG OR MIST
DPTR FM NORMAL:  -0.8   DPTR FM NORMAL:    1.28    2 = FOG REDUCING VISIBILITY
HIGHEST:    93 ON 28,10 GRTST 24HR  1.69 ON 17-18      TO 1/4 MILE OR LESS
LOWEST:     50 ON  4                               3 = THUNDER
                        SNOW, ICE PELLETS, HAIL    4 = ICE PELLETS
                        TOTAL MONTH:   0.0 INCH    5 = HAIL
                        GRTST 24HR     0.0         6 = FREEZING RAIN OR DRIZZLE
                        GRTST DEPTH:   0           7 = DUSTSTORM OR SANDSTORM:
                                                       VSBY 1/2 MILE OR LESS
                                                   8 = SMOKE OR HAZE
[NO. OF DAYS WITH]      [WEATHER - DAYS WITH]      9 = BLOWING SNOW
                                                   X = TORNADO
MAX 32 OR BELOW:   0    0.01 INCH OR MORE:  15
MAX 90 OR ABOVE:   5    0.10 INCH OR MORE:   7
MIN 32 OR BELOW:   0    0.50 INCH OR MORE:   2
MIN  0 OR BELOW:   0    1.00 INCH OR MORE:   2

[HDD (BASE 65) ]
TOTAL THIS MO.     2    CLEAR  (SCALE 0-3)   4
DPTR FM NORMAL     2    PTCLDY (SCALE 4-7)  15
TOTAL FM JUL 1  1122    CLOUDY (SCALE 8-10)  9
DPTR FM NORMAL  -435

[CDD (BASE 65) ]
TOTAL THIS MO.   288
DPTR FM NORMAL   -12    [PRESSURE DATA]
TOTAL FM JAN 1   574    HIGHEST SLP M ON M
DPTR FM NORMAL    25    LOWEST  SLP 29.62 ON 27

[REMARKS]
