000
CXUS55 KLBF 191200
CF6BBW
PRELIMINARY LOCAL CLIMATOLOGICAL DATA (WS FORM: F-6)

                                          STATION:   BROKEN BOW NE
                                          MONTH:     APRIL
                                          YEAR:      2014
                                          LATITUDE:   41 26 N
                                          LONGITUDE:  99 39 W

  TEMPERATURE IN F:       :PCPN:    SNOW:  WIND      :SUNSHINE: SKY     :PK WND
================================================================================
1   2   3   4   5  6A  6B    7    8   9   10  11  12  13   14  15   16   17  18
                                     12Z  AVG MX 2MIN
DY MAX MIN AVG DEP HDD CDD  WTR  SNW DPTH SPD SPD DIR MIN PSBL S-S WX    SPD DR
================================================================================

 1  41  20  31 -12  34   0 0.00    M    M 10.0 21 340   M    M   3        25 330
 2  41  26  34  -9  31   0 0.00    M    M  9.7 20  90   M    M   9 1      28  90
 3  37  31  34 -10  31   0    T    M    M 20.4 32 340   M    M  10 18     40 350
 4  52  24  38  -6  27   0 0.00    M    M 11.0 32 330   M    M   4        39 330
 5  65  31  48   4  17   0 0.00    M    M 11.3 29 180   M    M   1        36 190
 6  65  38  52   8  13   0 0.36    M    M  7.4 35 300   M    M   3 13     42 310
 7  52  36  44  -1  21   0 0.15    M    M 15.5 32 320   M    M   5 13     37 330
 8  61  34  48   3  17   0 0.00    M    M  8.6 17 330   M    M   3        23 330
 9  81  35  58  12   7   0 0.00    M    M  8.9  M   M   M    M   0         M  M
10  64  41  53   7  12   0 0.02    M    M  9.5 35  10   M    M   2        42 360
11  73  34  54   8  11   0 0.00    M    M  9.0 20 180   M    M   0        27 200
12  75  46  61  15   4   0 0.00    M    M 13.6 26  10   M    M   0        35  20
13  51  27  39  -8  26   0 0.08    M    M 29.1 40 360   M    M   9 128    51 360
14  44  21  33 -14  32   0    T    M    M 16.9 36 360   M    M   4        42  10
15  65  16  41  -7  24   0 0.00    M    M 12.8 26 200   M    M   0        37 190
16  50  30  40  -8  25   0 0.00    M    M 19.2 33 310   M    M   6        42 330
17  53  28  41  -7  24   0 0.00    M    M  9.3 18  10   M    M   4        25 170
18  70  35  53   5  12   0 0.00    M    M 19.2 32 180   M    M   0        42 200
================================================================================
SM 1040  553       368   0  0.61    M    241.4          M       63
================================================================================
AV 57.8 30.7                              13.4 FASTST   M    M   4    MAX(MPH)
                                 MISC ---->  # 40 360               # 51  360
================================================================================
NOTES:
# LAST OF SEVERAL OCCURRENCES

COLUMN 17 PEAK WIND IN M.P.H.

PRELIMINARY LOCAL CLIMATOLOGICAL DATA (WS FORM: F-6) , PAGE 2

                                          STATION:  BROKEN BOW NE
                                          MONTH:    APRIL
                                          YEAR:     2014
                                          LATITUDE:   41 26 N
                                          LONGITUDE:  99 39 W

[TEMPERATURE DATA]      [PRECIPITATION DATA]       SYMBOLS USED IN COLUMN 16

AVERAGE MONTHLY: 44.2   TOTAL FOR MONTH:   0.61    1 = FOG OR MIST
DPTR FM NORMAL:  -1.4   DPTR FM NORMAL:   -0.79    2 = FOG REDUCING VISIBILITY
HIGHEST:    81 ON  9    GRTST 24HR  0.51 ON  6- 7      TO 1/4 MILE OR LESS
LOWEST:     16 ON 15                               3 = THUNDER
                        SNOW, ICE PELLETS, HAIL    4 = ICE PELLETS
                        TOTAL MONTH:    M          5 = HAIL
                        GRTST 24HR    M  ON   M    6 = FREEZING RAIN OR DRIZZLE
                        GRTST DEPTH:  M  ON   M    7 = DUSTSTORM OR SANDSTORM:
                                                       VSBY 1/2 MILE OR LESS
                                                   8 = SMOKE OR HAZE
[NO. OF DAYS WITH]      [WEATHER - DAYS WITH]      9 = BLOWING SNOW
                                                   X = TORNADO
MAX 32 OR BELOW:   0    0.01 INCH OR MORE:   4
MAX 90 OR ABOVE:   0    0.10 INCH OR MORE:   2
MIN 32 OR BELOW:  10    0.50 INCH OR MORE:   0
MIN  0 OR BELOW:   0    1.00 INCH OR MORE:   0

[HDD (BASE 65) ]
TOTAL THIS MO.   368    CLEAR  (SCALE 0-3)   9
DPTR FM NORMAL    20    PTCLDY (SCALE 4-7)   6
TOTAL FM JUL 1  6586    CLOUDY (SCALE 8-10)  3
DPTR FM NORMAL   375

[CDD (BASE 65) ]
TOTAL THIS MO.     0
DPTR FM NORMAL     0    [PRESSURE DATA]
TOTAL FM JAN 1     0    HIGHEST SLP M ON M
DPTR FM NORMAL     0    LOWEST  SLP 29.53 ON 16

[REMARKS]
