000
CXUS55 KLBF 161200
CF6BBW
PRELIMINARY LOCAL CLIMATOLOGICAL DATA (WS FORM: F-6)

                                          STATION:   BROKEN BOW
                                          MONTH:     AUGUST
                                          YEAR:      2017
                                          LATITUDE:   41 26 N
                                          LONGITUDE:  99 39 W

  TEMPERATURE IN F:       :PCPN:    SNOW:  WIND      :SUNSHINE: SKY     :PK WND
================================================================================
1   2   3   4   5  6A  6B    7    8   9   10  11  12  13   14  15   16   17  18
                                     12Z  AVG MX 2MIN
DY MAX MIN AVG DEP HDD CDD  WTR  SNW DPTH SPD SPD DIR MIN PSBL S-S WX    SPD DR
================================================================================

 1  90  57  74   0   0   9 0.06    M    M  5.2 24 240   M    M   2 123    37 240
 2  84  56  70  -4   0   5 0.05    M    M  4.8 14 350   M    M   1 3      19 340
 3  74  49  62 -12   3   0 0.00    M    M 11.3 24 350   M    M   1        31 340
 4  79  42  61 -13   4   0 0.00    M    M  6.8 20 170   M    M   2        27 190
 5  85  59  72  -2   0   7    T    M    M  8.0 21 130   M    M   3 3      26 170
 6  80  60  70  -3   0   5 0.05    M    M  5.5 16  40   M    M   7 13     21  40
 7  78  55  67  -6   0   2 0.00    M    M  4.6 13  40   M    M   6 1      18  70
 8  81  50  66  -7   0   1 0.00    M    M  6.8 21 220   M    M   5 1      28 200
 9  86  60  73   0   0   8    T    M    M  7.1 20 200   M    M   3        28 210
10  75  55  65  -8   0   0    T    M    M  6.4 16  10   M    M   3        21  10
11  82  46  64  -9   1   0 0.00    M    M  2.7 12 130   M    M   1        19 190
12  83  51  67  -6   0   2 1.64    M    M  9.9 32  90   M    M   5 13     49 120
13  84  60  72   0   0   7 2.25    M    M 10.7 39  50   M    M   7 13     50  50
14  83  63  73   1   0   8    T    M    M 10.4 29  30   M    M   2 3       M  M
15  85  63  74   2   0   9 2.24    M    M 10.3 25  30   M    M   5 13     35  30
================================================================================
SM 1229  826         8  63  6.29    M    110.5          M       53
================================================================================
AV 81.9 55.1                               7.4 FASTST   M    M   4    MAX(MPH)
                                 MISC ---->  # 39  50               # 50   50
================================================================================
NOTES:
# LAST OF SEVERAL OCCURRENCES

COLUMN 17 PEAK WIND IN M.P.H.

PRELIMINARY LOCAL CLIMATOLOGICAL DATA (WS FORM: F-6) , PAGE 2

                                          STATION:  BROKEN BOW
                                          MONTH:    AUGUST
                                          YEAR:     2017
                                          LATITUDE:   41 26 N
                                          LONGITUDE:  99 39 W

[TEMPERATURE DATA]      [PRECIPITATION DATA]       SYMBOLS USED IN COLUMN 16

AVERAGE MONTHLY: 68.5   TOTAL FOR MONTH:   6.29    1 = FOG OR MIST
DPTR FM NORMAL:  -4.6   DPTR FM NORMAL:    5.09    2 = FOG REDUCING VISIBILITY
HIGHEST:    90 ON  1    GRTST 24HR  2.25 ON 13-13      TO 1/4 MILE OR LESS
LOWEST:     42 ON  4                               3 = THUNDER
                        SNOW, ICE PELLETS, HAIL    4 = ICE PELLETS
                        TOTAL MONTH:    M          5 = HAIL
                        GRTST 24HR    M  ON   M    6 = FREEZING RAIN OR DRIZZLE
                        GRTST DEPTH:  M  ON   M    7 = DUSTSTORM OR SANDSTORM:
                                                       VSBY 1/2 MILE OR LESS
                                                   8 = SMOKE OR HAZE
[NO. OF DAYS WITH]      [WEATHER - DAYS WITH]      9 = BLOWING SNOW
                                                   X = TORNADO
MAX 32 OR BELOW:   0    0.01 INCH OR MORE:   6
MAX 90 OR ABOVE:   1    0.10 INCH OR MORE:   3
MIN 32 OR BELOW:   0    0.50 INCH OR MORE:   3
MIN  0 OR BELOW:   0    1.00 INCH OR MORE:   3

[HDD (BASE 65) ]
TOTAL THIS MO.     8    CLEAR  (SCALE 0-3)   9
DPTR FM NORMAL     8    PTCLDY (SCALE 4-7)   6
TOTAL FM JUL 1     8    CLOUDY (SCALE 8-10)  0
DPTR FM NORMAL     3

[CDD (BASE 65) ]
TOTAL THIS MO.    63
DPTR FM NORMAL   -64    [PRESSURE DATA]
TOTAL FM JAN 1   682    HIGHEST SLP M ON M
DPTR FM NORMAL    81    LOWEST  SLP 29.63 ON 15

[REMARKS]
