000
CXUS51 KBOX 260930
CF6BDL
PRELIMINARY LOCAL CLIMATOLOGICAL DATA (WS FORM: F-6)

                                          STATION:   HARTFORD CT
                                          MONTH:     MAY
                                          YEAR:      2017
                                          LATITUDE:   41 55 N
                                          LONGITUDE:  72 41 W

  TEMPERATURE IN F:       :PCPN:    SNOW:  WIND      :SUNSHINE: SKY     :PK WND
================================================================================
1   2   3   4   5  6A  6B    7    8   9   10  11  12  13   14  15   16   17  18
                                     12Z  AVG MX 2MIN
DY MAX MIN AVG DEP HDD CDD  WTR  SNW DPTH SPD SPD DIR MIN PSBL S-S WX    SPD DR
================================================================================

 1  70  45  58   3   7   0    T  0.0    0  5.1 15 150   M    M  10 1      18 150
 2  77  53  65  10   0   0    T  0.0    0 13.6 39 260   M    M   8 13     54 260
 3  64  43  54  -2  11   0    T  0.0    0 12.1 28 310   M    M   4        35 300
 4  68  35  52  -4  13   0 0.00  0.0    0  6.8 20 200   M    M   7        27 180
 5  52  46  49  -7  16   0 1.54  0.0    0  7.4 15 340   M    M  10 1      19 340
 6  71  50  61   4   4   0 0.27  0.0    0 14.2 30 170   M    M   8 1      39 190
 7  63  42  53  -4  12   0    T  0.0    0 12.2 21 200   M    M   8        28 200
 8  54  39  47 -10  18   0    T  0.0    0  9.4 23 280   M    M   8        36 310
 9  56  36  46 -12  19   0    T  0.0    0  4.0 12 350   M    M   9        14 350
10  58  42  50  -8  15   0 0.00  0.0    0  5.8 13  30   M    M   8        16 320
11  65  40  53  -5  12   0 0.00  0.0    0  5.4 15 360   M    M   5        19  30
12  67  48  58   0   7   0 0.00  0.0    0  6.7 13 160   M    M   9        20 140
13  54  44  49 -10  16   0 0.80  0.0    0  6.8 18  20   M    M  10 1      24  20
14  61  39  50  -9  15   0 0.39  0.0    0 11.6 20  20   M    M   9 1      26 350
15  67  51  59   0   6   0 0.03  0.0    0 14.4 29 310   M    M   8        37 310
16  81  48  65   6   0   0 0.00  0.0    0  6.6 18 270   M    M   4        23 270
17  94  55  75  15   0  10 0.00  0.0    0  9.9 23 260   M    M   4        30 230
18  96  67  82  22   0  17 0.03  0.0    0 10.1 25 250   M    M   5 3      31 240
19  92  58  75  15   0  10    T  0.0    0 11.1 23 310   M    M   3 13     32 260
20  73  50  62   1   3   0 0.00  0.0    0  6.7 14 180   M    M   5        20  10
21  72  42  57  -4   8   0 0.00  0.0    0  6.3 17 190   M    M   6        20 190
22  59  51  55  -6  10   0 0.05  0.0    0  7.8 15 170   M    M  10 1      21 180
23  72  49  61   0   4   0 0.00  0.0    0  3.4 12  20   M    M   9 12     16  30
24  75  54  65   3   0   0 0.00  0.0    0  6.3 16 110   M    M   9        23  40
25  58  51  55  -7  10   0 0.56  0.0    0 10.3 17  10   M    M  10 1      22  10
================================================================================
SM 1719 1178       206  37  3.67     0.0 214.0          M      186
================================================================================
AV 68.8 47.1                               8.6 FASTST   M    M   7    MAX(MPH)
                                 MISC ---->  # 39 260               # 54  260
================================================================================
NOTES:
# LAST OF SEVERAL OCCURRENCES

COLUMN 17 PEAK WIND IN M.P.H.

PRELIMINARY LOCAL CLIMATOLOGICAL DATA (WS FORM: F-6) , PAGE 2

                                          STATION:  HARTFORD CT
                                          MONTH:    MAY
                                          YEAR:     2017
                                          LATITUDE:   41 55 N
                                          LONGITUDE:  72 41 W

[TEMPERATURE DATA]      [PRECIPITATION DATA]       SYMBOLS USED IN COLUMN 16

AVERAGE MONTHLY: 57.9   TOTAL FOR MONTH:   3.67    1 = FOG OR MIST
DPTR FM NORMAL:  -0.6   DPTR FM NORMAL:    0.28    2 = FOG REDUCING VISIBILITY
HIGHEST:    96 ON 18    GRTST 24HR  1.54 ON  5- 5      TO 1/4 MILE OR LESS
LOWEST:     35 ON  4                               3 = THUNDER
                        SNOW, ICE PELLETS, HAIL    4 = ICE PELLETS
                        TOTAL MONTH:   0.0 INCH    5 = HAIL
                        GRTST 24HR     0.0         6 = FREEZING RAIN OR DRIZZLE
                        GRTST DEPTH:   0           7 = DUSTSTORM OR SANDSTORM:
                                                       VSBY 1/2 MILE OR LESS
                                                   8 = SMOKE OR HAZE
[NO. OF DAYS WITH]      [WEATHER - DAYS WITH]      9 = BLOWING SNOW
                                                   X = TORNADO
MAX 32 OR BELOW:   0    0.01 INCH OR MORE:   8
MAX 90 OR ABOVE:   3    0.10 INCH OR MORE:   5
MIN 32 OR BELOW:   0    0.50 INCH OR MORE:   3
MIN  0 OR BELOW:   0    1.00 INCH OR MORE:   1

[HDD (BASE 65) ]
TOTAL THIS MO.   206    CLEAR  (SCALE 0-3)   1
DPTR FM NORMAL    25    PTCLDY (SCALE 4-7)  13
TOTAL FM JUL 1  5441    CLOUDY (SCALE 8-10) 11
DPTR FM NORMAL  -493

[CDD (BASE 65) ]
TOTAL THIS MO.    37
DPTR FM NORMAL    17    [PRESSURE DATA]
TOTAL FM JAN 1    60    HIGHEST SLP M ON M
DPTR FM NORMAL    34    LOWEST  SLP 29.42 ON 15

[REMARKS]
