000
CXUS51 KBOX 271200
CF6BDL
PRELIMINARY LOCAL CLIMATOLOGICAL DATA (WS FORM: F-6)

                                          STATION:   HARTFORD CT
                                          MONTH:     FEBRUARY
                                          YEAR:      2015
                                          LATITUDE:   41 55 N
                                          LONGITUDE:  72 41 W

  TEMPERATURE IN F:       :PCPN:    SNOW:  WIND      :SUNSHINE: SKY     :PK WND
================================================================================
1   2   3   4   5  6A  6B    7    8   9   10  11  12  13   14  15   16   17  18
                                     12Z  AVG MX 2MIN
DY MAX MIN AVG DEP HDD CDD  WTR  SNW DPTH SPD SPD DIR MIN PSBL S-S WX    SPD DR
================================================================================

 1  33  14  24  -3  41   0    T    T    9  7.4 17 330   M    M   7        31 320
 2  24  11  18  -9  47   0 1.02 10.8   13 13.4 23 360   M    M   9 18     31 360
 3  24   1  13 -14  52   0 0.00  0.0   18  5.6 24 320   M    M   3 8      30 320
 4  38  -1  19  -9  46   0 0.01    T   17  5.8 17 180   M    M   8 1      25 180
 5  35   8  22  -6  43   0 0.05  0.6   16 11.8 25 340   M    M   5 18     36 340
 6  22  -7   8 -20  57   0    T    T   16  6.5 15 300   M    M   3        18 260
 7  29  13  21  -7  44   0 0.03  0.6   15  5.9 12 210   M    M  10 18     15 200
 8  31  16  24  -4  41   0 0.32  2.6   17  9.4 18  30   M    M  10 18     22  30
 9  20  16  18 -11  47   0 0.42  4.0   19 14.6 21  30   M    M  10 1      25  20
10  33  20  27  -2  38   0 0.01    T   21 13.2 22  10   M    M   7 8      28  20
11  28  13  21  -8  44   0 0.00  0.0   20  8.4 21  10   M    M   4        27  20
12  32  11  22  -7  43   0    T    T   20  6.5 25 330   M    M   8 8      34 340
13  15  -5   5 -24  60   0 0.00  0.0   19 12.9 26 320   M    M   1        35 320
14  20  -5   8 -22  57   0 0.19  2.2   19  3.8 15 360   M    M   8 1      19 350
15  20  -2   9 -21  56   0 0.22  3.1   24 17.4 31 310   M    M   6 89     45 360
16  17  -5   6 -24  59   0 0.00  0.0   24 11.0 28 310   M    M   5 8      36 300
17  23   4  14 -16  51   0    T    T   23  3.7 13  10   M    M   8        15 360
18  32  -6  13 -17  52   0    T    T   23  3.3  9 200   M    M   5        13 100
19  25   7  16 -15  49   0    T    T   21 13.9 39 300   M    M   5 18     46 300
20  20  -4   8 -23  57   0 0.00  0.0   21 11.2 25 300   M    M   3        33 280
21  31  -9  11 -20  54   0 0.60  6.3   20  7.4 22 190   M    M   7 1      29 220
22  42  26  34   3  31   0 0.06  1.3    M  3.9 13 320   M    M   9 18     19 320
23  32   2  17 -15  48   0 0.00  0.0   24 14.2 30 310   M    M   5        39 320
24  19  -8   6 -26  59   0    T  0.1   24  6.9 21 190   M    M   6 18     26 180
25  36   4  20 -12  45   0 0.00  0.0   24  7.8 22 290   M    M   4 18     27 280
26  24  14  19 -13  46   0 0.02  0.3   23  7.2 14 360   M    M   9 8      19 360
================================================================================
SM  705  128      1267   0  2.95    31.9 233.1          M      165
================================================================================
AV 27.1  4.9                               9.0 FASTST   M    M   6    MAX(MPH)
                                 MISC ---->  # 39 300               # 46  300
================================================================================
NOTES:
# LAST OF SEVERAL OCCURRENCES

COLUMN 17 PEAK WIND IN M.P.H.

PRELIMINARY LOCAL CLIMATOLOGICAL DATA (WS FORM: F-6) , PAGE 2

                                          STATION:  HARTFORD CT
                                          MONTH:    FEBRUARY
                                          YEAR:     2015
                                          LATITUDE:   41 55 N
                                          LONGITUDE:  72 41 W

[TEMPERATURE DATA]      [PRECIPITATION DATA]       SYMBOLS USED IN COLUMN 16

AVERAGE MONTHLY: 16.0   TOTAL FOR MONTH:   2.95    1 = FOG OR MIST
DPTR FM NORMAL: -13.5   DPTR FM NORMAL:    0.28    2 = FOG REDUCING VISIBILITY
HIGHEST:    42 ON 22    GRTST 24HR  1.02 ON  2- 2      TO 1/4 MILE OR LESS
LOWEST:     -9 ON 21                               3 = THUNDER
                        SNOW, ICE PELLETS, HAIL    4 = ICE PELLETS
                        TOTAL MONTH:  31.9 INCHES  5 = HAIL
                        GRTST 24HR  10.8 ON   M    6 = FREEZING RAIN OR DRIZZLE
                        GRTST DEPTH:  24 ON 25,24  7 = DUSTSTORM OR SANDSTORM:
                                                       VSBY 1/2 MILE OR LESS
                                                   8 = SMOKE OR HAZE
[NO. OF DAYS WITH]      [WEATHER - DAYS WITH]      9 = BLOWING SNOW
                                                   X = TORNADO
MAX 32 OR BELOW:  20    0.01 INCH OR MORE:  12
MAX 90 OR ABOVE:   0    0.10 INCH OR MORE:   6
MIN 32 OR BELOW:  26    0.50 INCH OR MORE:   2
MIN  0 OR BELOW:  10    1.00 INCH OR MORE:   1

[HDD (BASE 65) ]
TOTAL THIS MO.  1267    CLEAR  (SCALE 0-3)   3
DPTR FM NORMAL   343    PTCLDY (SCALE 4-7)  15
TOTAL FM JUL 1  4551    CLOUDY (SCALE 8-10)  8
DPTR FM NORMAL   177

[CDD (BASE 65) ]
TOTAL THIS MO.     0
DPTR FM NORMAL     0    [PRESSURE DATA]
TOTAL FM JAN 1     0    HIGHEST SLP M ON M
DPTR FM NORMAL     0    LOWEST  SLP 29.30 ON 15

[REMARKS]
