000
CXUS53 KIWX 010800
CF6BEH
PRELIMINARY LOCAL CLIMATOLOGICAL DATA (WS FORM: F-6)

                                          STATION:   BENTON HARBOR
                                          MONTH:     FEBRUARY
                                          YEAR:      2015
                                          LATITUDE:   42  7 N
                                          LONGITUDE:  86 26 W

  TEMPERATURE IN F:       :PCPN:    SNOW:  WIND      :SUNSHINE: SKY     :PK WND
================================================================================
1   2   3   4   5  6A  6B    7    8   9   10  11  12  13   14  15   16   17  18
                                     12Z  AVG MX 2MIN
DY MAX MIN AVG DEP HDD CDD  WTR  SNW DPTH SPD SPD DIR MIN PSBL S-S WX    SPD DR
================================================================================

 1  29  13  21  -6  44   0 0.21    M    M 12.0 25  70   M    M  10 12     33  60
 2  20   8  14 -13  51   0 0.01    M    M  8.2 20 240   M    M   7 18     26  10
 3  25   3  14 -13  51   0 0.10    M    M  7.8 18 230   M    M   9 18     26 230
 4  28  17  23  -4  42   0 0.05    M    M  7.2 18 320   M    M  10 18     29 290
 5  18  10  14 -13  51   0    T    M    0  9.0 16 240   M    M   7 18     22 240
 6  28  11  20  -7  45   0 0.00  0.0    0 10.3 25 260   M    M   5        31 260
 7  41  23  32   5  33   0 0.00  0.0    0  6.4 13 180   M    M   0 18     18 170
 8  40  24  32   4  33   0    T    M    0  5.3 13  50   M    M   7 1      20  30
 9  25  11  18 -10  47   0 0.00  0.0    0  4.7 13  50   M    M   7        20  40
10  29   3  16 -12  49   0 0.00  0.0    0  4.9 18 140   M    M   1 1      24 140
11  33  22  28   0  37   0    T    M    0 11.7 20 260   M    M  10 18     29 300
12  25  13  19  -9  46   0 0.09    M    0  9.5 21 330   M    M  10 128    33 330
13  27   9  18 -10  47   0 0.01    M    0 11.8 30 270   M    M   9 18     36 270
14  28   9  19 -10  46   0 0.01    M    0 15.3 26 280   M    M  10 128    43 310
15  11  -4   4 -25  61   0 0.01    M    0  5.8 15 340   M    M   3 128    24 330
16  10   0   5 -24  60   0 0.00  0.0    0  6.9 14 100   M    M   5        16 110
17  20   5  13 -16  52   0 0.02    M    M 10.9 22 280   M    M  10 128    28 270
18  14   4   9 -20  56   0 0.02    M    M 14.2 23 270   M    M  10 128    32 300
19   6  -2   2 -28  63   0 0.02    M    M  9.1 20 300   M    M   9 128    26 300
20  15  -8   4 -26  61   0    T    M    M 10.7 20 160   M    M   8 18     26 170
21  26  15  21  -9  44   0    T    M    M  5.3 12 200   M    M  10 1      17 170
22  27  11  19 -11  46   0 0.02    M    M  5.8 17 310   M    M  10 128    24 310
23  12   3   8 -23  57   0 0.01    M    M  7.1 15 250   M    M   7 18     18 270
24  29   0  15 -16  50   0    T    M    M 15.5 31 240   M    M   5 18     40 240
25  27  14  21 -10  44   0    T    M    M  5.0 17 310   M    M   7 1      27 310
26  15   7  11 -21  54   0 0.01    M    M  5.7 14 350   M    M   6 18     24  20
27  16  -7   5 -27  60   0 0.00  0.0    M  5.8 18 230   M    M   4        23 240
28  20  -9   6 -26  59   0    T    M    M  3.9 14 160   M    M   2 1      16 160
================================================================================
SM  644  205      1389   0  0.59     0.0 235.8          M      198
================================================================================
AV 23.0  7.3                               8.4 FASTST   M    M   7    MAX(MPH)
                                 MISC ---->  # 31 240               # 43  310
================================================================================
NOTES:
# LAST OF SEVERAL OCCURRENCES

COLUMN 17 PEAK WIND IN M.P.H.

PRELIMINARY LOCAL CLIMATOLOGICAL DATA (WS FORM: F-6) , PAGE 2

                                          STATION:  BENTON HARBOR
                                          MONTH:    FEBRUARY
                                          YEAR:     2015
                                          LATITUDE:   42  7 N
                                          LONGITUDE:  86 26 W

[TEMPERATURE DATA]      [PRECIPITATION DATA]       SYMBOLS USED IN COLUMN 16

AVERAGE MONTHLY: 15.2   TOTAL FOR MONTH:   0.59    1 = FOG OR MIST
DPTR FM NORMAL: -13.7   DPTR FM NORMAL:   -1.06    2 = FOG REDUCING VISIBILITY
HIGHEST:    41 ON  7    GRTST 24HR  0.23 ON 31- 1      TO 1/4 MILE OR LESS
LOWEST:     -9 ON 28                               3 = THUNDER
                        SNOW, ICE PELLETS, HAIL    4 = ICE PELLETS
                        TOTAL MONTH:   0.0 INCH    5 = HAIL
                        GRTST 24HR     0.0         6 = FREEZING RAIN OR DRIZZLE
                        GRTST DEPTH:   0           7 = DUSTSTORM OR SANDSTORM:
                                                       VSBY 1/2 MILE OR LESS
                                                   8 = SMOKE OR HAZE
[NO. OF DAYS WITH]      [WEATHER - DAYS WITH]      9 = BLOWING SNOW
                                                   X = TORNADO
MAX 32 OR BELOW:  25    0.01 INCH OR MORE:  14
MAX 90 OR ABOVE:   0    0.10 INCH OR MORE:   2
MIN 32 OR BELOW:  28    0.50 INCH OR MORE:   0
MIN  0 OR BELOW:   7    1.00 INCH OR MORE:   0

[HDD (BASE 65) ]
TOTAL THIS MO.  1389    CLEAR  (SCALE 0-3)   4
DPTR FM NORMAL   380    PTCLDY (SCALE 4-7)  12
TOTAL FM JUL 1  5307    CLOUDY (SCALE 8-10) 12
DPTR FM NORMAL   823

[CDD (BASE 65) ]
TOTAL THIS MO.     0
DPTR FM NORMAL     0    [PRESSURE DATA]
TOTAL FM JAN 1     0    HIGHEST SLP 30.79 ON 28
DPTR FM NORMAL     0    LOWEST  SLP 29.60 ON  8

[REMARKS]
#FINAL-02-15#
