000
CXUS56 KHNX 011146
CF6BFL
PRELIMINARY LOCAL CLIMATOLOGICAL DATA (WS FORM: F-6)

                                          STATION:   BAKERSFIELD CA
                                          MONTH:     SEPTEMBER
                                          YEAR:      2014
                                          LATITUDE:   35 25 N
                                          LONGITUDE: 119  3 W

  TEMPERATURE IN F:       :PCPN:    SNOW:  WIND      :SUNSHINE: SKY     :PK WND
================================================================================
1   2   3   4   5  6A  6B    7    8   9   10  11  12  13   14  15   16   17  18
                                     12Z  AVG MX 2MIN
DY MAX MIN AVG DEP HDD CDD  WTR  SNW DPTH SPD SPD DIR MIN PSBL S-S WX    SPD DR
================================================================================

 1  99  71  85   5   0  20 0.00  0.0    0  5.5 13 320   M    M   0        17 310
 2 101  72  87   7   0  22 0.00  0.0    0  5.6 14 310   M    M   0        19 310
 3  98  72  85   5   0  20 0.00  0.0    0  7.1 14 300   M    M   0        18 290
 4  97  71  84   4   0  19 0.00  0.0    0  6.0 14 310   M    M   0        18 310
 5  99  69  84   5   0  19 0.00  0.0    0  6.4 15 300   M    M   0        18 280
 6  99  70  85   6   0  20 0.00  0.0    0  5.3 14 310   M    M   0        20 290
 7  98  69  84   5   0  19 0.00  0.0    0  5.7 13 310   M    M   0        17 300
 8  96  74  85   6   0  20 0.01  0.0    0  6.9 20 310   M    M   3        22 300
 9  93  67  80   1   0  15 0.00  0.0    0  4.9 15 330   M    M   0        20 300
10  95  65  80   2   0  15 0.00  0.0    0  5.5 15 290   M    M   0        20 320
11 101  70  86   8   0  21 0.00  0.0    0  4.5 15 320   M    M   0        21 330
12 102  73  88  10   0  23 0.00  0.0    0  5.1 14 310   M    M   0 8      17 320
13 105  72  89  11   0  24 0.00  0.0    0  6.7 17 300   M    M   0        22 310
14 100  76  88  10   0  23 0.00  0.0    0  4.6 14 300   M    M   0        20 280
15 101  74  88  11   0  23 0.00  0.0    0  4.9 13 290   M    M   0        15 300
16  95  70  83   6   0  18 0.00  0.0    0  4.7  9  20   M    M   0        14 320
17 100  73  87  10   0  22 0.00  0.0    0  7.0 21 360   M    M   0        25  10
18  90  67  79   2   0  14 0.00  0.0    0  7.9 21 360   M    M   0        27 360
19  88  67  78   2   0  13 0.00  0.0    0  6.0 16 340   M    M   0 8      19 340
20  91  68  80   4   0  15 0.00  0.0    0  5.8 14 300   M    M   0 8      18 310
21  91  71  81   5   0  16 0.00  0.0    0  5.7 15 320   M    M   0        24 310
22  89  67  78   2   0  13 0.00  0.0    0  5.7 12 300   M    M   0        16 300
23  94  68  81   6   0  16 0.00  0.0    0  3.5 14 290   M    M   0        17 310
24  91  66  79   4   0  14 0.00  0.0    0  4.6 15  10   M    M   0        18  10
25  87  66  77   2   0  12 0.00  0.0    0  9.2 26 330   M    M   1 78     31 330
26  79  66  73  -1   0   8 0.00  0.0    0  8.5 17 360   M    M   6        24 330
27  76  60  68  -6   0   3 0.00  0.0    0  4.8 14 320   M    M   3        21 360
28  81  59  70  -4   0   5 0.00  0.0    0  5.5 14 300   M    M   2        17 320
29  80  60  70  -4   0   5 0.00  0.0    0  5.4 14 320   M    M   1        17 320
30  84  62  73   0   0   8 0.00  0.0    0  4.7 14 300   M    M   0        16 300
================================================================================
SM 2800 2055         0 485  0.01     0.0 173.7          M       16
================================================================================
AV 93.3 68.5                               5.8 FASTST   M    M   1    MAX(MPH)
                                 MISC ---->  # 26 330               # 31  330
================================================================================
NOTES:
# LAST OF SEVERAL OCCURRENCES

COLUMN 17 PEAK WIND IN M.P.H.

PRELIMINARY LOCAL CLIMATOLOGICAL DATA (WS FORM: F-6) , PAGE 2

                                          STATION:  BAKERSFIELD CA
                                          MONTH:    SEPTEMBER
                                          YEAR:     2014
                                          LATITUDE:   35 25 N
                                          LONGITUDE: 119  3 W

[TEMPERATURE DATA]      [PRECIPITATION DATA]       SYMBOLS USED IN COLUMN 16

AVERAGE MONTHLY: 80.9   TOTAL FOR MONTH:   0.01    1 = FOG OR MIST
DPTR FM NORMAL:   3.9   DPTR FM NORMAL:   -0.07    2 = FOG REDUCING VISIBILITY
HIGHEST:   105 ON 13    GRTST 24HR  0.01 ON  8- 8      TO 1/4 MILE OR LESS
LOWEST:     59 ON 28                               3 = THUNDER
                        SNOW, ICE PELLETS, HAIL    4 = ICE PELLETS
                        TOTAL MONTH:   0.0 INCH    5 = HAIL
                        GRTST 24HR     0.0         6 = FREEZING RAIN OR DRIZZLE
                        GRTST DEPTH:   0           7 = DUSTSTORM OR SANDSTORM:
                                                       VSBY 1/2 MILE OR LESS
                                                   8 = SMOKE OR HAZE
[NO. OF DAYS WITH]      [WEATHER - DAYS WITH]      9 = BLOWING SNOW
                                                   X = TORNADO
MAX 32 OR BELOW:   0    0.01 INCH OR MORE:   1
MAX 90 OR ABOVE:  22    0.10 INCH OR MORE:   0
MIN 32 OR BELOW:   0    0.50 INCH OR MORE:   0
MIN  0 OR BELOW:   0    1.00 INCH OR MORE:   0

[HDD (BASE 65) ]
TOTAL THIS MO.     0    CLEAR  (SCALE 0-3)  27
DPTR FM NORMAL    -2    PTCLDY (SCALE 4-7)   3
TOTAL FM JUL 1     0    CLOUDY (SCALE 8-10)  0
DPTR FM NORMAL    -2

[CDD (BASE 65) ]
TOTAL THIS MO.   485
DPTR FM NORMAL   123    [PRESSURE DATA]
TOTAL FM JAN 1  2766    HIGHEST SLP 30.01 ON 29
DPTR FM NORMAL   636    LOWEST  SLP 29.59 ON  3

[REMARKS]
#FINAL-09-14#
