000
CXUS54 KAMA 311015
CF6BGD
PRELIMINARY LOCAL CLIMATOLOGICAL DATA (WS FORM: F-6)

                                          STATION:   BORGER
                                          MONTH:     MAY
                                          YEAR:      2016
                                          LATITUDE:   35 42 N
                                          LONGITUDE: 101 24 W

  TEMPERATURE IN F:       :PCPN:    SNOW:  WIND      :SUNSHINE: SKY     :PK WND
================================================================================
1   2   3   4   5  6A  6B    7    8   9   10  11  12  13   14  15   16   17  18
                                     12Z  AVG MX 2MIN
DY MAX MIN AVG DEP HDD CDD  WTR  SNW DPTH SPD SPD DIR MIN PSBL S-S WX    SPD DR
================================================================================

 1  50  40  45 -18  20   0 0.05  0.0    0 13.9 25 360   M    M   9        35 350
 2  63  37  50 -14  15   0 0.00  0.0    0  5.8 16 360   M    M   1        23  10
 3  72  42  57  -7   8   0    T  0.0    0  8.2 28  10   M    M   2        38 320
 4  80  46  63  -1   2   0 0.00  0.0    0  7.5 17  10   M    M   0        23  10
 5  89  51  70   6   0   5 0.00  0.0    0  9.2 22 150   M    M   0        32 150
 6  87  54  71   6   0   6 0.00  0.0    0 13.0 24 170   M    M   0        33 170
 7  89  59  74   9   0   9 0.00  0.0    0 15.1 25 170   M    M   0 3      34 140
 8  86  56  71   5   0   6 0.00  0.0    0 11.6 33 240   M    M   1        46 250
 9  81  57  69   3   0   4 0.00  0.0    0 10.2 26 250   M    M   0        38 250
10  91  51  71   5   0   6 0.00  0.0    0  8.3 23 240   M    M   0        33 240
11  78  52  65  -1   0   0 1.61  0.0    0 15.6 39 230   M    M   2 13     63 240
12  75  50  63  -4   2   0 0.03  0.0    0  6.6 20  40   M    M   2        24  40
13  88  55  72   5   0   7    T  0.0    0 13.2 28  40   M    M   2 3      36  40
14  62  43  53 -14  12   0 0.00  0.0    0 11.2 23  40   M    M   6        31  40
15  53  47  50 -18  15   0 0.02  0.0    0  8.7 16 140   M    M   9 1      23 140
16  74  50  62  -6   3   0 0.16  0.0    0 10.4 31 340   M    M   6 13     43 340
17  55  50  53 -15  12   0 0.05  0.0    0 12.7 22  10   M    M  10 1      27  30
18  66  48  57 -12   8   0 0.01  0.0    0  7.4 16  90   M    M   8        21  70
19  64  50  57 -12   8   0 0.06  0.0    0  7.7 14 160   M    M   8 1      19 160
20  82  52  67  -2   0   2 0.00  0.0    0 14.6 24 140   M    M   4        34 150
21  88  64  76   6   0  11 0.00  0.0    0 15.8 26 180   M    M   3        39 160
22  89  64  77   7   0  12 0.00  0.0    0 17.7 35 140   M    M   5        47 170
23  92  64  78   8   0  13 0.00  0.0    0 12.1 29 160   M    M   3        41 160
24  91  69  80  10   0  15    T  0.0    0 18.3 29 150   M    M   0 3      45 150
25  93  59  76   5   0  11 0.00  0.0    0 10.4 21 240   M    M   0        27 250
26  93  62  78   7   0  13 0.00  0.0    0 11.6 25 230   M    M   0        33 210
27  78  50  64  -8   1   0 0.00  0.0    0  9.4 24 290   M    M   0        31 280
28  86  54  70  -2   0   5 0.00  0.0    0  5.2 15 140   M    M   0        20 140
29  79  59  69  -3   0   4 1.21  0.0    0  8.9 29 120   M    M   4 13     38 120
30  83  53  68  -4   0   3 0.01  0.0    0  9.5 21 160   M    M   0 13     29 150
================================================================================
SM 2357 1588       106 132  3.21     0.0 329.8          M       85
================================================================================
AV 78.6 52.9                              11.0 FASTST   M    M   3    MAX(MPH)
                                 MISC ---->  # 39 230               # 63  240
================================================================================
NOTES:
# LAST OF SEVERAL OCCURRENCES

COLUMN 17 PEAK WIND IN M.P.H.

PRELIMINARY LOCAL CLIMATOLOGICAL DATA (WS FORM: F-6) , PAGE 2

                                          STATION:  BORGER
                                          MONTH:    MAY
                                          YEAR:     2016
                                          LATITUDE:   35 42 N
                                          LONGITUDE: 101 24 W

[TEMPERATURE DATA]      [PRECIPITATION DATA]       SYMBOLS USED IN COLUMN 16

AVERAGE MONTHLY: 65.8   TOTAL FOR MONTH:   3.21    1 = FOG OR MIST
DPTR FM NORMAL:  -2.1   DPTR FM NORMAL:    0.46    2 = FOG REDUCING VISIBILITY
HIGHEST:    93 ON 26,25 GRTST 24HR  1.64 ON 11-12      TO 1/4 MILE OR LESS
LOWEST:     37 ON  2                               3 = THUNDER
                        SNOW, ICE PELLETS, HAIL    4 = ICE PELLETS
                        TOTAL MONTH:   0.0 INCH    5 = HAIL
                        GRTST 24HR     0.0         6 = FREEZING RAIN OR DRIZZLE
                        GRTST DEPTH:   0           7 = DUSTSTORM OR SANDSTORM:
                                                       VSBY 1/2 MILE OR LESS
                                                   8 = SMOKE OR HAZE
[NO. OF DAYS WITH]      [WEATHER - DAYS WITH]      9 = BLOWING SNOW
                                                   X = TORNADO
MAX 32 OR BELOW:   0    0.01 INCH OR MORE:  10
MAX 90 OR ABOVE:   5    0.10 INCH OR MORE:   3
MIN 32 OR BELOW:   0    0.50 INCH OR MORE:   2
MIN  0 OR BELOW:   0    1.00 INCH OR MORE:   2

[HDD (BASE 65) ]
TOTAL THIS MO.   106    CLEAR  (SCALE 0-3)  20
DPTR FM NORMAL    46    PTCLDY (SCALE 4-7)   5
TOTAL FM JUL 1  3048    CLOUDY (SCALE 8-10)  5
DPTR FM NORMAL  -715

[CDD (BASE 65) ]
TOTAL THIS MO.   132
DPTR FM NORMAL   -14    [PRESSURE DATA]
TOTAL FM JAN 1   183    HIGHEST SLP M ON M
DPTR FM NORMAL    -7    LOWEST  SLP 29.47 ON  9

[REMARKS]
