000
CXUS54 KAMA 301015
CF6BGD
PRELIMINARY LOCAL CLIMATOLOGICAL DATA (WS FORM: F-6)

                                          STATION:   BORGER
                                          MONTH:     OCTOBER
                                          YEAR:      2014
                                          LATITUDE:   35 42 N
                                          LONGITUDE: 101 24 W

  TEMPERATURE IN F:       :PCPN:    SNOW:  WIND      :SUNSHINE: SKY     :PK WND
================================================================================
1   2   3   4   5  6A  6B    7    8   9   10  11  12  13   14  15   16   17  18
                                     12Z  AVG MX 2MIN
DY MAX MIN AVG DEP HDD CDD  WTR  SNW DPTH SPD SPD DIR MIN PSBL S-S WX    SPD DR
================================================================================

 1  87  56  72   6   0   7 0.00  0.0    0  7.4 15 250   M    M   0        20 250
 2  73  54  64  -2   1   0    T  0.0    0 12.0 25 340   M    M   0        33 330
 3  66  45  56  -9   9   0 0.00  0.0    0 10.1 28  10   M    M   0        36 360
 4  79  44  62  -3   3   0 0.00  0.0    0  7.2 20 250   M    M   0        25 240
 5  85  50  68   4   0   3 0.00  0.0    0  4.6 14  40   M    M   0        18  20
 6  86  50  68   4   0   3 0.00  0.0    0  4.9 16 260   M    M   0        22 250
 7  92  51  72   8   0   7 0.00  0.0    0  6.8 17  90   M    M   0        23 120
 8  93  56  75  12   0  10 0.00  0.0    0  6.9 20 160   M    M   0        26 160
 9  82  61  72   9   0   7 0.62  0.0    0  9.4 23 330   M    M   5 13     35 260
10  61  46  54  -9  11   0 0.05  0.0    0 13.0 23  10   M    M   9 13     28 360
11  64  46  55  -7  10   0 0.00  0.0    0  6.0 15 170   M    M   6 1      22 160
12  84  50  67   5   0   2 0.03  0.0    0 14.7 33 340   M    M   1 3      47 330
13  64  48  56  -5   9   0 0.06    M    0 20.1 39 350   M    M   3        50 330
14  75  43  59  -2   6   0 0.00  0.0    0  8.3 20 260   M    M   0 8      26 260
15  85  44  65   4   0   0 0.00  0.0    0  9.1 18 200   M    M   0        25 180
16  87  59  73  13   0   8 0.00  0.0    0  9.9 23  40   M    M   0        29 240
17  72  49  61   1   4   0 0.00  0.0    0  4.4 13  50   M    M   0        17  40
18  71  48  60   0   5   0    T  0.0    0  5.1 16 140   M    M   2        23 130
19  77  49  63   4   2   0 0.00  0.0    0 10.4 22 220   M    M   1        30 230
20  80  54  67   8   0   2 0.00  0.0    0  4.2 12  40   M    M   1 128    15 350
21  79  54  67   9   0   2 0.00  0.0    0  7.9 18 180   M    M   2        24 190
22  72  59  66   8   0   1 0.09  0.0    0   M   M   M   M    M   6 1       M  M
23  80  59  70  12   0   5 0.00  0.0    M 10.3 21 160   M    M   0 18     27 170
24  88  49  69  11   0   4 0.00  0.0    0  5.1 12 180   M    M   0 128    15 190
25  89  53  71  14   0   6 0.00  0.0    0  9.1 21 180   M    M   0        28 180
26  91  63  77  20   0  12 0.00  0.0    0 12.6 22 250   M    M   0        29 220
27  75  52  64   8   1   0 0.00  0.0    0 12.7 21  20   M    M   0        28  30
28  66  41  54  -2  11   0 0.00  0.0    0  4.3 13  20   M    M   0        17  30
29  73  40  57   1   8   0 0.00  0.0    0  9.0 18 190   M    M   0        25 220
================================================================================
SM 2276 1473        80  79  0.85     0.0 245.5          M       36
================================================================================
AV 78.5 50.8                               8.8 FASTST   M    M   1    MAX(MPH)
                                 MISC ---->  # 39 350               # 50  330
================================================================================
NOTES:
# LAST OF SEVERAL OCCURRENCES

COLUMN 17 PEAK WIND IN M.P.H.

PRELIMINARY LOCAL CLIMATOLOGICAL DATA (WS FORM: F-6) , PAGE 2

                                          STATION:  BORGER
                                          MONTH:    OCTOBER
                                          YEAR:     2014
                                          LATITUDE:   35 42 N
                                          LONGITUDE: 101 24 W

[TEMPERATURE DATA]      [PRECIPITATION DATA]       SYMBOLS USED IN COLUMN 16

AVERAGE MONTHLY: 64.6   TOTAL FOR MONTH:   0.85    1 = FOG OR MIST
DPTR FM NORMAL:   3.9   DPTR FM NORMAL:   -0.77    2 = FOG REDUCING VISIBILITY
HIGHEST:    93 ON  8    GRTST 24HR  0.67 ON  9-10      TO 1/4 MILE OR LESS
LOWEST:     40 ON 29                               3 = THUNDER
                        SNOW, ICE PELLETS, HAIL    4 = ICE PELLETS
                        TOTAL MONTH:   0.0 INCH    5 = HAIL
                        GRTST 24HR     0.0         6 = FREEZING RAIN OR DRIZZLE
                        GRTST DEPTH:   0           7 = DUSTSTORM OR SANDSTORM:
                                                       VSBY 1/2 MILE OR LESS
                                                   8 = SMOKE OR HAZE
[NO. OF DAYS WITH]      [WEATHER - DAYS WITH]      9 = BLOWING SNOW
                                                   X = TORNADO
MAX 32 OR BELOW:   0    0.01 INCH OR MORE:   5
MAX 90 OR ABOVE:   3    0.10 INCH OR MORE:   1
MIN 32 OR BELOW:   0    0.50 INCH OR MORE:   1
MIN  0 OR BELOW:   0    1.00 INCH OR MORE:   0

[HDD (BASE 65) ]
TOTAL THIS MO.    80    CLEAR  (SCALE 0-3)  24
DPTR FM NORMAL   -92    PTCLDY (SCALE 4-7)   4
TOTAL FM JUL 1    98    CLOUDY (SCALE 8-10)  1
DPTR FM NORMAL  -102

[CDD (BASE 65) ]
TOTAL THIS MO.    79
DPTR FM NORMAL    26    [PRESSURE DATA]
TOTAL FM JAN 1  2052    HIGHEST SLP M ON M
DPTR FM NORMAL   214    LOWEST  SLP 29.42 ON 12

[REMARKS]
