000
CXUS51 KBGM 290800
CF6BGM
PRELIMINARY LOCAL CLIMATOLOGICAL DATA (WS FORM: F-6)

                                          STATION:   BINGHAMTON NY
                                          MONTH:     MAY
                                          YEAR:      2017
                                          LATITUDE:   42 13 N
                                          LONGITUDE:  75 59 W

  TEMPERATURE IN F:       :PCPN:    SNOW:  WIND      :SUNSHINE: SKY     :PK WND
================================================================================
1   2   3   4   5  6A  6B    7    8   9   10  11  12  13   14  15   16   17  18
                                     12Z  AVG MX 2MIN
DY MAX MIN AVG DEP HDD CDD  WTR  SNW DPTH SPD SPD DIR MIN PSBL S-S WX    SPD DR
================================================================================

 1  72  53  63  12   2   0 0.58  0.0    0  8.7 39 260   M    M   9 13     59 260
 2  59  46  53   2  12   0 0.01  0.0    0 11.1 31 260   M    M   8 1      47 260
 3  51  40  46  -6  19   0 0.01  0.0    0 11.7 22 330   M    M   6        30 300
 4  52  32  42 -10  23   0 0.04  0.0    0  7.9 21 140   M    M   6        25 140
 5  54  41  48  -4  17   0 0.58  0.0    0 15.6 32 130   M    M  10 1      43 130
 6  63  41  52  -1  13   0 1.63  0.0    0  9.4 22 290   M    M  10 1      28 290
 7  42  35  39 -14  26   0 0.12  0.0    0  8.3 15 290   M    M  10 1      20 270
 8  48  32  40 -13  25   0 0.01  0.0    0  9.3 17 320   M    M   7 1      28 340
 9  51  34  43 -11  22   0 0.00  0.0    0  5.1 13 300   M    M   8        17 300
10  53  35  44 -10  21   0 0.00  0.0    0  6.5 14 350   M    M   4        18 340
11  60  35  48  -6  17   0 0.00  0.0    0  5.4 13 120   M    M   1        16 120
12  61  44  53  -2  12   0    T  0.0    0  5.5 13 150   M    M   8        16 160
13  49  44  47  -8  18   0 0.53  0.0    0  3.5 10 140   M    M   9 1      12 140
14  57  42  50  -5  15   0 0.14  0.0    0  7.2 26 330   M    M   9 123    39 290
15  59  43  51  -5  14   0 0.01  0.0    0 13.3 22 340   M    M   7        31 300
16  66  43  55  -1  10   0    T  0.0    0  4.9 10 240   M    M   3        15 310
17  86  55  71  15   0   6 0.00  0.0    0  9.1 21 260   M    M   0 8      29 290
18  86  66  76  20   0  11 0.05  0.0    0 10.9 21 260   M    M   2 3      32 220
19  74  48  61   4   4   0    T  0.0    0 12.2 23 360   M    M   3        34 270
20  67  46  57   0   8   0    T  0.0    0  5.0 13  20   M    M   6        16  20
21  64  50  57   0   8   0    T  0.0    0 11.0 20 150   M    M   6        28 160
22  63  47  55  -3  10   0 0.42    M    0  7.4 16 330   M    M   9 1      21 350
23  69  43  56  -2   9   0 0.00  0.0    0  3.7  9 130   M    M   0        11 150
24  70  50  60   2   5   0 0.00  0.0    0  8.4 18 150   M    M   2        26 150
25  58  51  55  -3  10   0 0.48  0.0    0 12.5 23 110   M    M   9 1      31 110
26  61  52  57  -2   8   0 0.16  0.0    0  7.7 17 280   M    M  10 12     25 270
27  63  53  58  -1   7   0 0.01  0.0    0  5.0  9 300   M    M  10 1      12 300
28  72  53  63   4   2   0 0.00  0.0    0  7.4 15 150   M    M   8 1      24 160
================================================================================
SM 1730 1254       337  17  4.78     0.0 233.7          M      180
================================================================================
AV 61.8 44.8                               8.3 FASTST   M    M   6    MAX(MPH)
                                 MISC ---->  # 39 260               # 59  260
================================================================================
NOTES:
# LAST OF SEVERAL OCCURRENCES

COLUMN 17 PEAK WIND IN M.P.H.

PRELIMINARY LOCAL CLIMATOLOGICAL DATA (WS FORM: F-6) , PAGE 2

                                          STATION:  BINGHAMTON NY
                                          MONTH:    MAY
                                          YEAR:     2017
                                          LATITUDE:   42 13 N
                                          LONGITUDE:  75 59 W

[TEMPERATURE DATA]      [PRECIPITATION DATA]       SYMBOLS USED IN COLUMN 16

AVERAGE MONTHLY: 53.3   TOTAL FOR MONTH:   4.78    1 = FOG OR MIST
DPTR FM NORMAL:  -2.0   DPTR FM NORMAL:    1.59    2 = FOG REDUCING VISIBILITY
HIGHEST:    86 ON 18,17 GRTST 24HR  1.63 ON  6- 6      TO 1/4 MILE OR LESS
LOWEST:     32 ON  8, 4                            3 = THUNDER
                        SNOW, ICE PELLETS, HAIL    4 = ICE PELLETS
                        TOTAL MONTH:   0.0 INCH    5 = HAIL
                        GRTST 24HR     0.0         6 = FREEZING RAIN OR DRIZZLE
                        GRTST DEPTH:   0           7 = DUSTSTORM OR SANDSTORM:
                                                       VSBY 1/2 MILE OR LESS
                                                   8 = SMOKE OR HAZE
[NO. OF DAYS WITH]      [WEATHER - DAYS WITH]      9 = BLOWING SNOW
                                                   X = TORNADO
MAX 32 OR BELOW:   0    0.01 INCH OR MORE:  16
MAX 90 OR ABOVE:   0    0.10 INCH OR MORE:   9
MIN 32 OR BELOW:   2    0.50 INCH OR MORE:   4
MIN  0 OR BELOW:   0    1.00 INCH OR MORE:   1

[HDD (BASE 65) ]
TOTAL THIS MO.   337    CLEAR  (SCALE 0-3)   6
DPTR FM NORMAL    50    PTCLDY (SCALE 4-7)  11
TOTAL FM JUL 1  6497    CLOUDY (SCALE 8-10) 11
DPTR FM NORMAL  -589

[CDD (BASE 65) ]
TOTAL THIS MO.    17
DPTR FM NORMAL     1    [PRESSURE DATA]
TOTAL FM JAN 1    21    HIGHEST SLP M ON M
DPTR FM NORMAL     1    LOWEST  SLP 29.25 ON  6

[REMARKS]
