000
CXUS54 KBMX 251216
CF6BHM
PRELIMINARY LOCAL CLIMATOLOGICAL DATA (WS FORM: F-6)

                                          STATION:   BIRMINGHAM
                                          MONTH:     NOVEMBER
                                          YEAR:      2014
                                          LATITUDE:   33 34 N
                                          LONGITUDE:  86 45 W

  TEMPERATURE IN F:       :PCPN:    SNOW:  WIND      :SUNSHINE: SKY     :PK WND
================================================================================
1   2   3   4   5  6A  6B    7    8   9   10  11  12  13   14  15   16   17  18
                                     12Z  AVG MX 2MIN
DY MAX MIN AVG DEP HDD CDD  WTR  SNW DPTH SPD SPD DIR MIN PSBL S-S WX    SPD DR
================================================================================

 1  53  33  43 -16  22   0 0.00  0.0    0 10.6 24 330   M    M   2        30 330
 2  61  28  45 -14  20   0 0.00  0.0    0  3.3 14 350   M    M   0        17  10
 3  67  36  52  -6  13   0 0.00  0.0    0  3.0 10 130   M    M   1        15 150
 4  71  48  60   2   5   0 0.00  0.0    0  4.4 14 200   M    M   7        18 190
 5  68  58  63   5   2   0 0.00  0.0    0  4.6 12 200   M    M   8        19 200
 6  71  46  59   1   6   0 0.11    M    0 11.2 21 300   M    M   5 1      27 290
 7  59  39  49  -8  16   0 0.00  0.0    0  6.2 14  30   M    M   3        19 350
 8  65  35  50  -7  15   0 0.00  0.0    0  2.7  9 310   M    M   3        13 200
 9  65  37  51  -6  14   0 0.00  0.0    0  2.3 13 300   M    M   2        16 300
10  70  36  53  -3  12   0 0.00  0.0    0  3.3 12 140   M    M   1        15 130
11  76  43  60   4   5   0 0.00  0.0    0  5.0 17 200   M    M   4        23 200
12  64  39  52  -4  13   0    T  0.0    0  9.8 17 340   M    M  10 18     23 360
13  43  30  37 -18  28   0 0.00  0.0    0 12.4 18 350   M    M   9 8      24 360
14  43  23  33 -22  32   0 0.00  0.0    0  8.3 18  10   M    M   1        24 360
15  52  23  38 -17  27   0 0.00  0.0    0  4.4 14 190   M    M   2        18 120
16  58  47  53  -1  12   0 2.43  0.0    0  7.0 15 140   M    M  10 1      22 140
17  58  27  43 -11  22   0 1.00    M    0 12.3 23 280   M    M   7 1      29 310
18  37  22  30 -24  35   0 0.00  0.0    0  6.3 17 290   M    M   2        22 310
19  52  20  36 -17  29   0 0.00  0.0    0  5.9 16 200   M    M   1        20 220
20  62  42  52  -1  13   0 0.00  0.0    0  4.9 15 220   M    M   6        23 220
21  67  41  54   1  11   0 0.00  0.0    0  4.8 10 130   M    M   2        16  50
22  68  42  55   3  10   0    T  0.0    0  8.3 18 120   M    M   5        28 170
23  65  55  60   8   5   0 0.92  0.0    0 12.7 22 190   M    M   9 138    31 180
24  68  48  58   6   7   0 0.00  0.0    0 12.3 24 210   M    M   5        31 210
================================================================================
SM 1463  898       374   0  4.46     0.0 166.0          M      105
================================================================================
AV 61.0 37.4                               6.9 FASTST   M    M   4    MAX(MPH)
                                 MISC ---->  # 24 330               # 31  180
================================================================================
NOTES:
# LAST OF SEVERAL OCCURRENCES

COLUMN 17 PEAK WIND IN M.P.H.

PRELIMINARY LOCAL CLIMATOLOGICAL DATA (WS FORM: F-6) , PAGE 2

                                          STATION:  BIRMINGHAM
                                          MONTH:    NOVEMBER
                                          YEAR:     2014
                                          LATITUDE:   33 34 N
                                          LONGITUDE:  86 45 W

[TEMPERATURE DATA]      [PRECIPITATION DATA]       SYMBOLS USED IN COLUMN 16

AVERAGE MONTHLY: 49.2   TOTAL FOR MONTH:   4.46    1 = FOG OR MIST
DPTR FM NORMAL:  -6.3   DPTR FM NORMAL:    0.68    2 = FOG REDUCING VISIBILITY
HIGHEST:    76 ON 11    GRTST 24HR  3.43 ON 16-17      TO 1/4 MILE OR LESS
LOWEST:     20 ON 19                               3 = THUNDER
                        SNOW, ICE PELLETS, HAIL    4 = ICE PELLETS
                        TOTAL MONTH:   0.0 INCH    5 = HAIL
                        GRTST 24HR     0.0         6 = FREEZING RAIN OR DRIZZLE
                        GRTST DEPTH:   0           7 = DUSTSTORM OR SANDSTORM:
                                                       VSBY 1/2 MILE OR LESS
                                                   8 = SMOKE OR HAZE
[NO. OF DAYS WITH]      [WEATHER - DAYS WITH]      9 = BLOWING SNOW
                                                   X = TORNADO
MAX 32 OR BELOW:   0    0.01 INCH OR MORE:   4
MAX 90 OR ABOVE:   0    0.10 INCH OR MORE:   4
MIN 32 OR BELOW:   7    0.50 INCH OR MORE:   3
MIN  0 OR BELOW:   0    1.00 INCH OR MORE:   2

[HDD (BASE 65) ]
TOTAL THIS MO.   374    CLEAR  (SCALE 0-3)  11
DPTR FM NORMAL   130    PTCLDY (SCALE 4-7)   9
TOTAL FM JUL 1   461    CLOUDY (SCALE 8-10)  4
DPTR FM NORMAL    90

[CDD (BASE 65) ]
TOTAL THIS MO.     0
DPTR FM NORMAL   -13    [PRESSURE DATA]
TOTAL FM JAN 1  2143    HIGHEST SLP M ON M
DPTR FM NORMAL    90    LOWEST  SLP 29.53 ON 23

[REMARKS]
