000
CXUS53 KBIS 250836
CF6BIS
PRELIMINARY LOCAL CLIMATOLOGICAL DATA (WS FORM: F-6)

                                          STATION:   BISMARCK ND
                                          MONTH:     FEBRUARY
                                          YEAR:      2017
                                          LATITUDE:   46 46 N
                                          LONGITUDE: 100 45 W

  TEMPERATURE IN F:       :PCPN:    SNOW:  WIND      :SUNSHINE: SKY     :PK WND
================================================================================
1   2   3   4   5  6A  6B    7    8   9   10  11  12  13   14  15   16   17  18
                                     12Z  AVG MX 2MIN
DY MAX MIN AVG DEP HDD CDD  WTR  SNW DPTH SPD SPD DIR MIN PSBL S-S WX    SPD DR
================================================================================

 1  17   6  12  -2  53   0    T    T   15 13.8 26 290   M    M   7 1      32 310
 2  15  -7   4 -10  61   0 0.01  0.1   14 10.4 23 320   M    M   2 9      34 320
 3  15 -11   2 -13  63   0 0.00  0.0   14  6.2 15 140   M    M   0        17 140
 4  18   6  12  -3  53   0 0.04  0.5   14  8.7 23 320   M    M   6 18     27 320
 5  16   0   8  -7  57   0    T    T   14  7.5 20 150   M    M   8 8      21 150
 6  13   8  11  -4  54   0    T  0.1   14 13.2 23  50   M    M   9 18     28  60
 7   8  -8   0 -16  65   0 0.12  2.0   16  8.6 15 320   M    M   5 12     19  40
 8   7 -11  -2 -18  67   0 0.00  0.0   16  8.4 21 260   M    M   2        27 290
 9  24 -15   5 -11  60   0    T    T   16  9.0 23 170   M    M   3        26 170
10  49  18  34  18  31   0 0.00  0.0   16  8.5 18 280   M    M   1        26 280
11  45  22  34  17  31   0    T  0.0   14 10.1 31 320   M    M   3        42 320
12  40  26  33  16  32   0 0.00  0.0   13 10.1 20 290   M    M   0        27 280
13  42  19  31  14  34   0 0.00  0.0   13  9.5 22 320   M    M   0        30 320
14  40  22  31  13  34   0 0.00  0.0   12  9.3 20 310   M    M   0 1      25 310
15  47  18  33  15  32   0 0.00  0.0   11  4.3 10 220   M    M   0 1      13 210
16  54  25  40  22  25   0 0.00  0.0   10  3.1 14 230   M    M   0        17 230
17  51  26  39  20  26   0 0.00  0.0    9  7.3 23 290   M    M   0        30 290
18  39  23  31  12  34   0 0.00  0.0    9  7.0 16  70   M    M   3        19  70
19  43  34  39  20  26   0 0.00  0.0    9  7.7 16 130   M    M   0        18 130
20  52  32  42  22  23   0 0.22  0.0    8  7.0 17 290   M    M   4 1      24 280
21  55  28  42  22  23   0 0.04  0.0    6  3.6 13  20   M    M   4        15  20
22  35  30  33  13  32   0 0.32  1.0    5  7.2 18  10   M    M   7 1      22  20
23  32  19  26   5  39   0 0.00  0.0    4  6.9 17  20   M    M   8 1      22  20
24  32  15  24   3  41   0 0.00  0.0    4  6.3 16 340   M    M   3        20 330
================================================================================
SM  789  325       996   0  0.75     3.7 193.7          M       75
================================================================================
AV 32.9 13.5                               8.1 FASTST   M    M   3    MAX(MPH)
                                 MISC ---->  # 31 320               # 42  320
================================================================================
NOTES:
# LAST OF SEVERAL OCCURRENCES

COLUMN 17 PEAK WIND IN M.P.H.

PRELIMINARY LOCAL CLIMATOLOGICAL DATA (WS FORM: F-6) , PAGE 2

                                          STATION:  BISMARCK ND
                                          MONTH:    FEBRUARY
                                          YEAR:     2017
                                          LATITUDE:   46 46 N
                                          LONGITUDE: 100 45 W

[TEMPERATURE DATA]      [PRECIPITATION DATA]       SYMBOLS USED IN COLUMN 16

AVERAGE MONTHLY: 23.2   TOTAL FOR MONTH:   0.75    1 = FOG OR MIST
DPTR FM NORMAL:   5.9   DPTR FM NORMAL:    0.34    2 = FOG REDUCING VISIBILITY
HIGHEST:    55 ON 21    GRTST 24HR  0.36 ON 21-22      TO 1/4 MILE OR LESS
LOWEST:    -15 ON  9                               3 = THUNDER
                        SNOW, ICE PELLETS, HAIL    4 = ICE PELLETS
                        TOTAL MONTH:   3.7 INCHES  5 = HAIL
                        GRTST 24HR   2.0 ON  7- 7  6 = FREEZING RAIN OR DRIZZLE
                        GRTST DEPTH:  16 ON 10, 9  7 = DUSTSTORM OR SANDSTORM:
                                                       VSBY 1/2 MILE OR LESS
                                                   8 = SMOKE OR HAZE
[NO. OF DAYS WITH]      [WEATHER - DAYS WITH]      9 = BLOWING SNOW
                                                   X = TORNADO
MAX 32 OR BELOW:  11    0.01 INCH OR MORE:   6
MAX 90 OR ABOVE:   0    0.10 INCH OR MORE:   3
MIN 32 OR BELOW:  23    0.50 INCH OR MORE:   0
MIN  0 OR BELOW:   6    1.00 INCH OR MORE:   0

[HDD (BASE 65) ]
TOTAL THIS MO.   996    CLEAR  (SCALE 0-3)  15
DPTR FM NORMAL  -147    PTCLDY (SCALE 4-7)   8
TOTAL FM JUL 1  5819    CLOUDY (SCALE 8-10)  1
DPTR FM NORMAL  -442

[CDD (BASE 65) ]
TOTAL THIS MO.     0
DPTR FM NORMAL     0    [PRESSURE DATA]
TOTAL FM JAN 1     0    HIGHEST SLP M ON M
DPTR FM NORMAL     0    LOWEST  SLP 29.40 ON 17

[REMARKS]
