000
CXUS53 KILX 290900
CF6BMI
PRELIMINARY LOCAL CLIMATOLOGICAL DATA (WS FORM: F-6)

                                          STATION:   BLOOMINGTON IL AIRPORT
                                          MONTH:     AUGUST
                                          YEAR:      2014
                                          LATITUDE:   40 28 N
                                          LONGITUDE:  88 56 W

  TEMPERATURE IN F:       :PCPN:    SNOW:  WIND      :SUNSHINE: SKY     :PK WND
================================================================================
1   2   3   4   5  6A  6B    7    8   9   10  11  12  13   14  15   16   17  18
                                     12Z  AVG MX 2MIN
DY MAX MIN AVG DEP HDD CDD  WTR  SNW DPTH SPD SPD DIR MIN PSBL S-S WX    SPD DR
================================================================================

 1  80  58  69   M   0   4 0.08    M    M  4.2 12 170   M    M   2 3      18 170
 2  82  55  69   M   0   4 0.00    M    M  4.1  9 350   M    M   M         M  M
 3  83  60  72   M   0   7 0.00    M    M  4.8  9 200   M    M   M         M  M
 4  83  60  72   M   0   7 0.33    M    M  7.0 13 170   M    M   1 1       M  M
 5  80  64  72   M   0   7 0.30    M    M  7.6 14 210   M    M   4 1       M  M
 6  75  62  69   M   0   4    T    M    M  4.2  8  70   M    M   4 12      M  M
 7  74  59  67   M   0   2 0.01    M    M  8.5 14 130   M    M   M         M  M
 8  75  62  69   M   0   4 0.01    M    M  8.2 14  80   M    M   7         M  M
 9  79  64  72   M   0   7    T    M    M  8.7 15  80   M    M   M         M  M
10  79  65  72   M   0   7    T    M    M  6.4 12  50   M    M   5         M  M
11  82  64  73   M   0   8 0.37    M    M  8.7 14 310   M    M   5 18      M  M
12  74  59  67   M   0   2 0.00    M    M 13.0 21 330   M    M   6        25 320
13  79  55  67   M   0   2 0.00    M    M  7.6 13 300   M    M   1        17 300
14  78  53  66   M   0   1 0.00    M    M  6.6  9 340   M    M   M         M  M
15  74  52  63   M   2   0 0.00    M    M  6.2 10 140   M    M   M         M  M
16  74  63  69   M   0   4 0.06    M    M  7.6 12 210   M    M   7 1       M  M
17  77  64  71   M   0   6    T    M    M  7.7 13  80   M    M   9 128     M  M
18  81  63  72   M   0   7 0.00    M    M  5.5  8 190   M    M   7 12      M  M
19  84  66  75   M   0  10    T    M    M  8.3 14 250   M    M   2 18     20 250
20  80  61  71   M   0   6 0.02    M    M  7.8 15 230   M    M   2 1       M  M
21  87  69  78   M   0  13 0.00    M    M  8.9 14 230   M    M   M         M  M
22  83  71  77   M   0  12 0.83    M    M  7.7 13 230   M    M   3 13      M  M
23  85  70  78   M   0  13 0.06    M    M  6.1  9  90   M    M   3 123     M  M
24  90  67  79   M   0  14 0.00    M    M  6.5 10 140   M    M   M         M  M
25  91  69  80   M   0  15 0.06    M    M  9.3 14 140   M    M   1 13      M  M
26  90  68  79   M   0  14 0.00    M    M  6.5 10 320   M    M   2 13      M  M
27  85  66  76   M   0  11 0.00    M    M  6.4 12  40   M    M   2 1       M  M
28  83  62  73   M   0   8 0.80    M    M  7.8 14 120   M    M   5 13      M  M
================================================================================
SM 2267 1751         2 199  2.93    M    201.9          M       78
================================================================================
AV 81.0 62.5                               7.2 FASTST   M    M   4    MAX(MPH)
                                 MISC ---->    21   M                 25    M
================================================================================
NOTES:
# LAST OF SEVERAL OCCURRENCES

COLUMN 17 PEAK WIND IN M.P.H.

PRELIMINARY LOCAL CLIMATOLOGICAL DATA (WS FORM: F-6) , PAGE 2

                                          STATION:  BLOOMINGTON IL AIRPORT
                                          MONTH:    AUGUST
                                          YEAR:     2014
                                          LATITUDE:   40 28 N
                                          LONGITUDE:  88 56 W

[TEMPERATURE DATA]      [PRECIPITATION DATA]       SYMBOLS USED IN COLUMN 16

AVERAGE MONTHLY: 71.8   TOTAL FOR MONTH:   2.93    1 = FOG OR MIST
DPTR FM NORMAL:     M   DPTR FM NORMAL:       M    2 = FOG REDUCING VISIBILITY
HIGHEST:    91 ON 25    GRTST 24HR  0.83 ON 22-22      TO 1/4 MILE OR LESS
LOWEST:     52 ON 15                               3 = THUNDER
                        SNOW, ICE PELLETS, HAIL    4 = ICE PELLETS
                        TOTAL MONTH:    M          5 = HAIL
                        GRTST 24HR    M  ON   M    6 = FREEZING RAIN OR DRIZZLE
                        GRTST DEPTH:  M  ON   M    7 = DUSTSTORM OR SANDSTORM:
                                                       VSBY 1/2 MILE OR LESS
                                                   8 = SMOKE OR HAZE
[NO. OF DAYS WITH]      [WEATHER - DAYS WITH]      9 = BLOWING SNOW
                                                   X = TORNADO
MAX 32 OR BELOW:   0    0.01 INCH OR MORE:  12
MAX 90 OR ABOVE:   3    0.10 INCH OR MORE:   5
MIN 32 OR BELOW:   0    0.50 INCH OR MORE:   2
MIN  0 OR BELOW:   0    1.00 INCH OR MORE:   0

[HDD (BASE 65) ]
TOTAL THIS MO.     2    CLEAR  (SCALE 0-3)   8
DPTR FM NORMAL     M    PTCLDY (SCALE 4-7)  11
TOTAL FM JUL 1    15    CLOUDY (SCALE 8-10)  1
DPTR FM NORMAL     M

[CDD (BASE 65) ]
TOTAL THIS MO.   199
DPTR FM NORMAL     M    [PRESSURE DATA]
TOTAL FM JAN 1   666    HIGHEST SLP M ON M
DPTR FM NORMAL     M    LOWEST  SLP M ON M

[REMARKS]
