000
CXUS54 KEWX 180910
CF6BMQ
PRELIMINARY LOCAL CLIMATOLOGICAL DATA (WS FORM: F-6)

                                          STATION:   BURNET
                                          MONTH:     JANUARY
                                          YEAR:      2018
                                          LATITUDE:   30 43 N
                                          LONGITUDE:  98 14 W

  TEMPERATURE IN F:       :PCPN:    SNOW:  WIND      :SUNSHINE: SKY     :PK WND
================================================================================
1   2   3   4   5  6A  6B    7    8   9   10  11  12  13   14  15   16   17  18
                                     12Z  AVG MX 2MIN
DY MAX MIN AVG DEP HDD CDD  WTR  SNW DPTH SPD SPD DIR MIN PSBL S-S WX    SPD DR
================================================================================

 1  29  20  25 -23  40   0 0.00    M    M  9.2 16 360   M    M  10        23  30
 2   M   M   M   M   M   M 0.00    M    M  5.5  6  40   M    M  10         M  M
 3  56  21  39  -9  26   0 0.00    M    M  5.9 16 330   M    M   0        19 320
 4  53  25  39  -9  26   0 0.00    M    M  3.4 10 180   M    M   0        14 180
 5  59  39  49   1  16   0    T    M    M  4.6 13 190   M    M   3        19 190
 6  59  35  47  -1  18   0 0.00    M    M  4.6 14 180   M    M   5        21 170
 7  63  50  57   9   8   0    T    M    M  9.7 22 330   M    M   8 8      32 190
 8  67  44  56   8   9   0 0.00    M    M  9.2 20 330   M    M   0        27 330
 9  69  34  52   4  13   0 0.00    M    M  3.5 10 180   M    M   0        14 150
10  65  44  55   7  10   0 0.00    M    M  7.5 23 180   M    M   4 1      31 180
11  67  40  54   6  11   0    T    M    M 11.7 30 310   M    M   2 18     42 290
12  56  30  43  -5  22   0 0.00    M    M  9.2 20 330   M    M   0        25 330
13  53  28  41  -7  24   0 0.00    M    M  5.2 14  40   M    M   0        20  40
14  61  28  45  -3  20   0 0.00    M    M  4.1 17 200   M    M   0        23 210
15  65  35  50   2  15   0 0.04    M    M  8.8 32  20   M    M   7 12     42  20
16  35  21  28 -20  37   0    T    M    M 13.4 24 360   M    M   9        34  10
17  39  13  26 -22  39   0 0.00    M    M  4.7 10  40   M    M   1        12  40
================================================================================
SM  896  507       334   0  0.04    M    120.2          M       59
================================================================================
AV 56.0 31.7                               7.1 FASTST   M    M   3    MAX(MPH)
                                 MISC ---->  # 32  20               # 42  290
================================================================================
NOTES:
# LAST OF SEVERAL OCCURRENCES

COLUMN 17 PEAK WIND IN M.P.H.

PRELIMINARY LOCAL CLIMATOLOGICAL DATA (WS FORM: F-6) , PAGE 2

                                          STATION:  BURNET
                                          MONTH:    JANUARY
                                          YEAR:     2018
                                          LATITUDE:   30 43 N
                                          LONGITUDE:  98 14 W

[TEMPERATURE DATA]      [PRECIPITATION DATA]       SYMBOLS USED IN COLUMN 16

AVERAGE MONTHLY: 43.8   TOTAL FOR MONTH:   0.04    1 = FOG OR MIST
DPTR FM NORMAL:  -4.2   DPTR FM NORMAL:   -0.86    2 = FOG REDUCING VISIBILITY
HIGHEST:    69 ON  9    GRTST 24HR  0.04 ON 15-15      TO 1/4 MILE OR LESS
LOWEST:     13 ON 17                               3 = THUNDER
                        SNOW, ICE PELLETS, HAIL    4 = ICE PELLETS
                        TOTAL MONTH:    M          5 = HAIL
                        GRTST 24HR    M  ON   M    6 = FREEZING RAIN OR DRIZZLE
                        GRTST DEPTH:  M  ON   M    7 = DUSTSTORM OR SANDSTORM:
                                                       VSBY 1/2 MILE OR LESS
                                                   8 = SMOKE OR HAZE
[NO. OF DAYS WITH]      [WEATHER - DAYS WITH]      9 = BLOWING SNOW
                                                   X = TORNADO
MAX 32 OR BELOW:   1    0.01 INCH OR MORE:   1
MAX 90 OR ABOVE:   0    0.10 INCH OR MORE:   0
MIN 32 OR BELOW:   8    0.50 INCH OR MORE:   0
MIN  0 OR BELOW:   0    1.00 INCH OR MORE:   0

[HDD (BASE 65) ]
TOTAL THIS MO.   334    CLEAR  (SCALE 0-3)  10
DPTR FM NORMAL    45    PTCLDY (SCALE 4-7)   4
TOTAL FM JUL 1  1008    CLOUDY (SCALE 8-10)  3
DPTR FM NORMAL  -109

[CDD (BASE 65) ]
TOTAL THIS MO.     0
DPTR FM NORMAL     0    [PRESSURE DATA]
TOTAL FM JAN 1     0    HIGHEST SLP M ON M
DPTR FM NORMAL     0    LOWEST  SLP 29.67 ON 10

[REMARKS]
