000
CXUS54 KEWX 300910
CF6BMQ
PRELIMINARY LOCAL CLIMATOLOGICAL DATA (WS FORM: F-6)

                                          STATION:   BURNET
                                          MONTH:     SEPTEMBER
                                          YEAR:      2014
                                          LATITUDE:   30 43 N
                                          LONGITUDE:  98 14 W

  TEMPERATURE IN F:       :PCPN:    SNOW:  WIND      :SUNSHINE: SKY     :PK WND
================================================================================
1   2   3   4   5  6A  6B    7    8   9   10  11  12  13   14  15   16   17  18
                                     12Z  AVG MX 2MIN
DY MAX MIN AVG DEP HDD CDD  WTR  SNW DPTH SPD SPD DIR MIN PSBL S-S WX    SPD DR
================================================================================

 1  97  75  86   5   0  21 0.00    M    M  9.7 18 180   M    M   4        25 140
 2  97  75  86   5   0  21 0.00    M    M  8.8 18 130   M    M   3        27 120
 3  96  74  85   4   0  20 0.00    M    M  8.3 18 230   M    M   2 3      28 150
 4  94  74  84   3   0  19 0.00    M    M  6.7 20 170   M    M   4 3      30 180
 5  97  74  86   6   0  21 0.00    M    M  6.7 22 140   M    M   2        34 160
 6  96  72  84   4   0  19 0.20    M    M  5.1 20 360   M    M   4 13     26 260
 7  86  71  79  -1   0  14 0.75    M    M  5.2 14  40   M    M   5 13     18  40
 8  94  71  83   3   0  18 0.00    M    M  2.6 10 140   M    M   0        14 130
 9  95  73  84   5   0  19 0.00    M    M  6.3 16 190   M    M   1        22 190
10  97  74  86   7   0  21 0.00    M    M  8.7 17 180   M    M   0        24 200
11  97  76  87   8   0  22 0.00    M    M  6.9 17  30   M    M   2        24  40
12  89  61  75  -3   0  10    T    M    M 10.6 21  30   M    M   5 18     28  40
13  70  57  64 -14   1   0    T    M    M  9.8 17  20   M    M  10 1      27 360
14  81  63  72  -6   0   7 0.00    M    M  4.0 12  60   M    M   7 1      16  70
15  89  69  79   1   0  14    T    M    M  3.4 10  30   M    M   3 8      14 110
16  94  72  83   6   0  18    T    M    M  5.3 17  40   M    M   3        22  60
17  91  70  81   4   0  16 0.15    M    M  5.9 17  50   M    M   6 13     27  60
18  88  70  79   2   0  14 1.14    M    M  3.8 22  40   M    M   6 13     29  40
19  80  72  76   0   0  11    T    M    M  5.1 12  60   M    M   7 1      16  50
20  87  73  80   4   0  15    T    M    M  4.8 13 100   M    M   7 1      19 100
21  89  71  80   4   0  15 0.00    M    M  4.1 13  80   M    M   4        16 100
22  91  67  79   3   0  14 0.00    M    M  5.3 13  60   M    M   1        17  60
23  85  64  75   0   0  10 0.00    M    M  4.3 12  60   M    M   0        15  60
24  85  59  72  -3   0   7 0.00    M    M  3.5 10 120   M    M   0        14 100
25  83  60  72  -3   0   7 0.00    M    M  5.1 13 100   M    M   3        21  60
26  82  64  73  -1   0   8    T    M    M  5.1 14 120   M    M   5        20 130
27  78  68  73  -1   0   8    T    M    M  1.9 10 110   M    M   8 8      16  80
28  87  62  75   1   0  10 0.00    M    M  4.3 14  40   M    M   2 1      19  70
29  89  66  78   5   0  13 0.00    M    M  3.3 12  20   M    M   0        15  20
================================================================================
SM 2584 1997         1 412  2.24    M    164.6          M      104
================================================================================
AV 89.1 68.9                               5.7 FASTST   M    M   4    MAX(MPH)
                                 MISC ---->  # 22 140               # 34  160
================================================================================
NOTES:
# LAST OF SEVERAL OCCURRENCES

COLUMN 17 PEAK WIND IN M.P.H.

PRELIMINARY LOCAL CLIMATOLOGICAL DATA (WS FORM: F-6) , PAGE 2

                                          STATION:  BURNET
                                          MONTH:    SEPTEMBER
                                          YEAR:     2014
                                          LATITUDE:   30 43 N
                                          LONGITUDE:  98 14 W

[TEMPERATURE DATA]      [PRECIPITATION DATA]       SYMBOLS USED IN COLUMN 16

AVERAGE MONTHLY: 79.0   TOTAL FOR MONTH:   2.24    1 = FOG OR MIST
DPTR FM NORMAL:   1.5   DPTR FM NORMAL:   -0.80    2 = FOG REDUCING VISIBILITY
HIGHEST:    97 ON 11,10 GRTST 24HR  1.29 ON 17-18      TO 1/4 MILE OR LESS
LOWEST:     57 ON 13                               3 = THUNDER
                        SNOW, ICE PELLETS, HAIL    4 = ICE PELLETS
                        TOTAL MONTH:    M          5 = HAIL
                        GRTST 24HR    M  ON   M    6 = FREEZING RAIN OR DRIZZLE
                        GRTST DEPTH:  M  ON   M    7 = DUSTSTORM OR SANDSTORM:
                                                       VSBY 1/2 MILE OR LESS
                                                   8 = SMOKE OR HAZE
[NO. OF DAYS WITH]      [WEATHER - DAYS WITH]      9 = BLOWING SNOW
                                                   X = TORNADO
MAX 32 OR BELOW:   0    0.01 INCH OR MORE:   4
MAX 90 OR ABOVE:  13    0.10 INCH OR MORE:   4
MIN 32 OR BELOW:   0    0.50 INCH OR MORE:   2
MIN  0 OR BELOW:   0    1.00 INCH OR MORE:   1

[HDD (BASE 65) ]
TOTAL THIS MO.     1    CLEAR  (SCALE 0-3)  15
DPTR FM NORMAL     1    PTCLDY (SCALE 4-7)  13
TOTAL FM JUL 1     1    CLOUDY (SCALE 8-10)  1
DPTR FM NORMAL     1

[CDD (BASE 65) ]
TOTAL THIS MO.   412
DPTR FM NORMAL    46    [PRESSURE DATA]
TOTAL FM JAN 1  2494    HIGHEST SLP M ON M
DPTR FM NORMAL    92    LOWEST  SLP 29.73 ON M

[REMARKS]
