000
CXUS55 KBOI 291002
CF6BOI
PRELIMINARY LOCAL CLIMATOLOGICAL DATA (WS FORM: F-6)

                                          STATION:   BOISE ID
                                          MONTH:     APRIL
                                          YEAR:      2016
                                          LATITUDE:   43 34 N
                                          LONGITUDE: 116 13 W

  TEMPERATURE IN F:       :PCPN:    SNOW:  WIND      :SUNSHINE: SKY     :PK WND
================================================================================
1   2   3   4   5  6A  6B    7    8   9   10  11  12  13   14  15   16   17  18
                                     12Z  AVG MX 2MIN
DY MAX MIN AVG DEP HDD CDD  WTR  SNW DPTH SPD SPD DIR MIN PSBL S-S WX    SPD DR
================================================================================

 1  66  40  53   5  12   0 0.00  0.0    0  7.1 16 160   M    M   0        22 170
 2  73  41  57   9   8   0 0.00  0.0    0  5.4 12 130   M    M   0        14 130
 3  74  44  59  11   6   0 0.00  0.0    0  5.7 13 330   M    M   0        17 340
 4  63  41  52   4  13   0    T  0.0    0 12.1 29 310   M    M   3 8      36 320
 5  57  37  47  -2  18   0 0.00  0.0    0  8.2 21 320   M    M   2        25 330
 6  71  36  54   5  11   0 0.00  0.0    0  4.4 14 320   M    M   0        20 340
 7  77  41  59  10   6   0 0.00  0.0    0  4.9 13 130   M    M   0        16 130
 8  78  47  63  14   2   0 0.00  0.0    0  4.3 16 140   M    M   0        18 130
 9  78  48  63  14   2   0 0.00  0.0    0  4.6 13 340   M    M   0        23 300
10  75  49  62  12   3   0 0.00  0.0    0  7.4 16 130   M    M   0        21 150
11  75  47  61  11   4   0 0.00  0.0    0  6.2 16 130   M    M   0        17 330
12  70  51  61  11   4   0 0.02  0.0    0 10.0 22 300   M    M   4        28 320
13  63  44  54   4  11   0 0.16  0.0    0  5.0 28 310   M    M   6 13     33 320
14  55  42  49  -1  16   0 0.04  0.0    0  8.7 25 300   M    M   8 13     33 280
15  58  37  48  -2  17   0    T  0.0    0 12.9 26 340   M    M   4        37 330
16  65  34  50  -1  15   0 0.00  0.0    0  6.2 18 320   M    M   0        24 320
17  70  44  57   6   8   0 0.00  0.0    0  6.9 16 150   M    M   0        21 140
18  73  46  60   9   5   0 0.00  0.0    0  8.3 17 150   M    M   0        23 140
19  77  46  62  11   3   0 0.00  0.0    0  6.4 16 310   M    M   0        20 320
20  82  48  65  13   0   0 0.00  0.0    0  7.8 14 160   M    M   0 8      17 160
21  87  52  70  18   0   5 0.00  0.0    0  7.4 20 150   M    M   0        29 150
22  76  52  64  12   1   0    T  0.0    0  8.3 23 290   M    M   5        32 290
23  56  45  51  -1  14   0 0.47  0.0    0 14.7 26 300   M    M   9 1      33 320
24  61  39  50  -3  15   0 0.00  0.0    0  8.6 18 320   M    M   1        22 320
25  63  44  54   1  11   0 0.00  0.0    0 20.2 36 320   M    M   4        45 330
26  65  41  53   0  12   0    T  0.0    0 11.5 22 300   M    M   2        26 280
27  61  50  56   2   9   0 0.00  0.0    0  9.1 18 360   M    M   6        23  10
28  69  42  56   2   9   0 0.00  0.0    0 11.0 29 320   M    M   1        38 320
================================================================================
SM 1938 1228       235   5  0.69     0.0 233.3          M       55
================================================================================
AV 69.2 43.9                               8.3 FASTST   M    M   2    MAX(MPH)
                                 MISC ---->  # 36 320               # 45  330
================================================================================
NOTES:
# LAST OF SEVERAL OCCURRENCES

COLUMN 17 PEAK WIND IN M.P.H.

PRELIMINARY LOCAL CLIMATOLOGICAL DATA (WS FORM: F-6) , PAGE 2

                                          STATION:  BOISE ID
                                          MONTH:    APRIL
                                          YEAR:     2016
                                          LATITUDE:   43 34 N
                                          LONGITUDE: 116 13 W

[TEMPERATURE DATA]      [PRECIPITATION DATA]       SYMBOLS USED IN COLUMN 16

AVERAGE MONTHLY: 56.5   TOTAL FOR MONTH:   0.69    1 = FOG OR MIST
DPTR FM NORMAL:   6.0   DPTR FM NORMAL:   -0.46    2 = FOG REDUCING VISIBILITY
HIGHEST:    87 ON 21    GRTST 24HR  0.47 ON 23-23      TO 1/4 MILE OR LESS
LOWEST:     34 ON 16                               3 = THUNDER
                        SNOW, ICE PELLETS, HAIL    4 = ICE PELLETS
                        TOTAL MONTH:   0.0 INCH    5 = HAIL
                        GRTST 24HR     0.0         6 = FREEZING RAIN OR DRIZZLE
                        GRTST DEPTH:   0           7 = DUSTSTORM OR SANDSTORM:
                                                       VSBY 1/2 MILE OR LESS
                                                   8 = SMOKE OR HAZE
[NO. OF DAYS WITH]      [WEATHER - DAYS WITH]      9 = BLOWING SNOW
                                                   X = TORNADO
MAX 32 OR BELOW:   0    0.01 INCH OR MORE:   4
MAX 90 OR ABOVE:   0    0.10 INCH OR MORE:   2
MIN 32 OR BELOW:   0    0.50 INCH OR MORE:   0
MIN  0 OR BELOW:   0    1.00 INCH OR MORE:   0

[HDD (BASE 65) ]
TOTAL THIS MO.   235    CLEAR  (SCALE 0-3)  20
DPTR FM NORMAL  -173    PTCLDY (SCALE 4-7)   7
TOTAL FM JUL 1  4519    CLOUDY (SCALE 8-10)  1
DPTR FM NORMAL  -684

[CDD (BASE 65) ]
TOTAL THIS MO.     5
DPTR FM NORMAL     5    [PRESSURE DATA]
TOTAL FM JAN 1     5    HIGHEST SLP M ON M
DPTR FM NORMAL     5    LOWEST  SLP 29.54 ON M

[REMARKS]
