000
CXUS54 KMAF 231100
CF6BPG
PRELIMINARY LOCAL CLIMATOLOGICAL DATA (WS FORM: F-6)

                                          STATION:   Big Spring McMahon-Wrinkle Fi
                                          MONTH:     SEPTEMBER
                                          YEAR:      2017
                                          LATITUDE:   32 12 N
                                          LONGITUDE: 101 31 W

  TEMPERATURE IN F:       :PCPN:    SNOW:  WIND      :SUNSHINE: SKY     :PK WND
================================================================================
1   2   3   4   5  6A  6B    7    8   9   10  11  12  13   14  15   16   17  18
                                     12Z  AVG MX 2MIN
DY MAX MIN AVG DEP HDD CDD  WTR  SNW DPTH SPD SPD DIR MIN PSBL S-S WX    SPD DR
================================================================================

 1  90  60  75   M   0  10 0.00  0.0    0  2.6  9 130   M    M   0         M  M
 2  95  64  80   M   0  15 0.00  0.0    0  3.4 16 100   M    M   0 3      22 100
 3  90  63  77   M   0  12 0.00  0.0    0  3.7  9 130   M    M   0         M  M
 4  92  66  79   M   0  14 0.00  0.0    0  5.3 12 140   M    M   0         M  M
 5  86  65  76   M   0  11 0.00  0.0    0  7.4 18  40   M    M   0        23  40
 6  83  60  72   M   0   7 0.00  0.0    0  4.5 14  50   M    M   0        21  50
 7  87  61  74   M   0   9 0.00  0.0    0  8.4 16 150   M    M   0        22 150
 8  86  60  73   M   0   8 0.00  0.0    0  5.7 12 160   M    M   0        18 160
 9  85  59  72   M   0   7 0.00  0.0    0  5.6 14 140   M    M   0        18 140
10  85  57  71   M   0   6 0.00  0.0    0  4.0  9  50   M    M   0         M  M
11  87  57  72   M   0   7 0.00  0.0    0  1.8 12 340   M    M   0         M  M
12  93  58  76   M   0  11 0.00  0.0    0  2.6  8 110   M    M   0         9 350
13  98  67  83   M   0  18 0.00  0.0    0  6.8 16 120   M    M   0        22 120
14 100  68  84   M   0  19 0.00  0.0    0  7.3 13 150   M    M   0        17 160
15  96  73  85   M   0  20 0.00  0.0    0  8.8 18 150   M    M   1 3      23 150
16  92  72  82   M   0  17 0.00  0.0    0  6.8 16 200   M    M   0        23 190
17  94  71  83   M   0  18 0.00  0.0    0  7.2 13 180   M    M   1        22 150
18  95  70  83   M   0  18 0.00  0.0    0  9.7 25  10   M    M   1 3      36  10
19  97  75  86   M   0  21 0.00  0.0    0 11.3 22 170   M    M   1        29 170
20 100  72  86   M   0  21 0.00  0.0    0 10.6 17 180   M    M   2        22 180
21  89  75  82   M   0  17 0.00  0.0    0 11.9 16 170   M    M   1        22 170
22  89  71  80   M   0  15 0.00  0.0    0 11.3 18 150   M    M   3        28 150
================================================================================
SM 2009 1444         0 301  0.00     0.0 146.7          M       10
================================================================================
AV 91.3 65.6                               6.7 FASTST   M    M   0    MAX(MPH)
                                 MISC ---->  # 25  10               # 36   10
================================================================================
NOTES:
# LAST OF SEVERAL OCCURRENCES

COLUMN 17 PEAK WIND IN M.P.H.

PRELIMINARY LOCAL CLIMATOLOGICAL DATA (WS FORM: F-6) , PAGE 2

                                          STATION:  Big Spring McMahon-Wrinkle Fi
                                          MONTH:    SEPTEMBER
                                          YEAR:     2017
                                          LATITUDE:   32 12 N
                                          LONGITUDE: 101 31 W

[TEMPERATURE DATA]      [PRECIPITATION DATA]       SYMBOLS USED IN COLUMN 16

AVERAGE MONTHLY: 78.5   TOTAL FOR MONTH:   0.00    1 = FOG OR MIST
DPTR FM NORMAL:     M   DPTR FM NORMAL:       M    2 = FOG REDUCING VISIBILITY
HIGHEST:   100 ON 20,14 GRTST 24HR  0.00 ON 22-22      TO 1/4 MILE OR LESS
LOWEST:     57 ON 11,10                            3 = THUNDER
                        SNOW, ICE PELLETS, HAIL    4 = ICE PELLETS
                        TOTAL MONTH:   0.0 INCH    5 = HAIL
                        GRTST 24HR     0.0         6 = FREEZING RAIN OR DRIZZLE
                        GRTST DEPTH:   0           7 = DUSTSTORM OR SANDSTORM:
                                                       VSBY 1/2 MILE OR LESS
                                                   8 = SMOKE OR HAZE
[NO. OF DAYS WITH]      [WEATHER - DAYS WITH]      9 = BLOWING SNOW
                                                   X = TORNADO
MAX 32 OR BELOW:   0    0.01 INCH OR MORE:   0
MAX 90 OR ABOVE:  13    0.10 INCH OR MORE:   0
MIN 32 OR BELOW:   0    0.50 INCH OR MORE:   0
MIN  0 OR BELOW:   0    1.00 INCH OR MORE:   0

[HDD (BASE 65) ]
TOTAL THIS MO.     0    CLEAR  (SCALE 0-3)  21
DPTR FM NORMAL     M    PTCLDY (SCALE 4-7)   1
TOTAL FM JUL 1     0    CLOUDY (SCALE 8-10)  0
DPTR FM NORMAL     M

[CDD (BASE 65) ]
TOTAL THIS MO.   301
DPTR FM NORMAL     M    [PRESSURE DATA]
TOTAL FM JAN 1  2275    HIGHEST SLP M ON M
DPTR FM NORMAL     M    LOWEST  SLP M ON M

[REMARKS]
