000
CXUS54 KMAF 251100
CF6BPG
PRELIMINARY LOCAL CLIMATOLOGICAL DATA (WS FORM: F-6)

                                          STATION:   Big Spring McMahon-Wrinkle Fi
                                          MONTH:     DECEMBER
                                          YEAR:      2014
                                          LATITUDE:   32 12 N
                                          LONGITUDE: 101 31 W

  TEMPERATURE IN F:       :PCPN:    SNOW:  WIND      :SUNSHINE: SKY     :PK WND
================================================================================
1   2   3   4   5  6A  6B    7    8   9   10  11  12  13   14  15   16   17  18
                                     12Z  AVG MX 2MIN
DY MAX MIN AVG DEP HDD CDD  WTR  SNW DPTH SPD SPD DIR MIN PSBL S-S WX    SPD DR
================================================================================

 1  56  26  41   M  24   0 0.00  0.0    0 13.3 27  30   M    M   5        32  10
 2  61  37  49   M  16   0 0.00  0.0    0  8.5 15 160   M    M   5        18 160
 3  72  43  58   M   7   0 0.00  0.0    0  7.0 13 170   M    M   1         M  M
 4  65  47  56   M   9   0 0.00  0.0    0 11.7 21 160   M    M   6        24 160
 5  74  51  63   M   2   0 0.00  0.0    0  9.4 14 320   M    M   1        20 300
 6  64  41  53   M  12   0 0.00  0.0    0  6.3 13  50   M    M   0         M  M
 7  59  46  53   M  12   0 0.07    M    0  4.4  9  50   M    M  10         M  M
 8  65  43  54   M  11   0 0.00  0.0    0  2.8  8 100   M    M   5         M  M
 9  61  42  52   M  13   0 0.00  0.0    0  3.0  9 210   M    M   5         M  M
10  59  54  57   M   8   0 0.00  0.0    0  8.6 13 160   M    M  10        16 160
11  62  55  59   M   6   0 0.00  0.0    0  3.4 12 160   M    M  10         M  M
12  74  54  64   M   1   0 0.00  0.0    0  9.4 16 160   M    M   5        17 170
13  74  56  65   M   0   0 0.00  0.0    0 16.3 27 150   M    M   2        31 150
14  69  45  57   M   8   0 0.00  0.0    0 18.7 32 220   M    M   4        38 160
15  64  36  50   M  15   0 0.00  0.0    0  7.2 18 330   M    M   0        27 310
16  56  38  47   M  18   0 0.00  0.0    0 10.2 18  50   M    M   4        23  50
17  61  45  53   M  12   0 0.00  0.0    0 10.2 16 170   M    M   6 3      20 170
18  65  36  51   M  14   0 0.00  0.0    0  5.0 18  50   M    M   0        25  50
19  47  38  43   M  22   0 0.00  0.0    0  5.4 10  60   M    M   7        17  50
20  54  31  43   M  22   0 0.00  0.0    0  5.7 10 120   M    M   6         M  M
21  67  46  57   M   8   0 0.00  0.0    0 13.1 20 210   M    M   4        27 170
22  64  45  55   M  10   0 0.01    M    0  9.2 15 350   M    M   1        21 350
23  49  38  44   M  21   0 0.16    M    0 14.6 27 330   M    M   9        32 310
24  51  33  42   M  23   0 0.00  0.0    0 11.7 21 330   M    M   1        27 330
================================================================================
SM 1493 1026       294   0  0.24     0.0 215.1          M      107
================================================================================
AV 62.2 42.8                               9.0 FASTST   M    M   4    MAX(MPH)
                                 MISC ---->    32   M               # 38  160
================================================================================
NOTES:
# LAST OF SEVERAL OCCURRENCES

COLUMN 17 PEAK WIND IN M.P.H.

PRELIMINARY LOCAL CLIMATOLOGICAL DATA (WS FORM: F-6) , PAGE 2

                                          STATION:  Big Spring McMahon-Wrinkle Fi
                                          MONTH:    DECEMBER
                                          YEAR:     2014
                                          LATITUDE:   32 12 N
                                          LONGITUDE: 101 31 W

[TEMPERATURE DATA]      [PRECIPITATION DATA]       SYMBOLS USED IN COLUMN 16

AVERAGE MONTHLY: 52.5   TOTAL FOR MONTH:   0.24    1 = FOG OR MIST
DPTR FM NORMAL:     M   DPTR FM NORMAL:       M    2 = FOG REDUCING VISIBILITY
HIGHEST:    74 ON 13,12 GRTST 24HR  0.16 ON 23-23      TO 1/4 MILE OR LESS
LOWEST:     26 ON  1                               3 = THUNDER
                        SNOW, ICE PELLETS, HAIL    4 = ICE PELLETS
                        TOTAL MONTH:   0.0 INCH    5 = HAIL
                        GRTST 24HR     0.0         6 = FREEZING RAIN OR DRIZZLE
                        GRTST DEPTH:   0           7 = DUSTSTORM OR SANDSTORM:
                                                       VSBY 1/2 MILE OR LESS
                                                   8 = SMOKE OR HAZE
[NO. OF DAYS WITH]      [WEATHER - DAYS WITH]      9 = BLOWING SNOW
                                                   X = TORNADO
MAX 32 OR BELOW:   0    0.01 INCH OR MORE:   3
MAX 90 OR ABOVE:   0    0.10 INCH OR MORE:   1
MIN 32 OR BELOW:   2    0.50 INCH OR MORE:   0
MIN  0 OR BELOW:   0    1.00 INCH OR MORE:   0

[HDD (BASE 65) ]
TOTAL THIS MO.   294    CLEAR  (SCALE 0-3)   8
DPTR FM NORMAL     M    PTCLDY (SCALE 4-7)  12
TOTAL FM JUL 1   712    CLOUDY (SCALE 8-10)  4
DPTR FM NORMAL     M

[CDD (BASE 65) ]
TOTAL THIS MO.     0
DPTR FM NORMAL     M    [PRESSURE DATA]
TOTAL FM JAN 1  2851    HIGHEST SLP M ON M
DPTR FM NORMAL     M    LOWEST  SLP M ON M

[REMARKS]
