000
CXUS55 KRIW 230901
CF6BPI
PRELIMINARY LOCAL CLIMATOLOGICAL DATA (WS FORM: F-6)

                                          STATION:   BIG PINEY WY
                                          MONTH:     APRIL
                                          YEAR:      2014
                                          LATITUDE:   42 34 N
                                          LONGITUDE: 110  6 W

  TEMPERATURE IN F:       :PCPN:    SNOW:  WIND      :SUNSHINE: SKY     :PK WND
================================================================================
1   2   3   4   5  6A  6B    7    8   9   10  11  12  13   14  15   16   17  18
                                     12Z  AVG MX 2MIN
DY MAX MIN AVG DEP HDD CDD  WTR  SNW DPTH SPD SPD DIR MIN PSBL S-S WX    SPD DR
================================================================================

 1  42  22  32  -1  33   0    T    M    M  6.4 24 300   M    M  10 18     29 300
 2  39  13  26  -8  39   0 0.00  0.0    M  8.6 20 360   M    M   1        24  10
 3  42  15  29  -5  36   0 0.00  0.0    M  8.8 18 320   M    M   3        26 310
 4  45  13  29  -5  36   0 0.00  0.0    M  5.0 18 340   M    M   4        24 250
 5  47  15  31  -3  34   0 0.00  0.0    M  8.1 21 360   M    M   2        26 320
 6  47  17  32  -3  33   0    T    M    M 10.7 29 330   M    M   3        38 330
 7  51  22  37   2  28   0 0.00  0.0    M 12.4 26 340   M    M   1        33 340
 8  62  21  42   7  23   0 0.00  0.0    M  5.0 17 360   M    M   0        24 350
 9  66  22  44   8  21   0    T    M    M 11.4 35 320   M    M   1        44 320
10  58  28  43   7  22   0    T    M    M 10.8 24 290   M    M   0        30 300
11  63  18  41   5  24   0 0.00  0.0    M  6.9 24 310   M    M   0        31 310
12  58  28  43   7  22   0 0.00  0.0    M  7.5 23 270   M    M   0        30 290
13  35  17  26 -10  39   0 0.02    M    M 14.6 26 220   M    M   9 12     32 220
14  46   4  25 -12  40   0 0.00  0.0    M  6.0 22 350   M    M   4        25 350
15  57  20  39   2  26   0    T    M    M 13.6 38 320   M    M   1 18     47 290
16  47  16  32  -5  33   0 0.00  0.0    M  9.0 20 360   M    M   0        29  30
17  57  15  36  -2  29   0 0.00  0.0    M  5.9 16 280   M    M   1        29  80
18  62  22  42   4  23   0    T    M    M 10.9 36 270   M    M   3        43 260
19  63  17  40   2  25   0 0.00  0.0    M  6.7 23 270   M    M   1        30 250
20  63  23  43   5  22   0 0.00  0.0    0  7.2 21 320   M    M   0        27 310
21  64  17  41   3  24   0 0.00  0.0    0  4.9 21 290   M    M   1        27 300
22  64  34  49  10  16   0    T    M    0 13.6 43 240   M    M   6        68 230
================================================================================
SM 1178  419       628   0  0.02     0.0 194.0          M       51
================================================================================
AV 53.5 19.0                               8.8 FASTST   M    M   2    MAX(MPH)
                                 MISC ---->  # 43 240               # 68  230
================================================================================
NOTES:
# LAST OF SEVERAL OCCURRENCES

COLUMN 17 PEAK WIND IN M.P.H.

PRELIMINARY LOCAL CLIMATOLOGICAL DATA (WS FORM: F-6) , PAGE 2

                                          STATION:  BIG PINEY WY
                                          MONTH:    APRIL
                                          YEAR:     2014
                                          LATITUDE:   42 34 N
                                          LONGITUDE: 110  6 W

[TEMPERATURE DATA]      [PRECIPITATION DATA]       SYMBOLS USED IN COLUMN 16

AVERAGE MONTHLY: 36.3   TOTAL FOR MONTH:   0.02    1 = FOG OR MIST
DPTR FM NORMAL:   0.2   DPTR FM NORMAL:   -0.33    2 = FOG REDUCING VISIBILITY
HIGHEST:    66 ON  9    GRTST 24HR  0.02 ON 13-13      TO 1/4 MILE OR LESS
LOWEST:      4 ON 14                               3 = THUNDER
                        SNOW, ICE PELLETS, HAIL    4 = ICE PELLETS
                        TOTAL MONTH:   0.0 INCH    5 = HAIL
                        GRTST 24HR     0.0         6 = FREEZING RAIN OR DRIZZLE
                        GRTST DEPTH:   0           7 = DUSTSTORM OR SANDSTORM:
                                                       VSBY 1/2 MILE OR LESS
                                                   8 = SMOKE OR HAZE
[NO. OF DAYS WITH]      [WEATHER - DAYS WITH]      9 = BLOWING SNOW
                                                   X = TORNADO
MAX 32 OR BELOW:   0    0.01 INCH OR MORE:   1
MAX 90 OR ABOVE:   0    0.10 INCH OR MORE:   0
MIN 32 OR BELOW:  21    0.50 INCH OR MORE:   0
MIN  0 OR BELOW:   0    1.00 INCH OR MORE:   0

[HDD (BASE 65) ]
TOTAL THIS MO.   628    CLEAR  (SCALE 0-3)  17
DPTR FM NORMAL    -8    PTCLDY (SCALE 4-7)   3
TOTAL FM JUL 1  8631    CLOUDY (SCALE 8-10)  2
DPTR FM NORMAL  -700

[CDD (BASE 65) ]
TOTAL THIS MO.     0
DPTR FM NORMAL     0    [PRESSURE DATA]
TOTAL FM JAN 1     0    HIGHEST SLP M ON M
DPTR FM NORMAL     0    LOWEST  SLP 29.37 ON 22

[REMARKS]
