000
CXUS54 KLZK 291330
CF6BPK
PRELIMINARY LOCAL CLIMATOLOGICAL DATA (WS FORM: F-6)

                                          STATION:   Mountain Home Airport
                                          MONTH:     JUNE
                                          YEAR:      2015
                                          LATITUDE:   36 22 N
                                          LONGITUDE:  92 28 W

  TEMPERATURE IN F:       :PCPN:    SNOW:  WIND      :SUNSHINE: SKY     :PK WND
================================================================================
1   2   3   4   5  6A  6B    7    8   9   10  11  12  13   14  15   16   17  18
                                     12Z  AVG MX 2MIN
DY MAX MIN AVG DEP HDD CDD  WTR  SNW DPTH SPD SPD DIR MIN PSBL S-S WX    SPD DR
================================================================================

 1  71  58  65  -6   0   0 0.00  0.0    0  2.9  9  80   M    M  10        13 100
 2  75  58  67  -4   0   2 0.00  0.0    0  3.8 12 130   M    M   6 1      15 130
 3  77  58  68  -4   0   3 0.00  0.0    0  5.2 12 160   M    M   5 18     17 140
 4  86  63  75   3   0  10 0.01  0.0    0  3.2  8 190   M    M   1 18     11 170
 5  88  66  77   5   0  12 0.01  0.0    0  3.7 18  70   M    M   3 138    26  60
 6  86  64  75   3   0  10 0.00  0.0    0  1.7  8 120   M    M   2 1      13 100
 7  90  69  80   7   0  15 0.00  0.0    0  4.8 12 200   M    M   1 18     17 200
 8  86  66  76   3   0  11    T  0.0    0  3.4  9 320   M    M   2 8      15 310
 9  89  62  76   3   0  11 0.00  0.0    0  1.8  8 240   M    M   0        12 270
10  91  64  78   4   0  13 0.00  0.0    0  2.5  8 190   M    M   0 1      13 160
11  90  68  79   5   0  14 0.00  0.0    0  5.4 12 180   M    M   1        17 230
12  90  72  81   7   0  16 0.00  0.0    0  6.1 15 190   M    M   1 1      20 190
13  87  72  80   6   0  15    T  0.0    0  7.5 20 190   M    M   4        31 200
14  85  72  79   4   0  14 0.42  0.0    0  5.3 15 170   M    M   5 138    22 180
15  85  70  78   3   0  13 0.50  0.0    0  4.2 13 170   M    M   4 13     19 160
16  83  70  77   2   0  12 0.58  0.0    0  0.9  5 140   M    M   4 13      M  M
17  86  70  78   2   0  13 0.05  0.0    0  4.3 12 200   M    M   3 1      14 190
18  80  70  75  -1   0  10 1.07  0.0    0  7.2 16 170   M    M  10 1      22 150
19  78  69  74  -2   0   9 0.70  0.0    0  4.1 12 290   M    M   8 1      25 280
20  91  65  78   2   0  13    T  0.0    0  3.8 12 220   M    M   3 12     17  30
21  89  69  79   3   0  14 0.00  0.0    0  4.4 12 190   M    M   2        16 190
22  89  71  80   3   0  15 0.00  0.0    0  6.4 15 240   M    M   1 18     24 220
23  92  74  83   6   0  18 0.00  0.0    0  3.3  9 290   M    M   0 18     15 260
24  92  72  82   5   0  17 0.00  0.0    0  3.4  8 190   M    M   1 128    11 200
25  92  72  82   5   0  17 0.00  0.0    0  3.7 10 230   M    M   0 1      16 180
26  83  69  76  -1   0  11 0.37  0.0    0  2.2 12 350   M    M   3 138    20 360
27  81  63  72  -6   0   7 0.00  0.0    0  2.1  9 340   M    M   3        13 330
28  84  62  73  -5   0   8 0.00  0.0    0  3.7 12 200   M    M   3 12     16 200
================================================================================
SM 2396 1878         0 323  3.71     0.0 111.0          M       86
================================================================================
AV 85.6 67.1                               4.0 FASTST   M    M   3    MAX(MPH)
                                 MISC ---->  # 20 190               # 31  200
================================================================================
NOTES:
# LAST OF SEVERAL OCCURRENCES

COLUMN 17 PEAK WIND IN M.P.H.

PRELIMINARY LOCAL CLIMATOLOGICAL DATA (WS FORM: F-6) , PAGE 2

                                          STATION:  Mountain Home Airport
                                          MONTH:    JUNE
                                          YEAR:     2015
                                          LATITUDE:   36 22 N
                                          LONGITUDE:  92 28 W

[TEMPERATURE DATA]      [PRECIPITATION DATA]       SYMBOLS USED IN COLUMN 16

AVERAGE MONTHLY: 76.3   TOTAL FOR MONTH:   3.71    1 = FOG OR MIST
DPTR FM NORMAL:   1.6   DPTR FM NORMAL:    0.65    2 = FOG REDUCING VISIBILITY
HIGHEST:    92 ON 25,24 GRTST 24HR  1.10 ON 17-18      TO 1/4 MILE OR LESS
LOWEST:     58 ON  3, 2                            3 = THUNDER
                        SNOW, ICE PELLETS, HAIL    4 = ICE PELLETS
                        TOTAL MONTH:   0.0 INCH    5 = HAIL
                        GRTST 24HR     0.0         6 = FREEZING RAIN OR DRIZZLE
                        GRTST DEPTH:   0           7 = DUSTSTORM OR SANDSTORM:
                                                       VSBY 1/2 MILE OR LESS
                                                   8 = SMOKE OR HAZE
[NO. OF DAYS WITH]      [WEATHER - DAYS WITH]      9 = BLOWING SNOW
                                                   X = TORNADO
MAX 32 OR BELOW:   0    0.01 INCH OR MORE:   9
MAX 90 OR ABOVE:   8    0.10 INCH OR MORE:   6
MIN 32 OR BELOW:   0    0.50 INCH OR MORE:   4
MIN  0 OR BELOW:   0    1.00 INCH OR MORE:   1

[HDD (BASE 65) ]
TOTAL THIS MO.     0    CLEAR  (SCALE 0-3)  17
DPTR FM NORMAL     0    PTCLDY (SCALE 4-7)   9
TOTAL FM JUL 1  4186    CLOUDY (SCALE 8-10)  2
DPTR FM NORMAL   393

[CDD (BASE 65) ]
TOTAL THIS MO.   323
DPTR FM NORMAL    48    [PRESSURE DATA]
TOTAL FM JAN 1   486    HIGHEST SLP M ON M
DPTR FM NORMAL    51    LOWEST  SLP 29.70 ON 19

[REMARKS]
