000
CXUS54 KLCH 251510
CF6BPT
PRELIMINARY LOCAL CLIMATOLOGICAL DATA (WS FORM: F-6)

                                          STATION:   BEAUMONT PORT ARTHUR
                                          MONTH:     AUGUST
                                          YEAR:      2016
                                          LATITUDE:   29 57 N
                                          LONGITUDE:  94  1 W

  TEMPERATURE IN F:       :PCPN:    SNOW:  WIND      :SUNSHINE: SKY     :PK WND
================================================================================
1   2   3   4   5  6A  6B    7    8   9   10  11  12  13   14  15   16   17  18
                                     12Z  AVG MX 2MIN
DY MAX MIN AVG DEP HDD CDD  WTR  SNW DPTH SPD SPD DIR MIN PSBL S-S WX    SPD DR
================================================================================

 1  96  75  86   3   0  21 0.00  0.0    0  3.9 13 160   M    M   3 13     16 150
 2  97  75  86   3   0  21    T  0.0    0  4.3 12 180   M    M   1        15 190
 3  96  77  87   4   0  22 0.00  0.0    0  3.6 12 190   M    M   1 1      15 180
 4  96  76  86   3   0  21    T  0.0    0  4.8 14 170   M    M   2 1      17 180
 5  96  77  87   4   0  22 0.08  0.0    0  4.0 21 170   M    M   1 13     23 160
 6  96  77  87   4   0  22    T  0.0    0  5.6 13 190   M    M   1        17 200
 7  97  76  87   4   0  22    T  0.0    0  4.7 12 190   M    M   1 1      16 190
 8  97  75  86   3   0  21 0.00  0.0    0  4.5 18  70   M    M   3 3      22  40
 9  96  75  86   3   0  21 0.25  0.0    0  4.6 25  70   M    M   1 13     33  60
10  97  77  87   4   0  22 0.21  0.0    0  4.8 23 330   M    M   1 13     33 150
11  93  79  86   3   0  21 0.00  0.0    0  6.0 14 180   M    M   1        18 190
12  94  79  87   4   0  22 0.00  0.0    0  8.6 18 210   M    M   1        33 100
13  88  74  81  -2   0  16 2.44  0.0    0  9.8 24 190   M    M   6 13     31 180
14  83  72  78  -5   0  13 0.83  0.0    0  5.5 21 150   M    M   9 1      24 170
15  88  76  82  -1   0  17 0.47  0.0    0  6.9 24 110   M    M   5 13     32 170
16  88  76  82  -1   0  17 0.62  0.0    0  8.4 24 190   M    M   4 13     33 190
17  86  74  80  -3   0  15 1.70  0.0    0  5.0 16 200   M    M   3 13     21 170
18  91  75  83   0   0  18 0.05  0.0    0  5.4 17 120   M    M   4 13     20 140
19  93  75  84   1   0  19 0.14  0.0    0  4.4 16 270   M    M   1 138    21 280
20  93  76  85   2   0  20 0.00  0.0    0  6.7 15 180   M    M   1 1      19 180
21  89  75  82  -1   0  17 0.33  0.0    0  3.3 20 230   M    M   2 13     34  90
22  91  75  83   0   0  18 0.51  0.0    0  4.2 16 290   M    M   1 13     22 290
23  93  74  84   1   0  19    T  0.0    0  5.8 14 160   M    M   1 1      17 170
24  95  74  85   2   0  20    T  0.0    0  3.8 13 160   M    M   1 12     17 170
================================================================================
SM 2229 1814         0 467  7.63     0.0 128.6          M       55
================================================================================
AV 92.9 75.6                               5.4 FASTST   M    M   2    MAX(MPH)
                                 MISC ---->  # 25  70               # 34   90
================================================================================
NOTES:
# LAST OF SEVERAL OCCURRENCES

COLUMN 17 PEAK WIND IN M.P.H.

PRELIMINARY LOCAL CLIMATOLOGICAL DATA (WS FORM: F-6) , PAGE 2

                                          STATION:  BEAUMONT PORT ARTHUR
                                          MONTH:    AUGUST
                                          YEAR:     2016
                                          LATITUDE:   29 57 N
                                          LONGITUDE:  94  1 W

[TEMPERATURE DATA]      [PRECIPITATION DATA]       SYMBOLS USED IN COLUMN 16

AVERAGE MONTHLY: 84.2   TOTAL FOR MONTH:   7.63    1 = FOG OR MIST
DPTR FM NORMAL:   1.2   DPTR FM NORMAL:    3.57    2 = FOG REDUCING VISIBILITY
HIGHEST:    97 ON 10, 8 GRTST 24HR  3.23 ON 13-14      TO 1/4 MILE OR LESS
LOWEST:     72 ON 14                               3 = THUNDER
                        SNOW, ICE PELLETS, HAIL    4 = ICE PELLETS
                        TOTAL MONTH:   0.0 INCH    5 = HAIL
                        GRTST 24HR     0.0         6 = FREEZING RAIN OR DRIZZLE
                        GRTST DEPTH:   0           7 = DUSTSTORM OR SANDSTORM:
                                                       VSBY 1/2 MILE OR LESS
                                                   8 = SMOKE OR HAZE
[NO. OF DAYS WITH]      [WEATHER - DAYS WITH]      9 = BLOWING SNOW
                                                   X = TORNADO
MAX 32 OR BELOW:   0    0.01 INCH OR MORE:  12
MAX 90 OR ABOVE:  18    0.10 INCH OR MORE:  10
MIN 32 OR BELOW:   0    0.50 INCH OR MORE:   5
MIN  0 OR BELOW:   0    1.00 INCH OR MORE:   2

[HDD (BASE 65) ]
TOTAL THIS MO.     0    CLEAR  (SCALE 0-3)  18
DPTR FM NORMAL     0    PTCLDY (SCALE 4-7)   5
TOTAL FM JUL 1     0    CLOUDY (SCALE 8-10)  1
DPTR FM NORMAL     0

[CDD (BASE 65) ]
TOTAL THIS MO.   467
DPTR FM NORMAL    35    [PRESSURE DATA]
TOTAL FM JAN 1  2330    HIGHEST SLP M ON M
DPTR FM NORMAL   292    LOWEST  SLP 29.77 ON 13

[REMARKS]
