000
CXAK56 PAFG 301243
CF6BRW
PRELIMINARY LOCAL CLIMATOLOGICAL DATA (WS FORM: F-6)

                                          STATION:   BARROW AK
                                          MONTH:     MAY
                                          YEAR:      2017
                                          LATITUDE:   71 17 N
                                          LONGITUDE: 156 47 W

  TEMPERATURE IN F:       :PCPN:    SNOW:  WIND      :SUNSHINE: SKY     :PK WND
================================================================================
1   2   3   4   5  6A  6B    7    8   9   10  11  12  13   14  15   16   17  18
                                     12Z  AVG MX 2MIN
DY MAX MIN AVG DEP HDD CDD  WTR  SNW DPTH SPD SPD DIR MIN PSBL S-S WX    SPD DR
================================================================================

 1  15   5  10  -2  55   0    T  0.2    4 13.7 20  80   M    M  10 189    22  80
 2  16  12  14   1  51   0    T  0.3    4 12.7 17  80   M    M  10 18     21  90
 3  18  13  16   2  49   0    T    T    4 11.7 17  70   M    M   9 18     19  80
 4  23  16  20   6  45   0    T    T    0  9.7 15  70   M    M  10 128    16  80
 5  22  16  19   4  46   0    T    T    4  9.7 14  70   M    M  10 12     16  70
 6  21  19  20   4  45   0    T    T    4 10.4 17  80   M    M  10 18     20  70
 7  23  15  19   3  46   0 0.02  0.3    5 14.0 23  80   M    M  10 1289   25  80
 8  29  22  26   9  39   0 0.01    T    5  6.1 12 330   M    M  10 168    14 330
 9  26  21  24   7  41   0 0.00  0.0    5 10.1 14 330   M    M  10 1      16 320
10  26  20  23   5  42   0    T    T    5  6.9 15 100   M    M  10 1      18  90
11  22  17  20   1  45   0    T  0.2    5 14.9 20  80   M    M  10 19     23  90
12  23  12  18  -1  47   0    T    T    5 17.8 23  80   M    M   7 189    26  80
13  27  21  24   4  41   0 0.02  0.4    5 17.5 20  60   M    M  10 18      M  M
14  25  22  24   4  41   0 0.04  0.5    6 16.2 20  80   M    M  10 189     M  M
15  31  25  28   7  37   0    T    T    6  5.1 14  80   M    M  10 12      M  M
16  31  27  29   8  36   0    T    T    6  5.6  8  50   M    M  10 128     M  M
17  31  26  29   7  36   0 0.01  0.2    6 15.3 21  70   M    M  10 18      M  M
18  33  26  30   8  35   0 0.06  0.5    0 11.5 17  60   M    M  10 18      M  M
19  30  25  28   5  37   0    T    T    0 10.1 16 310   M    M   9 128    19 320
20  27  22  25   1  40   0    T    T    0  7.2 13  40   M    M  10 18     16 270
21  28  20  24   0  41   0 0.03  0.6    7 13.0 17  80   M    M  10 18     20  70
22  27  21  24  -1  41   0    T    T    6 15.0 20  70   M    M  10 168    23  70
23  30  24  27   2  38   0    T    T    4 12.7 18  70   M    M  10 1      21  60
24  32  29  31   5  34   0    T    T    3 13.0 20  70   M    M  10 12     22  60
25  32  29  31   5  34   0 0.45  4.2    3 11.7 21  60   M    M  10 126    24  60
26  35  23  29   2  36   0 0.14  1.4    8 13.6 29 210   M    M  10 12     36 220
27  36  25  31   4  34   0 0.00  0.0    3  8.9 13 100   M    M   2        15  90
28  35  27  31   3  34   0 0.00  0.0    2 13.8 20  90   M    M   2        23  80
29  35  30  33   5  32   0 0.10  0.6    2 20.7 29  60   M    M   5 1      34  60
================================================================================
SM  789  610      1178   0  0.88     9.4 348.6          M      264
================================================================================
AV 27.2 21.0                              12.0 FASTST   M    M   9    MAX(MPH)
                                 MISC ---->  # 29 210               # 36  220
================================================================================
NOTES:
# LAST OF SEVERAL OCCURRENCES

COLUMN 17 PEAK WIND IN M.P.H.

PRELIMINARY LOCAL CLIMATOLOGICAL DATA (WS FORM: F-6) , PAGE 2

                                          STATION:  BARROW AK
                                          MONTH:    MAY
                                          YEAR:     2017
                                          LATITUDE:   71 17 N
                                          LONGITUDE: 156 47 W

[TEMPERATURE DATA]      [PRECIPITATION DATA]       SYMBOLS USED IN COLUMN 16

AVERAGE MONTHLY: 24.1   TOTAL FOR MONTH:   0.88    1 = FOG OR MIST
DPTR FM NORMAL:   3.5   DPTR FM NORMAL:    0.72    2 = FOG REDUCING VISIBILITY
HIGHEST:    36 ON 27    GRTST 24HR  0.45 ON 25-25      TO 1/4 MILE OR LESS
LOWEST:      5 ON  1                               3 = THUNDER
                        SNOW, ICE PELLETS, HAIL    4 = ICE PELLETS
                        TOTAL MONTH:   9.4 INCHES  5 = HAIL
                        GRTST 24HR   4.2 ON 25-25  6 = FREEZING RAIN OR DRIZZLE
                        GRTST DEPTH:   8 ON 26     7 = DUSTSTORM OR SANDSTORM:
                                                       VSBY 1/2 MILE OR LESS
                                                   8 = SMOKE OR HAZE
[NO. OF DAYS WITH]      [WEATHER - DAYS WITH]      9 = BLOWING SNOW
                                                   X = TORNADO
MAX 32 OR BELOW:  24    0.01 INCH OR MORE:  10
MAX 90 OR ABOVE:   0    0.10 INCH OR MORE:   3
MIN 32 OR BELOW:  29    0.50 INCH OR MORE:   0
MIN  0 OR BELOW:   0    1.00 INCH OR MORE:   0

[HDD (BASE 65) ]
TOTAL THIS MO.  1178    CLEAR  (SCALE 0-3)   2
DPTR FM NORMAL  -110    PTCLDY (SCALE 4-7)   2
TOTAL FM JUL 1 16119    CLOUDY (SCALE 8-10) 25
DPTR FM NORMAL -2329

[CDD (BASE 65) ]
TOTAL THIS MO.     0
DPTR FM NORMAL     0    [PRESSURE DATA]
TOTAL FM JAN 1     0    HIGHEST SLP M ON M
DPTR FM NORMAL     0    LOWEST  SLP 29.57 ON 25

[REMARKS]
