000
CXUS53 KGRR 291017
CF6BTL
PRELIMINARY LOCAL CLIMATOLOGICAL DATA (WS FORM: F-6)

                                          STATION:   BATTLE CREEK
                                          MONTH:     MAY
                                          YEAR:      2017
                                          LATITUDE:   42 17 N
                                          LONGITUDE:  85 14 W

  TEMPERATURE IN F:       :PCPN:    SNOW:  WIND      :SUNSHINE: SKY     :PK WND
================================================================================
1   2   3   4   5  6A  6B    7    8   9   10  11  12  13   14  15   16   17  18
                                     12Z  AVG MX 2MIN
DY MAX MIN AVG DEP HDD CDD  WTR  SNW DPTH SPD SPD DIR MIN PSBL S-S WX    SPD DR
================================================================================

 1  64  48  56   2   9   0 0.60    M    M 16.0 28 230   M    M  10 13     36 230
 2  49  41  45  -9  20   0 0.05    M    M 15.2 29 260   M    M  10 1      37 270
 3  59  34  47  -7  18   0 0.00    M    M  4.0 12  60   M    M   1        15 340
 4  51  43  47  -8  18   0 0.50    M    M 11.1 17  40   M    M  10 1      24  50
 5  61  42  52  -3  13   0    T    M    M 14.0 31  20   M    M   5        38  30
 6  61  38  50  -5  15   0 0.00    M    M 11.4 24 300   M    M   2        31 320
 7  53  35  44 -12  21   0 0.00    M    M 12.1 24 270   M    M   0        33 260
 8  58  28  43 -13  22   0 0.00    M    M  7.8 16 300   M    M   0        21 310
 9  64  33  49  -7  16   0 0.00    M    M  3.5 12 210   M    M   3 8      15  60
10  70  48  59   3   6   0 0.33    M    M  6.4 17 120   M    M   8 1      22 120
11  67  45  56  -1   9   0 0.07    M    M  7.9 18  80   M    M   7        24  80
12  70  43  57   0   8   0 0.00    M    M  6.0 16  50   M    M   1        21  20
13  74  43  59   2   6   0 0.00    M    M  8.1 22 280   M    M   4        29 220
14  73  52  63   5   2   0 0.00    M    M  7.2 16 350   M    M   2        20 330
15  74  50  62   4   3   0    T    M    M  8.0 20 130   M    M   1 3      26 120
16  85  61  73  15   0   8    T    M    M 11.9 25 210   M    M   1        33 190
17  84  66  75  17   0  10 0.00    M    M 16.5 30 220   M    M   1        39 210
18  85  54  70  11   0   5    T    M    M 18.6 36 230   M    M   3        47 240
19  54  43  49 -10  16   0 0.11    M    M 11.3 22  50   M    M   8 1      29  50
20  61  46  54  -5  11   0 0.64    M    M 10.2 18 100   M    M   8 13     28  90
21  73  51  62   2   3   0 0.22    M    M 11.1 24 250   M    M   9 13     31 250
22  70  50  60   0   5   0 0.00    M    M 13.8 23 260   M    M   5        32 260
23  67  58  63   3   2   0 0.02    M    M  8.1 15 250   M    M   9        18 260
24  70  55  63   3   2   0 0.30    M    M  8.6 17 110   M    M   6 13     24 120
25  65  56  61   0   4   0 0.01    M    M  9.1 15 340   M    M   8 1      19  30
26  71  51  61   0   4   0 0.03    M    M  5.1 10  20   M    M   7 12     14  50
27  74  57  66   5   0   1 0.00    M    M  2.9  9 160   M    M   6        11 130
28  79  56  68   6   0   3 0.00  0.0    0  7.5 18 290   M    M   2        24 270
================================================================================
SM 1886 1327       233  27  2.88     0.0 273.4          M      137
================================================================================
AV 67.4 47.4                               9.8 FASTST   M    M   5    MAX(MPH)
                                 MISC ---->  # 36 230               # 47  240
================================================================================
NOTES:
# LAST OF SEVERAL OCCURRENCES

COLUMN 17 PEAK WIND IN M.P.H.

PRELIMINARY LOCAL CLIMATOLOGICAL DATA (WS FORM: F-6) , PAGE 2

                                          STATION:  BATTLE CREEK
                                          MONTH:    MAY
                                          YEAR:     2017
                                          LATITUDE:   42 17 N
                                          LONGITUDE:  85 14 W

[TEMPERATURE DATA]      [PRECIPITATION DATA]       SYMBOLS USED IN COLUMN 16

AVERAGE MONTHLY: 57.4   TOTAL FOR MONTH:   2.88    1 = FOG OR MIST
DPTR FM NORMAL:  -0.3   DPTR FM NORMAL:   -0.51    2 = FOG REDUCING VISIBILITY
HIGHEST:    85 ON 18,16 GRTST 24HR  0.64 ON 20-20      TO 1/4 MILE OR LESS
LOWEST:     28 ON  8                               3 = THUNDER
                        SNOW, ICE PELLETS, HAIL    4 = ICE PELLETS
                        TOTAL MONTH:   0.0 INCH    5 = HAIL
                        GRTST 24HR     0.0         6 = FREEZING RAIN OR DRIZZLE
                        GRTST DEPTH:   0           7 = DUSTSTORM OR SANDSTORM:
                                                       VSBY 1/2 MILE OR LESS
                                                   8 = SMOKE OR HAZE
[NO. OF DAYS WITH]      [WEATHER - DAYS WITH]      9 = BLOWING SNOW
                                                   X = TORNADO
MAX 32 OR BELOW:   0    0.01 INCH OR MORE:  12
MAX 90 OR ABOVE:   0    0.10 INCH OR MORE:   7
MIN 32 OR BELOW:   1    0.50 INCH OR MORE:   3
MIN  0 OR BELOW:   0    1.00 INCH OR MORE:   0

[HDD (BASE 65) ]
TOTAL THIS MO.   233    CLEAR  (SCALE 0-3)  12
DPTR FM NORMAL     1    PTCLDY (SCALE 4-7)   9
TOTAL FM JUL 1  5403    CLOUDY (SCALE 8-10)  7
DPTR FM NORMAL -1218

[CDD (BASE 65) ]
TOTAL THIS MO.    27
DPTR FM NORMAL     1    [PRESSURE DATA]
TOTAL FM JAN 1    36    HIGHEST SLP M ON M
DPTR FM NORMAL     3    LOWEST  SLP 29.40 ON  1

[REMARKS]
