000
CXAK56 PAFG 221405
CF6BTT
PRELIMINARY LOCAL CLIMATOLOGICAL DATA (WS FORM: F-6)

                                          STATION:   BETTLES AK
                                          MONTH:     JULY
                                          YEAR:      2017
                                          LATITUDE:   66 55 N
                                          LONGITUDE: 151 31 W

  TEMPERATURE IN F:       :PCPN:    SNOW:  WIND      :SUNSHINE: SKY     :PK WND
================================================================================
1   2   3   4   5  6A  6B    7    8   9   10  11  12  13   14  15   16   17  18
                                     12Z  AVG MX 2MIN
DY MAX MIN AVG DEP HDD CDD  WTR  SNW DPTH SPD SPD DIR MIN PSBL S-S WX    SPD DR
================================================================================

 1  73  57  65   4   0   0    T  0.0    0  3.6 12 250   M    M   8 1      15 240
 2  79  49  64   3   1   0 0.00  0.0    0  3.5 17  30   M    M   4        23  20
 3  81  57  69   8   0   4 0.07  0.0    0  3.3 17 120   M    M   5        24 120
 4  79  61  70   9   0   5 0.00  0.0    0  6.9 17 250   M    M   5 3      24 230
 5  75  54  65   4   0   0 0.00  0.0    0  6.3 15 270   M    M   6        23 270
 6  80  47  64   3   1   0    T  0.0    0  4.0 16 250   M    M   6        22 240
 7  79  51  65   4   0   0 0.00  0.0    0  5.9 14 220   M    M   4        20 240
 8  86  47  67   6   0   2 0.00  0.0    0  2.4  9  80   M    M   2        14 300
 9  73  59  66   5   0   1 0.03  0.0    0  2.9 12  40   M    M   9 8      19  40
10  65  53  59  -2   6   0 0.14  0.0    0  4.5 12 150   M    M  10 18     16 130
11  77  52  65   4   0   0 0.00  0.0    0  2.3 13  20   M    M   6 128    19  30
12  81  57  69   8   0   4 0.41  0.0    0  3.1 16 360   M    M   7 1358   27 360
13  80  56  68   8   0   3 0.00  0.0    0  2.5  7 140   M    M   5 18     10  20
14  84  54  69   9   0   4 0.00  0.0    0  2.0  8 250   M    M   1 8      11 180
15  83  54  69   9   0   4    T  0.0    0  4.3 14 320   M    M   4 3      22 320
16  79  57  68   8   0   3 0.00  0.0    0  8.4 20 240   M    M   7        25 220
17  76  48  62   2   3   0 0.00  0.0    0  4.1 12 180   M    M   5        18 190
18  81  54  68   8   0   3 0.00  0.0    0  2.1  9  20   M    M   7 1      12  30
19  82  53  68   8   0   3 0.00  0.0    0  3.0 15 120   M    M   5 38     22 110
20  75  52  64   5   1   0 0.07  0.0    0  4.4 21  20   M    M   8 13     32 350
21  72  46  59   0   6   0    T  0.0    0  3.9 10 310   M    M   4        15 330
================================================================================
SM 1640 1118        18  36  0.72     0.0  83.4          M      118
================================================================================
AV 78.1 53.2                               4.0 FASTST   M    M   6    MAX(MPH)
                                 MISC ---->  # 21  20               # 32  350
================================================================================
NOTES:
# LAST OF SEVERAL OCCURRENCES

COLUMN 17 PEAK WIND IN M.P.H.

PRELIMINARY LOCAL CLIMATOLOGICAL DATA (WS FORM: F-6) , PAGE 2

                                          STATION:  BETTLES AK
                                          MONTH:    JULY
                                          YEAR:     2017
                                          LATITUDE:   66 55 N
                                          LONGITUDE: 151 31 W

[TEMPERATURE DATA]      [PRECIPITATION DATA]       SYMBOLS USED IN COLUMN 16

AVERAGE MONTHLY: 65.7   TOTAL FOR MONTH:   0.72    1 = FOG OR MIST
DPTR FM NORMAL:   5.2   DPTR FM NORMAL:   -0.81    2 = FOG REDUCING VISIBILITY
HIGHEST:    86 ON  8    GRTST 24HR  0.41 ON 12-12      TO 1/4 MILE OR LESS
LOWEST:     46 ON 21                               3 = THUNDER
                        SNOW, ICE PELLETS, HAIL    4 = ICE PELLETS
                        TOTAL MONTH:   0.0 INCH    5 = HAIL
                        GRTST 24HR     0.0         6 = FREEZING RAIN OR DRIZZLE
                        GRTST DEPTH:   0           7 = DUSTSTORM OR SANDSTORM:
                                                       VSBY 1/2 MILE OR LESS
                                                   8 = SMOKE OR HAZE
[NO. OF DAYS WITH]      [WEATHER - DAYS WITH]      9 = BLOWING SNOW
                                                   X = TORNADO
MAX 32 OR BELOW:   0    0.01 INCH OR MORE:   5
MAX 90 OR ABOVE:   0    0.10 INCH OR MORE:   2
MIN 32 OR BELOW:   0    0.50 INCH OR MORE:   0
MIN  0 OR BELOW:   0    1.00 INCH OR MORE:   0

[HDD (BASE 65) ]
TOTAL THIS MO.    18    CLEAR  (SCALE 0-3)   2
DPTR FM NORMAL   -93    PTCLDY (SCALE 4-7)  17
TOTAL FM JUL 1    18    CLOUDY (SCALE 8-10)  2
DPTR FM NORMAL   -93

[CDD (BASE 65) ]
TOTAL THIS MO.    36
DPTR FM NORMAL    20    [PRESSURE DATA]
TOTAL FM JAN 1    49    HIGHEST SLP M ON M
DPTR FM NORMAL    17    LOWEST  SLP 29.53 ON 21

[REMARKS]
