000
CXUS51 KBUF 211205
CF6BUF
PRELIMINARY LOCAL CLIMATOLOGICAL DATA (WS FORM: F-6)

                                          STATION:   BUFFALO NY
                                          MONTH:     OCTOBER
                                          YEAR:      2017
                                          LATITUDE:   42 55 N
                                          LONGITUDE:  78 44 W

  TEMPERATURE IN F:       :PCPN:    SNOW:  WIND      :SUNSHINE: SKY     :PK WND
================================================================================
1   2   3   4   5  6A  6B    7    8   9   10  11  12  13   14  15   16   17  18
                                     12Z  AVG MX 2MIN
DY MAX MIN AVG DEP HDD CDD  WTR  SNW DPTH SPD SPD DIR MIN PSBL S-S WX    SPD DR
================================================================================

 1  65  38  52  -4  13   0 0.00  0.0    0  4.4  9  50   M    M   2        12  40
 2  74  43  59   3   6   0 0.00  0.0    0  4.7 10  40   M    M   2        13  70
 3  76  50  63   8   2   0 0.00  0.0    0  7.6 16 220   M    M   2        22 250
 4  77  61  69  14   0   4 0.03  0.0    0 14.0 31 250   M    M   7 13     40 250
 5  68  56  62   7   3   0 0.00  0.0    0  8.9 22 240   M    M   4        29 220
 6  68  59  64  10   1   0 0.10  0.0    0  5.5 12 170   M    M   9 1      13 270
 7  81  63  72  18   0   7 0.07  0.0    0 11.0 23 190   M    M   7 1      30 200
 8  77  62  70  16   0   5 0.05  0.0    0 14.7 36 190   M    M   8 1      47 250
 9  68  59  64  11   1   0 1.81  0.0    0  9.2 21  60   M    M  10 1      28  30
10  73  57  65  12   0   0 0.00  0.0    0  6.5 14 210   M    M   5 1      16 220
11  60  51  56   4   9   0 0.22  0.0    0 15.1 26  70   M    M  10 1      34  70
12  65  51  58   6   7   0 0.03  0.0    0 11.0 20  70   M    M   9 18     28  70
13  68  56  62  10   3   0 0.00  0.0    0  9.1 15 180   M    M   8        19 190
14  72  54  63  12   2   0    T  0.0    0  6.6 13  30   M    M   7        17  30
15  77  49  63  12   2   0 0.15  0.0    0 18.1 36 250   M    M   9 1      50 240
16  50  37  44  -7  21   0 0.00  0.0    0  7.9 20 330   M    M   6        25 330
17  62  35  49  -1  16   0 0.00  0.0    0 13.9 30 240   M    M   2        40 230
18  67  47  57   7   8   0 0.00  0.0    0 10.3 21 230   M    M   1        26 240
19  66  51  59   9   6   0 0.00  0.0    0 15.0 30 230   M    M   3        42 230
20  66  44  55   6  10   0 0.00  0.0    0  6.2 14 240   M    M   4        16 240
================================================================================
SM 1380 1023       110  16  2.46     0.0 199.7          M      115
================================================================================
AV 69.0 51.2                              10.0 FASTST   M    M   6    MAX(MPH)
                                 MISC ---->  # 36 190               # 50  240
================================================================================
NOTES:
# LAST OF SEVERAL OCCURRENCES

COLUMN 17 PEAK WIND IN M.P.H.

PRELIMINARY LOCAL CLIMATOLOGICAL DATA (WS FORM: F-6) , PAGE 2

                                          STATION:  BUFFALO NY
                                          MONTH:    OCTOBER
                                          YEAR:     2017
                                          LATITUDE:   42 55 N
                                          LONGITUDE:  78 44 W

[TEMPERATURE DATA]      [PRECIPITATION DATA]       SYMBOLS USED IN COLUMN 16

AVERAGE MONTHLY: 60.1   TOTAL FOR MONTH:   2.46    1 = FOG OR MIST
DPTR FM NORMAL:   7.4   DPTR FM NORMAL:    0.14    2 = FOG REDUCING VISIBILITY
HIGHEST:    81 ON  7    GRTST 24HR  1.81 ON  9- 9      TO 1/4 MILE OR LESS
LOWEST:     35 ON 17                               3 = THUNDER
                        SNOW, ICE PELLETS, HAIL    4 = ICE PELLETS
                        TOTAL MONTH:   0.0 INCH    5 = HAIL
                        GRTST 24HR     0.0         6 = FREEZING RAIN OR DRIZZLE
                        GRTST DEPTH:   0           7 = DUSTSTORM OR SANDSTORM:
                                                       VSBY 1/2 MILE OR LESS
                                                   8 = SMOKE OR HAZE
[NO. OF DAYS WITH]      [WEATHER - DAYS WITH]      9 = BLOWING SNOW
                                                   X = TORNADO
MAX 32 OR BELOW:   0    0.01 INCH OR MORE:   8
MAX 90 OR ABOVE:   0    0.10 INCH OR MORE:   4
MIN 32 OR BELOW:   0    0.50 INCH OR MORE:   1
MIN  0 OR BELOW:   0    1.00 INCH OR MORE:   1

[HDD (BASE 65) ]
TOTAL THIS MO.   110    CLEAR  (SCALE 0-3)   6
DPTR FM NORMAL  -140    PTCLDY (SCALE 4-7)   8
TOTAL FM JUL 1   219    CLOUDY (SCALE 8-10)  6
DPTR FM NORMAL  -193

[CDD (BASE 65) ]
TOTAL THIS MO.    16
DPTR FM NORMAL    16    [PRESSURE DATA]
TOTAL FM JAN 1   602    HIGHEST SLP M ON M
DPTR FM NORMAL    62    LOWEST  SLP 29.58 ON 15

[REMARKS]
