000
CXUS51 KBUF 291205
CF6BUF
PRELIMINARY LOCAL CLIMATOLOGICAL DATA (WS FORM: F-6)

                                          STATION:   BUFFALO NY
                                          MONTH:     AUGUST
                                          YEAR:      2014
                                          LATITUDE:   42 55 N
                                          LONGITUDE:  78 44 W

  TEMPERATURE IN F:       :PCPN:    SNOW:  WIND      :SUNSHINE: SKY     :PK WND
================================================================================
1   2   3   4   5  6A  6B    7    8   9   10  11  12  13   14  15   16   17  18
                                     12Z  AVG MX 2MIN
DY MAX MIN AVG DEP HDD CDD  WTR  SNW DPTH SPD SPD DIR MIN PSBL S-S WX    SPD DR
================================================================================

 1  80  61  71   0   0   6 0.02  0.0    0  8.5 15 220 871  100   4        18 220
 2  82  65  74   3   0   9 1.40  0.0    0  5.2 21 120 623   72   6 138    31 110
 3  73  65  69  -2   0   4 0.04  0.0    0  2.9  9 130  35    4   9 1      10 130
 4  80  60  70  -1   0   5 0.00  0.0    0  7.4 18 230 624   72   5 18     22 240
 5  74  63  69  -2   0   4 0.09  0.0    0  4.5 12 340 210   24   7 138    14 340
 6  76  59  68  -3   0   3 0.00  0.0    0  3.7 13 320 719   84   6 18     17 350
 7  75  57  66  -5   0   1 0.00  0.0    0  5.2 16 360 797   93   5        21 340
 8  77  54  66  -5   0   1 0.00  0.0    0  3.1 12  40 854  100   2        16  20
 9  80  57  69  -1   0   4 0.00  0.0    0  5.4 16  30 852  100   1        19  30
10  84  60  72   2   0   7 0.00  0.0    0  5.7 15  40 850  100   3        18  60
11  83  65  74   4   0   9    T  0.0    0 12.0 23 170 646   76   7        29 160
12  80  65  73   3   0   8 0.75  0.0    0 12.0 23 150   M    M   8 13     30 180
13  70  56  63  -7   2   0 0.00  0.0    0 12.7 25 260 447   53   6        31 240
14  66  55  61  -9   4   0    T  0.0    0 11.8 22 290 600   71   7        29 270
15  70  55  63  -7   2   0    T  0.0    0 12.3 24 240 551   66   7        31 240
16  70  55  63  -7   2   0 0.15  0.0    0 13.2 28 220 572   69   8        37 230
17  74  60  67  -3   0   2 0.00  0.0    0  6.3 14 350 739   89   7        17 350
18  74  57  66  -4   0   1 0.00  0.0    0  5.9 13  20 829  100   4        16  30
19  81  57  69  -1   0   4 0.00  0.0    0  5.6 12 130 806   98   4        16 130
20  78  66  72   3   0   7    T  0.0    0  5.6 15 210   M    M   8        19 210
21  79  68  74   5   0   9    T  0.0    0 10.6 22 240 455   55   5        29 250
22  81  66  74   5   0   9    T  0.0    0  5.6 14  30 581   71   6 18     16  30
23  79  65  72   3   0   7 0.00  0.0    0  8.4 17  20 648   79   7 12     22  30
24  81  60  71   2   0   6 0.00  0.0    0  6.3 13  80 613   75   5        16 110
25  83  61  72   3   0   7 0.00  0.0    0  5.7 13 230 787   97   4        17 180
26  84  65  75   7   0  10 0.00  0.0    0 10.6 21 240 737   91   3        28 240
27  78  62  70   2   0   5    T  0.0    0  8.7 17 340   M    M   7 18     21 340
28  72  55  64  -4   1   0 0.00  0.0    0  7.0 17 320 561   70   3        26 340
================================================================================
SM 2164 1694        11 128  2.45     0.0 211.9        16007    154
================================================================================
AV 77.3 60.5                               7.6 FASTST  640  76   6    MAX(MPH)
                                 MISC ---->  # 28 220               # 37  230
================================================================================
NOTES:
# LAST OF SEVERAL OCCURRENCES

COLUMN 17 PEAK WIND IN M.P.H.

PRELIMINARY LOCAL CLIMATOLOGICAL DATA (WS FORM: F-6) , PAGE 2

                                          STATION:  BUFFALO NY
                                          MONTH:    AUGUST
                                          YEAR:     2014
                                          LATITUDE:   42 55 N
                                          LONGITUDE:  78 44 W

[TEMPERATURE DATA]      [PRECIPITATION DATA]       SYMBOLS USED IN COLUMN 16

AVERAGE MONTHLY: 68.9   TOTAL FOR MONTH:   2.45    1 = FOG OR MIST
DPTR FM NORMAL:  -1.0   DPTR FM NORMAL:   -0.50    2 = FOG REDUCING VISIBILITY
HIGHEST:    84 ON 26,10 GRTST 24HR  1.44 ON  2- 3      TO 1/4 MILE OR LESS
LOWEST:     54 ON  8                               3 = THUNDER
                        SNOW, ICE PELLETS, HAIL    4 = ICE PELLETS
                        TOTAL MONTH:   0.0 INCH    5 = HAIL
                        GRTST 24HR     0.0         6 = FREEZING RAIN OR DRIZZLE
                        GRTST DEPTH:   0           7 = DUSTSTORM OR SANDSTORM:
                                                       VSBY 1/2 MILE OR LESS
                                                   8 = SMOKE OR HAZE
[NO. OF DAYS WITH]      [WEATHER - DAYS WITH]      9 = BLOWING SNOW
                                                   X = TORNADO
MAX 32 OR BELOW:   0    0.01 INCH OR MORE:   6
MAX 90 OR ABOVE:   0    0.10 INCH OR MORE:   3
MIN 32 OR BELOW:   0    0.50 INCH OR MORE:   2
MIN  0 OR BELOW:   0    1.00 INCH OR MORE:   1

[HDD (BASE 65) ]
TOTAL THIS MO.    11    CLEAR  (SCALE 0-3)   4
DPTR FM NORMAL    -2    PTCLDY (SCALE 4-7)  23
TOTAL FM JUL 1    21    CLOUDY (SCALE 8-10)  1
DPTR FM NORMAL    -1

[CDD (BASE 65) ]
TOTAL THIS MO.   128
DPTR FM NORMAL   -21    [PRESSURE DATA]
TOTAL FM JAN 1   429    HIGHEST SLP M ON M
DPTR FM NORMAL   -46    LOWEST  SLP 29.69 ON 12

[REMARKS]
