000
CXUS55 KLOX 201655
CF6BUR
PRELIMINARY LOCAL CLIMATOLOGICAL DATA (WS FORM: F-6)

                                          STATION:   BOB HOPE AIRPORT (BURBANK) CA
                                          MONTH:     APRIL
                                          YEAR:      2014
                                          LATITUDE:   34 12 N
                                          LONGITUDE: 118 22 W

  TEMPERATURE IN F:       :PCPN:    SNOW:  WIND      :SUNSHINE: SKY     :PK WND
================================================================================
1   2   3   4   5  6A  6B    7    8   9   10  11  12  13   14  15   16   17  18
                                     12Z  AVG MX 2MIN
DY MAX MIN AVG DEP HDD CDD  WTR  SNW DPTH SPD SPD DIR MIN PSBL S-S WX    SPD DR
================================================================================

 1  62  49  56  -4   9   0 0.01    M    0  7.0 18 260   M    M   5 18     24 230
 2  61  47  54  -6  11   0 0.03    M    0  4.5 16 130   M    M   4        21  30
 3  67  43  55  -5  10   0 0.00  0.0    0  2.9 13 210   M    M   0        17 170
 4  64  48  56  -4   9   0 0.00  0.0    0  4.7 14 180   M    M   0        22 150
 5  71  48  60   0   5   0 0.00  0.0    0  5.6 21 330   M    M   1        28 330
 6  85  49  67   7   0   2 0.00  0.0    0  5.6 20 360   M    M   0        25 360
 7  89  54  72  12   0   7 0.00  0.0    0  4.1 14 200   M    M   0        18 220
 8  90  57  74  14   0   9 0.00  0.0    0  4.1 12 190   M    M   0        17 210
 9  91  58  75  15   0  10 0.00  0.0    0  2.2 14 200   M    M   0        18 220
10  86  54  70   9   0   5 0.00  0.0    0  3.4 10 160   M    M   0        20 120
11  81  54  68   7   0   3 0.00  0.0    0  5.8 14 150   M    M   0        17 120
12  67  53  60  -1   5   0 0.00  0.0    0  6.9 13 180   M    M   6 18     18 170
13  67  55  61   0   4   0 0.00  0.0    0  4.5 13 160   M    M   5        17 180
14  85  51  68   7   0   3 0.00  0.0    0  4.4 12 170   M    M   0        15 170
15  80  56  68   7   0   3 0.00  0.0    M  5.9 13 140   M    M   0 8      22 120
16  74  55  65   3   0   0 0.00  0.0    0  5.6 13 180   M    M   3 18     17 180
17  71  56  64   2   1   0 0.00  0.0    0  6.9 14 180   M    M   5 18     17 180
18  71  56  64   2   1   0    T  0.0    0  4.8 14 180   M    M   5 18     20 130
19  75  54  65   3   0   0 0.00  0.0    0  3.9 12 100   M    M   0        17 100
================================================================================
SM 1437  997        55  42  0.04     0.0  92.9          M       34
================================================================================
AV 75.6 52.5                               4.9 FASTST   M    M   2    MAX(MPH)
                                 MISC ---->  # 21 330               # 28  330
================================================================================
NOTES:
# LAST OF SEVERAL OCCURRENCES

COLUMN 17 PEAK WIND IN M.P.H.

PRELIMINARY LOCAL CLIMATOLOGICAL DATA (WS FORM: F-6) , PAGE 2

                                          STATION:  BOB HOPE AIRPORT (BURBANK) CA
                                          MONTH:    APRIL
                                          YEAR:     2014
                                          LATITUDE:   34 12 N
                                          LONGITUDE: 118 22 W

[TEMPERATURE DATA]      [PRECIPITATION DATA]       SYMBOLS USED IN COLUMN 16

AVERAGE MONTHLY: 64.1   TOTAL FOR MONTH:   0.04    1 = FOG OR MIST
DPTR FM NORMAL:   3.3   DPTR FM NORMAL:   -0.76    2 = FOG REDUCING VISIBILITY
HIGHEST:    91 ON  9    GRTST 24HR  0.04 ON  1- 2      TO 1/4 MILE OR LESS
LOWEST:     43 ON  3                               3 = THUNDER
                        SNOW, ICE PELLETS, HAIL    4 = ICE PELLETS
                        TOTAL MONTH:   0.0 INCH    5 = HAIL
                        GRTST 24HR     0.0         6 = FREEZING RAIN OR DRIZZLE
                        GRTST DEPTH:   0           7 = DUSTSTORM OR SANDSTORM:
                                                       VSBY 1/2 MILE OR LESS
                                                   8 = SMOKE OR HAZE
[NO. OF DAYS WITH]      [WEATHER - DAYS WITH]      9 = BLOWING SNOW
                                                   X = TORNADO
MAX 32 OR BELOW:   0    0.01 INCH OR MORE:   2
MAX 90 OR ABOVE:   2    0.10 INCH OR MORE:   0
MIN 32 OR BELOW:   0    0.50 INCH OR MORE:   0
MIN  0 OR BELOW:   0    1.00 INCH OR MORE:   0

[HDD (BASE 65) ]
TOTAL THIS MO.    55    CLEAR  (SCALE 0-3)  13
DPTR FM NORMAL   -44    PTCLDY (SCALE 4-7)   6
TOTAL FM JUL 1   620    CLOUDY (SCALE 8-10)  0
DPTR FM NORMAL  -838

[CDD (BASE 65) ]
TOTAL THIS MO.    42
DPTR FM NORMAL    23    [PRESSURE DATA]
TOTAL FM JAN 1   122    HIGHEST SLP M ON M
DPTR FM NORMAL    87    LOWEST  SLP 29.74 ON 16

[REMARKS]
