000
CXUS55 KLOX 251655
CF6BUR
PRELIMINARY LOCAL CLIMATOLOGICAL DATA (WS FORM: F-6)

                                          STATION:   BOB HOPE AIRPORT (BURBANK) CA
                                          MONTH:     FEBRUARY
                                          YEAR:      2017
                                          LATITUDE:   34 12 N
                                          LONGITUDE: 118 22 W

  TEMPERATURE IN F:       :PCPN:    SNOW:  WIND      :SUNSHINE: SKY     :PK WND
================================================================================
1   2   3   4   5  6A  6B    7    8   9   10  11  12  13   14  15   16   17  18
                                     12Z  AVG MX 2MIN
DY MAX MIN AVG DEP HDD CDD  WTR  SNW DPTH SPD SPD DIR MIN PSBL S-S WX    SPD DR
================================================================================

 1  70  43  57   2   8   0 0.00  0.0    0  4.5 13 200   M    M   0 1       M  M
 2  65  48  57   2   8   0    T    M    0  3.5 12 150   M    M   8 18      M  M
 3  60  52  56   1   9   0 0.23  0.0    0  5.1 13 140   M    M  10 18     20 130
 4  63  49  56   1   9   0 0.00  0.0    0  3.7 10 220   M    M   4 18     16 350
 5  56  46  51  -4  14   0 0.00  0.0    0  4.9 12 150   M    M   9 128    16  90
 6  60  50  55   0  10   0 0.34  0.0    0 10.9 20 150   M    M  10 1      27 150
 7  61  55  58   3   7   0 0.05  0.0    0  7.0 12 120   M    M  10 1      20 110
 8  73  57  65   9   0   0 0.02  0.0    0  2.7 13 230   M    M   4 1      25 260
 9  78  54  66  10   0   1 0.00  0.0    0  3.5  9 160   M    M   0        13 100
10  63  56  60   4   5   0 0.32  0.0    0  4.4 10 130   M    M   5 1      13 150
11  63  53  58   2   7   0 0.07  0.0    0  4.3 17 150   M    M   8 1      21 170
12  74  48  61   5   4   0 0.00  0.0    0  8.6 28  10   M    M   1        33  10
13  75  54  65   9   0   0 0.00  0.0    0  4.8 12 160   M    M   0        16 160
14  72  51  62   6   3   0 0.00  0.0    0  2.8 13 160   M    M   0        15 220
15  79  47  63   7   2   0 0.00  0.0    0  3.6 15 220   M    M   0        21 240
16  70  50  60   4   5   0    T  0.0    0  4.1 13 120   M    M   3        18  90
17  57  51  54  -2  11   0 2.05    M    0 17.6 29 140   M    M   9 1      45 120
18  59  48  54  -2  11   0 0.15    M    0  5.6 15 130   M    M   5 1       M  M
19  60  47  54  -2  11   0 0.07    M    0  6.0 14 140   M    M   8 1      18 110
20  60  50  55  -1  10   0 0.01  0.0    0  8.1 16 150   M    M  10 128    23 110
21  64  52  58   2   7   0 0.05  0.0    0  2.5 10 210   M    M   9 18     14 230
22  62  47  55  -1  10   0 0.00  0.0    0  6.6 24 350   M    M   2 1      31 340
23  57  46  52  -5  13   0 0.00  0.0    0 13.6 22 330   M    M   0        28 310
24  62  37  50  -7  15   0 0.00    M    0  3.7 13 200   M    M   0        18 230
================================================================================
SM 1563 1191       179   1  3.36     0.0 142.1          M      115
================================================================================
AV 65.1 49.6                               5.9 FASTST   M    M   5    MAX(MPH)
                                 MISC ---->    29   M                 45    M
================================================================================
NOTES:
# LAST OF SEVERAL OCCURRENCES

COLUMN 17 PEAK WIND IN M.P.H.

PRELIMINARY LOCAL CLIMATOLOGICAL DATA (WS FORM: F-6) , PAGE 2

                                          STATION:  BOB HOPE AIRPORT (BURBANK) CA
                                          MONTH:    FEBRUARY
                                          YEAR:     2017
                                          LATITUDE:   34 12 N
                                          LONGITUDE: 118 22 W

[TEMPERATURE DATA]      [PRECIPITATION DATA]       SYMBOLS USED IN COLUMN 16

AVERAGE MONTHLY: 57.4   TOTAL FOR MONTH:   3.36    1 = FOG OR MIST
DPTR FM NORMAL:   1.6   DPTR FM NORMAL:   -0.52    2 = FOG REDUCING VISIBILITY
HIGHEST:    79 ON 15    GRTST 24HR  2.05 ON 17-17      TO 1/4 MILE OR LESS
LOWEST:     37 ON 24                               3 = THUNDER
                        SNOW, ICE PELLETS, HAIL    4 = ICE PELLETS
                        TOTAL MONTH:   0.0 INCH    5 = HAIL
                        GRTST 24HR     0.0         6 = FREEZING RAIN OR DRIZZLE
                        GRTST DEPTH:   0           7 = DUSTSTORM OR SANDSTORM:
                                                       VSBY 1/2 MILE OR LESS
                                                   8 = SMOKE OR HAZE
[NO. OF DAYS WITH]      [WEATHER - DAYS WITH]      9 = BLOWING SNOW
                                                   X = TORNADO
MAX 32 OR BELOW:   0    0.01 INCH OR MORE:  11
MAX 90 OR ABOVE:   0    0.10 INCH OR MORE:   5
MIN 32 OR BELOW:   0    0.50 INCH OR MORE:   1
MIN  0 OR BELOW:   0    1.00 INCH OR MORE:   1

[HDD (BASE 65) ]
TOTAL THIS MO.   179    CLEAR  (SCALE 0-3)  10
DPTR FM NORMAL   -47    PTCLDY (SCALE 4-7)   6
TOTAL FM JUL 1   940    CLOUDY (SCALE 8-10)  8
DPTR FM NORMAL  -169

[CDD (BASE 65) ]
TOTAL THIS MO.     1
DPTR FM NORMAL     1    [PRESSURE DATA]
TOTAL FM JAN 1     1    HIGHEST SLP M ON M
DPTR FM NORMAL    -1    LOWEST  SLP 29.72 ON 19

[REMARKS]
