306
CXUS54 KTSA 180940
CF6BVO
PRELIMINARY LOCAL CLIMATOLOGICAL DATA (WS FORM: F-6)

                                          STATION:   BARTLESVILLE OKLAHOMA
                                          MONTH:     FEBRUARY
                                          YEAR:      2018
                                          LATITUDE:   36 45 N
                                          LONGITUDE:  96  0 W

  TEMPERATURE IN F:       :PCPN:    SNOW:  WIND      :SUNSHINE: SKY     :PK WND
================================================================================
1   2   3   4   5  6A  6B    7    8   9   10  11  12  13   14  15   16   17  18
                                     12Z  AVG MX 2MIN
DY MAX MIN AVG DEP HDD CDD  WTR  SNW DPTH SPD SPD DIR MIN PSBL S-S WX    SPD DR
================================================================================

 1  45  21  33  -4  32   0 0.00  0.0    0 12.1 29  20   M    M   1        36  10
 2  44  13  29  -8  36   0 0.00  0.0    0  4.8 13 180   M    M   0        19 170
 3  53  24  39   2  26   0 0.00  0.0    0  6.6 18 170   M    M   0        25 170
 4  36  12  24 -13  41   0    T    M    0 10.2 26  10   M    M   4        32 360
 5  37   8  23 -14  42   0 0.00  0.0    0  5.5 18  10   M    M   3        25 200
 6  31  15  23 -15  42   0 0.00  0.0    0  9.2 18  20   M    M   5        24  20
 7  41  14  28 -10  37   0 0.00  0.0    0  4.3 15  20   M    M   1        19  10
 8  60  13  37  -1  28   0 0.00  0.0    0  5.7 17 210   M    M   0        22 190
 9  62  32  47   9  18   0 0.00  0.0    0  9.2 22 360   M    M   2 8      30 360
10  32  19  26 -12  39   0    T    M    0 11.4 22  10   M    M  10 18     28  10
11  33   8  21 -18  44   0 0.00  0.0    0  3.3 12  10   M    M   4        19 330
12  44   4  24 -15  41   0 0.00  0.0    0  4.8 13  80   M    M   0        20  90
13  56  19  38  -1  27   0 0.00  0.0    0  7.5 17 160   M    M   8        22 160
14  71  44  58  18   7   0 0.00  0.0    0  9.1 17 200   M    M   5 1      24 200
15  81  53  67  27   0   2 0.00  0.0    0 11.4 23  10   M    M   1        31 220
16  53  32  43   3  22   0 0.00  0.0    0 10.9 28  10   M    M   2        38 360
17  62  27  45   5  20   0 0.31    M    0  4.1 16 160   M    M   3 1      20 160
================================================================================
SM  841  358       502   2  0.31     0.0 130.1          M       49
================================================================================
AV 49.5 21.1                               7.7 FASTST   M    M   3    MAX(MPH)
                                 MISC ---->  # 29  20               # 38  360
================================================================================
NOTES:
# LAST OF SEVERAL OCCURRENCES

COLUMN 17 PEAK WIND IN M.P.H.

PRELIMINARY LOCAL CLIMATOLOGICAL DATA (WS FORM: F-6) , PAGE 2

                                          STATION:  BARTLESVILLE OKLAHOMA
                                          MONTH:    FEBRUARY
                                          YEAR:     2018
                                          LATITUDE:   36 45 N
                                          LONGITUDE:  96  0 W

[TEMPERATURE DATA]      [PRECIPITATION DATA]       SYMBOLS USED IN COLUMN 16

AVERAGE MONTHLY: 35.3   TOTAL FOR MONTH:   0.31    1 = FOG OR MIST
DPTR FM NORMAL:  -3.1   DPTR FM NORMAL:   -0.74    2 = FOG REDUCING VISIBILITY
HIGHEST:    81 ON 15    GRTST 24HR  0.31 ON 17-17      TO 1/4 MILE OR LESS
LOWEST:      4 ON 12                               3 = THUNDER
                        SNOW, ICE PELLETS, HAIL    4 = ICE PELLETS
                        TOTAL MONTH:   0.0 INCH    5 = HAIL
                        GRTST 24HR     0.0         6 = FREEZING RAIN OR DRIZZLE
                        GRTST DEPTH:   0           7 = DUSTSTORM OR SANDSTORM:
                                                       VSBY 1/2 MILE OR LESS
                                                   8 = SMOKE OR HAZE
[NO. OF DAYS WITH]      [WEATHER - DAYS WITH]      9 = BLOWING SNOW
                                                   X = TORNADO
MAX 32 OR BELOW:   2    0.01 INCH OR MORE:   1
MAX 90 OR ABOVE:   0    0.10 INCH OR MORE:   1
MIN 32 OR BELOW:  15    0.50 INCH OR MORE:   0
MIN  0 OR BELOW:   0    1.00 INCH OR MORE:   0

[HDD (BASE 65) ]
TOTAL THIS MO.   502    CLEAR  (SCALE 0-3)   9
DPTR FM NORMAL    48    PTCLDY (SCALE 4-7)   6
TOTAL FM JUL 1  2943    CLOUDY (SCALE 8-10)  2
DPTR FM NORMAL   -83

[CDD (BASE 65) ]
TOTAL THIS MO.     2
DPTR FM NORMAL     2    [PRESSURE DATA]
TOTAL FM JAN 1     2    HIGHEST SLP M ON M
DPTR FM NORMAL     2    LOWEST  SLP 29.73 ON 15

[REMARKS]
