000
CXUS54 KLZK 191430
CF6BVX
PRELIMINARY LOCAL CLIMATOLOGICAL DATA (WS FORM: F-6)

                                          STATION:   Batesville Regional Airport
                                          MONTH:     DECEMBER
                                          YEAR:      2014
                                          LATITUDE:   35 43 N
                                          LONGITUDE:  91 39 W

  TEMPERATURE IN F:       :PCPN:    SNOW:  WIND      :SUNSHINE: SKY     :PK WND
================================================================================
1   2   3   4   5  6A  6B    7    8   9   10  11  12  13   14  15   16   17  18
                                     12Z  AVG MX 2MIN
DY MAX MIN AVG DEP HDD CDD  WTR  SNW DPTH SPD SPD DIR MIN PSBL S-S WX    SPD DR
================================================================================

 1  64  30  47   4  18   0 0.16    M    0  6.6 10 320   M    M  10        16 320
 2  39  30  35  -7  30   0 0.00  0.0    0  3.5  8 200   M    M  10         M  M
 3  45  39  42   0  23   0 0.04    M    0  2.3  7 110   M    M  10         M  M
 4  46  39  43   1  22   0 0.00  0.0    0  2.9  6 120   M    M  10         M  M
 5  63  46  55  14  10   0 0.68    M    0  4.6 10 310   M    M  10        16 310
 6  59  43  51  10  14   0 0.00  0.0    0  7.2 10  30   M    M  10        20 310
 7  45  37  41   0  24   0 0.00  0.0    0  4.5  9  60   M    M   6         M  M
 8  57  36  47   7  18   0 0.00  0.0    0  3.7 10 250   M    M   3        17 310
 9  45  30  38  -2  27   0 0.00  0.0    0  5.1 10 360   M    M   2        18 360
10  39  30  35  -5  30   0 0.00  0.0    0  1.6  6  70   M    M   8         M  M
11  43  32  38  -2  27   0 0.00  0.0    0  2.6  8 110   M    M   9         M  M
12  54  30  42   3  23   0 0.00  0.0    0  2.4  7 140   M    M   9         M  M
13  59  46  53  14  12   0 0.00  0.0    0  3.1  8 120   M    M   8         M  M
14  66  45  56  17   9   0 0.00  0.0    0  6.4 13 140   M    M   2         M  M
15  66  48  57  18   8   0 0.00  0.0    0 10.8 20 250   M    M   7        31 250
16  48  34  41   3  24   0 0.00  0.0    0  8.2 14 290   M    M   5        24 290
17  39  28  34  -4  31   0 0.00  0.0    0  1.4  5 100   M    M   4         M  M
18  39  36  38   0  27   0 0.00  0.0    0  2.6  7 100   M    M  10         M  M
================================================================================
SM  916  659       377   0  0.88     0.0  79.5          M      133
================================================================================
AV 50.9 36.6                               4.4 FASTST   M    M   7    MAX(MPH)
                                 MISC ---->    20   M                 31    M
================================================================================
NOTES:
# LAST OF SEVERAL OCCURRENCES

COLUMN 17 PEAK WIND IN M.P.H.

PRELIMINARY LOCAL CLIMATOLOGICAL DATA (WS FORM: F-6) , PAGE 2

                                          STATION:  Batesville Regional Airport
                                          MONTH:    DECEMBER
                                          YEAR:     2014
                                          LATITUDE:   35 43 N
                                          LONGITUDE:  91 39 W

[TEMPERATURE DATA]      [PRECIPITATION DATA]       SYMBOLS USED IN COLUMN 16

AVERAGE MONTHLY: 43.8   TOTAL FOR MONTH:   0.88    1 = FOG OR MIST
DPTR FM NORMAL:   3.6   DPTR FM NORMAL:   -2.01    2 = FOG REDUCING VISIBILITY
HIGHEST:    66 ON 15,14 GRTST 24HR  0.68 ON  5- 5      TO 1/4 MILE OR LESS
LOWEST:     28 ON 17                               3 = THUNDER
                        SNOW, ICE PELLETS, HAIL    4 = ICE PELLETS
                        TOTAL MONTH:   0.0 INCH    5 = HAIL
                        GRTST 24HR     0.0         6 = FREEZING RAIN OR DRIZZLE
                        GRTST DEPTH:   0           7 = DUSTSTORM OR SANDSTORM:
                                                       VSBY 1/2 MILE OR LESS
                                                   8 = SMOKE OR HAZE
[NO. OF DAYS WITH]      [WEATHER - DAYS WITH]      9 = BLOWING SNOW
                                                   X = TORNADO
MAX 32 OR BELOW:   0    0.01 INCH OR MORE:   3
MAX 90 OR ABOVE:   0    0.10 INCH OR MORE:   2
MIN 32 OR BELOW:   7    0.50 INCH OR MORE:   1
MIN  0 OR BELOW:   0    1.00 INCH OR MORE:   0

[HDD (BASE 65) ]
TOTAL THIS MO.   377    CLEAR  (SCALE 0-3)   2
DPTR FM NORMAL   -69    PTCLDY (SCALE 4-7)   7
TOTAL FM JUL 1  1102    CLOUDY (SCALE 8-10)  9
DPTR FM NORMAL   -40

[CDD (BASE 65) ]
TOTAL THIS MO.     0
DPTR FM NORMAL     0    [PRESSURE DATA]
TOTAL FM JAN 1  1792    HIGHEST SLP M ON M
DPTR FM NORMAL    49    LOWEST  SLP M ON M

[REMARKS]
