000
CXUS53 KLMK 190800
CF6BWG
PRELIMINARY LOCAL CLIMATOLOGICAL DATA (WS FORM: F-6)

                                          STATION:   BOWLING GREEN KY
                                          MONTH:     JANUARY
                                          YEAR:      2018
                                          LATITUDE:   36 58 N
                                          LONGITUDE:  86 26 W

  TEMPERATURE IN F:       :PCPN:    SNOW:  WIND      :SUNSHINE: SKY     :PK WND
================================================================================
1   2   3   4   5  6A  6B    7    8   9   10  11  12  13   14  15   16   17  18
                                     12Z  AVG MX 2MIN
DY MAX MIN AVG DEP HDD CDD  WTR  SNW DPTH SPD SPD DIR MIN PSBL S-S WX    SPD DR
================================================================================

 1  20   4  12 -24  53   0 0.00  0.0    0  6.2 12 290   M    M   1        18 330
 2  24   2  13 -23  52   0 0.00  0.0    0  1.1  6 290   M    M   0         9 290
 3  33  11  22 -14  43   0 0.00  0.0    0  6.9 15 270   M    M   5        24 300
 4  23   9  16 -20  49   0    T    T    T  6.9 14 320   M    M   4 8      22 320
 5  23  12  18 -18  47   0    T    T    0  2.8  8 310   M    M   7        12 270
 6  26   7  17 -19  48   0 0.00  0.0    0  2.7  9  50   M    M   0        13  60
 7  45  11  28  -7  37   0    T  0.0    0  7.8 18 180   M    M   3        26 170
 8  42  35  39   4  26   0 0.43  0.0    0  3.8 21 190   M    M  10 126    29 200
 9  47  36  42   7  23   0 0.02  0.0    0  3.7 10  70   M    M  10 12     13  60
10  65  38  52  17  13   0    T  0.0    0  8.0 24 190   M    M   9 12     34 200
11  68  56  62  27   3   0 0.20  0.0    0  8.8 20 180   M    M  10 1      27 210
12  59  25  42   7  23   0 0.44  3.2    0  9.7 17 310   M    M   9 16     30 310
13  26  10  18 -17  47   0    T  0.4    3  6.5 15  40   M    M   8 1      25 360
14  23   3  13 -22  52   0 0.00  0.0    3  2.5 13  70   M    M   2 18     16  70
15  37  19  28  -7  37   0 0.02  1.4    3  8.0 16 210   M    M   9 18     24 210
16  19   5  12 -23  53   0 0.06  2.7    5  6.0 14 330   M    M   7 1      24 320
17  19   7  13 -22  52   0 0.01  0.5    6  4.1  9 270   M    M   7 18     16 350
18  30   5  18 -18  47   0 0.00  0.0    5  5.4 15 220   M    M   0 18     18 220
================================================================================
SM  629  295       705   0  1.18     8.2 100.9          M      101
================================================================================
AV 34.9 16.4                               5.6 FASTST   M    M   6    MAX(MPH)
                                 MISC ---->  # 24 190               # 34  200
================================================================================
NOTES:
# LAST OF SEVERAL OCCURRENCES

COLUMN 17 PEAK WIND IN M.P.H.

PRELIMINARY LOCAL CLIMATOLOGICAL DATA (WS FORM: F-6) , PAGE 2

                                          STATION:  BOWLING GREEN KY
                                          MONTH:    JANUARY
                                          YEAR:     2018
                                          LATITUDE:   36 58 N
                                          LONGITUDE:  86 26 W

[TEMPERATURE DATA]      [PRECIPITATION DATA]       SYMBOLS USED IN COLUMN 16

AVERAGE MONTHLY: 25.7   TOTAL FOR MONTH:   1.18    1 = FOG OR MIST
DPTR FM NORMAL:  -9.7   DPTR FM NORMAL:   -0.87    2 = FOG REDUCING VISIBILITY
HIGHEST:    68 ON 11    GRTST 24HR  0.44 ON 12-12      TO 1/4 MILE OR LESS
LOWEST:      2 ON  2                               3 = THUNDER
                        SNOW, ICE PELLETS, HAIL    4 = ICE PELLETS
                        TOTAL MONTH:   8.2 INCHES  5 = HAIL
                        GRTST 24HR   3.2 ON 12-12  6 = FREEZING RAIN OR DRIZZLE
                        GRTST DEPTH:   6 ON 17     7 = DUSTSTORM OR SANDSTORM:
                                                       VSBY 1/2 MILE OR LESS
                                                   8 = SMOKE OR HAZE
[NO. OF DAYS WITH]      [WEATHER - DAYS WITH]      9 = BLOWING SNOW
                                                   X = TORNADO
MAX 32 OR BELOW:  10    0.01 INCH OR MORE:   7
MAX 90 OR ABOVE:   0    0.10 INCH OR MORE:   3
MIN 32 OR BELOW:  14    0.50 INCH OR MORE:   0
MIN  0 OR BELOW:   0    1.00 INCH OR MORE:   0

[HDD (BASE 65) ]
TOTAL THIS MO.   705    CLEAR  (SCALE 0-3)   5
DPTR FM NORMAL   170    PTCLDY (SCALE 4-7)   7
TOTAL FM JUL 1  2243    CLOUDY (SCALE 8-10)  6
DPTR FM NORMAL   124

[CDD (BASE 65) ]
TOTAL THIS MO.     0
DPTR FM NORMAL     0    [PRESSURE DATA]
TOTAL FM JAN 1     0    HIGHEST SLP M ON M
DPTR FM NORMAL     0    LOWEST  SLP 29.63 ON 12

[REMARKS]
