000
CXUS51 KLWX 180620
CF6BWI
PRELIMINARY LOCAL CLIMATOLOGICAL DATA (WS FORM: F-6)

                                          STATION:   BALTIMORE MD
                                          MONTH:     FEBRUARY
                                          YEAR:      2018
                                          LATITUDE:   39 10 N
                                          LONGITUDE:  76 40 W

  TEMPERATURE IN F:       :PCPN:    SNOW:  WIND      :SUNSHINE: SKY     :PK WND
================================================================================
1   2   3   4   5  6A  6B    7    8   9   10  11  12  13   14  15   16   17  18
                                     12Z  AVG MX 2MIN
DY MAX MIN AVG DEP HDD CDD  WTR  SNW DPTH SPD SPD DIR MIN PSBL S-S WX    SPD DR
================================================================================

 1  52  37  45  11  20   0    T  0.0    0  7.4 21 310   M    M  10        27 310
 2  41  16  29  -5  36   0 0.04  0.0    0 14.5 32 290   M    M   5 1      41 290
 3  34  12  23 -11  42   0 0.00  0.0    0  5.7 17 240   M    M   3        22 240
 4  34  30  32  -2  33   0 1.19    T    0  4.6 13 360   M    M   9 146    20 360
 5  36  22  29  -5  36   0 0.00  0.0    0  9.5 31 290   M    M   4 1      39 300
 6  40  22  31  -3  34   0 0.00  0.0    0  2.6 14 320   M    M   9        17 330
 7  39  26  33  -1  32   0 0.43  0.0    0  7.1 17 310   M    M  10 16     24 300
 8  35  20  28  -6  37   0 0.00  0.0    0  8.8 20 300   M    M   5        28 300
 9  43  20  32  -3  33   0 0.00  0.0    0  3.9 15 110   M    M   8 1      19 140
10  49  29  39   4  26   0 0.88  0.0    0  1.7 13 340   M    M   9 1      18 350
11  67  45  56  21   9   0 1.21  0.0    0  6.2 18 210   M    M  10 123    26 200
12  62  33  48  13  17   0 0.04  0.0    0  9.0 18 330   M    M   8 1      26 320
13  39  29  34  -1  31   0    T    T    0  6.2 13  50   M    M   6 4      23  20
14  52  31  42   6  23   0 0.03  0.0    0  3.4 13 250   M    M   8 1      15 230
15  69  43  56  20   9   0 0.01  0.0    0  5.4 18 230   M    M   7 1      26 230
16  62  37  50  14  15   0 0.21  0.0    0  9.3 22 310   M    M   9 1      29 280
17  41  29  35  -1  30   0 0.57  2.2    0  5.2 15  70   M    M   8 124    19 120
================================================================================
SM  795  481       463   0  4.61     2.2 110.5          M      128
================================================================================
AV 46.8 28.3                               6.5 FASTST   M    M   8    MAX(MPH)
                                 MISC ---->  # 32 290               # 41  290
================================================================================
NOTES:
# LAST OF SEVERAL OCCURRENCES

COLUMN 17 PEAK WIND IN M.P.H.

PRELIMINARY LOCAL CLIMATOLOGICAL DATA (WS FORM: F-6) , PAGE 2

                                          STATION:  BALTIMORE MD
                                          MONTH:    FEBRUARY
                                          YEAR:     2018
                                          LATITUDE:   39 10 N
                                          LONGITUDE:  76 40 W

[TEMPERATURE DATA]      [PRECIPITATION DATA]       SYMBOLS USED IN COLUMN 16

AVERAGE MONTHLY: 37.5   TOTAL FOR MONTH:   4.61    1 = FOG OR MIST
DPTR FM NORMAL:   2.8   DPTR FM NORMAL:    2.86    2 = FOG REDUCING VISIBILITY
HIGHEST:    69 ON 15    GRTST 24HR  1.21 ON 11-11      TO 1/4 MILE OR LESS
LOWEST:     12 ON  3                               3 = THUNDER
                        SNOW, ICE PELLETS, HAIL    4 = ICE PELLETS
                        TOTAL MONTH:   2.2 INCHES  5 = HAIL
                        GRTST 24HR   2.2 ON 17-17  6 = FREEZING RAIN OR DRIZZLE
                        GRTST DEPTH:   0           7 = DUSTSTORM OR SANDSTORM:
                                                       VSBY 1/2 MILE OR LESS
                                                   8 = SMOKE OR HAZE
[NO. OF DAYS WITH]      [WEATHER - DAYS WITH]      9 = BLOWING SNOW
                                                   X = TORNADO
MAX 32 OR BELOW:   0    0.01 INCH OR MORE:  10
MAX 90 OR ABOVE:   0    0.10 INCH OR MORE:   6
MIN 32 OR BELOW:  12    0.50 INCH OR MORE:   4
MIN  0 OR BELOW:   0    1.00 INCH OR MORE:   2

[HDD (BASE 65) ]
TOTAL THIS MO.   463    CLEAR  (SCALE 0-3)   1
DPTR FM NORMAL   -52    PTCLDY (SCALE 4-7)   8
TOTAL FM JUL 1  3132    CLOUDY (SCALE 8-10)  8
DPTR FM NORMAL  -159

[CDD (BASE 65) ]
TOTAL THIS MO.     0
DPTR FM NORMAL     0    [PRESSURE DATA]
TOTAL FM JAN 1     0    HIGHEST SLP M ON M
DPTR FM NORMAL     0    LOWEST  SLP 29.63 ON 16

[REMARKS]
