000
CXUS55 KRIW 160945
CF6BYG
PRELIMINARY LOCAL CLIMATOLOGICAL DATA (WS FORM: F-6)

                                          STATION:   BUFFALO WY
                                          MONTH:     JANUARY
                                          YEAR:      2017
                                          LATITUDE:   44 22 N
                                          LONGITUDE: 106 43 W

  TEMPERATURE IN F:       :PCPN:    SNOW:  WIND      :SUNSHINE: SKY     :PK WND
================================================================================
1   2   3   4   5  6A  6B    7    8   9   10  11  12  13   14  15   16   17  18
                                     12Z  AVG MX 2MIN
DY MAX MIN AVG DEP HDD CDD  WTR  SNW DPTH SPD SPD DIR MIN PSBL S-S WX    SPD DR
================================================================================

 1  28  11  20  -7  45   0    T    M    M 13.1 28 350   M    M   3 8      35 350
 2  13  -7   3 -24  62   0    T    M    M 14.2 28 350   M    M   7        35 340
 3   0 -11  -5 -32  70   0 0.00  0.0    M  2.1  9 230   M    M   4        10 350
 4   5  -7  -1 -28  66   0    T    M    M  6.8 21 340   M    M   5 8      26 340
 5  10  -9   1 -26  64   0    T    M    M  6.0 17 320   M    M   1 8      24 320
 6  17   2  10 -18  55   0 0.00    M    M  5.0 12 250   M    M   2        13 180
 7  28   3  16 -12  49   0 0.00    M    M  3.8  9 280   M    M   1        12 200
 8  33  13  23  -5  42   0 0.00    M    M  6.8 18 150   M    M   1        20 150
 9  54  16  35   7  30   0    T    M    M 13.9 45 250   M    M   1        54 250
10  37   0  19  -9  46   0    T    M    M 10.3 35 350   M    M   4 18     41 350
11  11  -1   5 -23  60   0    T    M    M  7.6 30 350   M    M   7 8      34 340
12  22   3  13 -15  52   0 0.00  0.0    M  8.1 21 180   M    M   3        25 330
13  36  16  26  -2  39   0 0.00  0.0    M  6.2 24 100   M    M   0        33 320
14  37  14  26  -2  39   0 0.00  0.0    0  6.9 13 250   M    M   0        13 250
15  36  20  28   0  37   0 0.00  0.0    M  6.9 13 290   M    M   0        22 130
================================================================================
SM  367   63       756   0    T      0.0 117.7          M       39
================================================================================
AV 24.5  4.2                               7.8 FASTST   M    M   3    MAX(MPH)
                                 MISC ---->  # 45 250               # 54  250
================================================================================
NOTES:
# LAST OF SEVERAL OCCURRENCES

COLUMN 17 PEAK WIND IN M.P.H.

PRELIMINARY LOCAL CLIMATOLOGICAL DATA (WS FORM: F-6) , PAGE 2

                                          STATION:  BUFFALO WY
                                          MONTH:    JANUARY
                                          YEAR:     2017
                                          LATITUDE:   44 22 N
                                          LONGITUDE: 106 43 W

[TEMPERATURE DATA]      [PRECIPITATION DATA]       SYMBOLS USED IN COLUMN 16

AVERAGE MONTHLY: 14.3   TOTAL FOR MONTH:      T    1 = FOG OR MIST
DPTR FM NORMAL: -13.3   DPTR FM NORMAL:   -0.17    2 = FOG REDUCING VISIBILITY
HIGHEST:    54 ON  9    GRTST 24HR    T  ON 11-11      TO 1/4 MILE OR LESS
LOWEST:    -11 ON  3                               3 = THUNDER
                        SNOW, ICE PELLETS, HAIL    4 = ICE PELLETS
                        TOTAL MONTH:   0.0 INCH    5 = HAIL
                        GRTST 24HR     0.0         6 = FREEZING RAIN OR DRIZZLE
                        GRTST DEPTH:   0           7 = DUSTSTORM OR SANDSTORM:
                                                       VSBY 1/2 MILE OR LESS
                                                   8 = SMOKE OR HAZE
[NO. OF DAYS WITH]      [WEATHER - DAYS WITH]      9 = BLOWING SNOW
                                                   X = TORNADO
MAX 32 OR BELOW:   9    0.01 INCH OR MORE:   0
MAX 90 OR ABOVE:   0    0.10 INCH OR MORE:   0
MIN 32 OR BELOW:  15    0.50 INCH OR MORE:   0
MIN  0 OR BELOW:   6    1.00 INCH OR MORE:   0

[HDD (BASE 65) ]
TOTAL THIS MO.   756    CLEAR  (SCALE 0-3)   9
DPTR FM NORMAL   195    PTCLDY (SCALE 4-7)   6
TOTAL FM JUL 1  3359    CLOUDY (SCALE 8-10)  0
DPTR FM NORMAL  -249

[CDD (BASE 65) ]
TOTAL THIS MO.     0
DPTR FM NORMAL     0    [PRESSURE DATA]
TOTAL FM JAN 1     0    HIGHEST SLP M ON M
DPTR FM NORMAL     0    LOWEST  SLP 29.43 ON 11

[REMARKS]
