000
CXUS56 KTFX 291205
CF6BZN
PRELIMINARY LOCAL CLIMATOLOGICAL DATA (WS FORM: F-6)

                                          STATION:   BOZEMAN/GALLATIN FIELD MT
                                          MONTH:     AUGUST
                                          YEAR:      2014
                                          LATITUDE:   45 46 N
                                          LONGITUDE: 111  9 W

  TEMPERATURE IN F:       :PCPN:    SNOW:  WIND      :SUNSHINE: SKY     :PK WND
================================================================================
1   2   3   4   5  6A  6B    7    8   9   10  11  12  13   14  15   16   17  18
                                     12Z  AVG MX 2MIN
DY MAX MIN AVG DEP HDD CDD  WTR  SNW DPTH SPD SPD DIR MIN PSBL S-S WX    SPD DR
================================================================================

 1  91  48  70  -1   0   5 0.00  0.0    0  5.6 20 190   M    M   1 8      24 120
 2  87  49  68  -3   0   3    T  0.0    0  5.2 21 290   M    M   1        26 280
 3  87  49  68  -3   0   3    T  0.0    0  5.1 15 290   M    M   0 8      19 210
 4  77  51  64  -7   1   0 0.04  0.0    0  5.0 20 140   M    M   4        24 140
 5  81  58  70  -1   0   5 0.04  0.0    0  4.5 13 130   M    M   3 1      15 140
 6  86  51  69  -1   0   4 0.00  0.0    0  4.1 18 210   M    M   1 3      23 210
 7  88  48  68  -2   0   3 0.00  0.0    0  6.1 22 170   M    M   1 3      27 170
 8  83  50  67  -3   0   2 0.00  0.0    0  8.4 33 130   M    M   2        42 130
 9  84  47  66  -4   0   1 0.00  0.0    0  4.0 13 310   M    M   0 8      18  10
10  88  47  68  -2   0   3 0.00  0.0    0  4.1 13 350   M    M   0        17 350
11  92  47  70   0   0   5 0.00  0.0    0  4.2 10 160   M    M   0 8      12 150
12  93  50  72   2   0   7 0.02  0.0    0  6.5 25 200   M    M   2 38     33 240
13  88  55  72   3   0   7    T  0.0    0  5.9 17 280   M    M   3        22 170
14  84  55  70   1   0   5 0.06  0.0    0  5.3 16 190   M    M   3 1      21 240
15  83  52  68  -1   0   3 0.07  0.0    0  6.4 35 290   M    M   2 3      42 280
16  79  49  64  -5   1   0    T  0.0    0  5.9 21 360   M    M   3        24 320
17  83  50  67  -1   0   2 0.00  0.0    0  7.2 20 310   M    M   2        25 290
18  84  46  65  -3   0   0 0.00  0.0    0  5.1 12 150   M    M   0        16 340
19  86  46  66  -2   0   1 0.36  0.0    0  5.7 28 310   M    M   2 3      34 300
20  80  50  65  -3   0   0 0.02  0.0    0  5.6 30 280   M    M   2        46 280
21  70  53  62  -5   3   0 0.33  0.0    0  4.7 28 200   M    M   6 13     33 190
22  65  50  58  -9   7   0 0.49  0.0    0  6.2 16 200   M    M   9 1      20 270
23  54  45  50 -17  15   0 0.78  0.0    0 12.0 20 310   M    M  10 1      25 300
24  56  44  50 -16  15   0 0.22  0.0    0  3.7 14 270   M    M  10        19 270
25  67  37  52 -14  13   0 0.00  0.0    0  4.0 12 160   M    M   3        13 150
26  77  42  60  -6   5   0 0.00  0.0    0  4.4 13 160   M    M   0        15 160
27  81  45  63  -2   2   0 0.00  0.0    0  5.9 15 150   M    M   0        21 300
28  85  45  65   0   0   0 0.01  0.0    0  5.4 14 170   M    M   1        17 170
================================================================================
SM 2259 1359        62  59  2.44     0.0 156.2          M       71
================================================================================
AV 80.7 48.5                               5.6 FASTST   M    M   3    MAX(MPH)
                                 MISC ---->  # 35 290               # 46  280
================================================================================
NOTES:
# LAST OF SEVERAL OCCURRENCES

COLUMN 17 PEAK WIND IN M.P.H.

PRELIMINARY LOCAL CLIMATOLOGICAL DATA (WS FORM: F-6) , PAGE 2

                                          STATION:  BOZEMAN/GALLATIN FIELD MT
                                          MONTH:    AUGUST
                                          YEAR:     2014
                                          LATITUDE:   45 46 N
                                          LONGITUDE: 111  9 W

[TEMPERATURE DATA]      [PRECIPITATION DATA]       SYMBOLS USED IN COLUMN 16

AVERAGE MONTHLY: 64.6   TOTAL FOR MONTH:   2.44    1 = FOG OR MIST
DPTR FM NORMAL:  -4.0   DPTR FM NORMAL:    1.47    2 = FOG REDUCING VISIBILITY
HIGHEST:    93 ON 12    GRTST 24HR  0.90 ON 23-24      TO 1/4 MILE OR LESS
LOWEST:     37 ON 25                               3 = THUNDER
                        SNOW, ICE PELLETS, HAIL    4 = ICE PELLETS
                        TOTAL MONTH:   0.0 INCH    5 = HAIL
                        GRTST 24HR     0.0         6 = FREEZING RAIN OR DRIZZLE
                        GRTST DEPTH:   0           7 = DUSTSTORM OR SANDSTORM:
                                                       VSBY 1/2 MILE OR LESS
                                                   8 = SMOKE OR HAZE
[NO. OF DAYS WITH]      [WEATHER - DAYS WITH]      9 = BLOWING SNOW
                                                   X = TORNADO
MAX 32 OR BELOW:   0    0.01 INCH OR MORE:  12
MAX 90 OR ABOVE:   3    0.10 INCH OR MORE:   5
MIN 32 OR BELOW:   0    0.50 INCH OR MORE:   1
MIN  0 OR BELOW:   0    1.00 INCH OR MORE:   0

[HDD (BASE 65) ]
TOTAL THIS MO.    62    CLEAR  (SCALE 0-3)  23
DPTR FM NORMAL    32    PTCLDY (SCALE 4-7)   2
TOTAL FM JUL 1    75    CLOUDY (SCALE 8-10)  3
DPTR FM NORMAL    17

[CDD (BASE 65) ]
TOTAL THIS MO.    59
DPTR FM NORMAL   -73    [PRESSURE DATA]
TOTAL FM JAN 1   182    HIGHEST SLP M ON M
DPTR FM NORMAL  -158    LOWEST  SLP 29.66 ON 19

[REMARKS]
