000
CXUS56 KTFX 261205
CF6BZN
PRELIMINARY LOCAL CLIMATOLOGICAL DATA (WS FORM: F-6)

                                          STATION:   BOZEMAN/GALLATIN FIELD MT
                                          MONTH:     MAY
                                          YEAR:      2017
                                          LATITUDE:   45 46 N
                                          LONGITUDE: 111  9 W

  TEMPERATURE IN F:       :PCPN:    SNOW:  WIND      :SUNSHINE: SKY     :PK WND
================================================================================
1   2   3   4   5  6A  6B    7    8   9   10  11  12  13   14  15   16   17  18
                                     12Z  AVG MX 2MIN
DY MAX MIN AVG DEP HDD CDD  WTR  SNW DPTH SPD SPD DIR MIN PSBL S-S WX    SPD DR
================================================================================

 1  56  34  45  -4  20   0    T  0.0    0  6.4 18 360   M    M   7        23 360
 2  54  36  45  -5  20   0 0.06  0.0    0  7.4 23 320   M    M   6        31 330
 3  67  27  47  -3  18   0 0.00  0.0    0  3.5 10 140   M    M   0        13 100
 4  77  36  57   7   8   0 0.00  0.0    0  5.8 14 170   M    M   0        15 170
 5  84  36  60   9   5   0 0.00  0.0    0  6.2 17 210   M    M   0        22 210
 6  78  45  62  11   3   0    T  0.0    0  5.6 21 170   M    M   1        29 180
 7  63  45  54   3  11   0 0.22  0.0    0  6.5 31 260   M    M   5 1      40 260
 8  61  41  51  -1  14   0    T  0.0    0  2.7  9 280   M    M   4        13 290
 9  67  33  50  -2  15   0 0.00  0.0    0  4.6 13 170   M    M   1 1      16 290
10  74  36  55   3  10   0 0.00  0.0    0  4.1 12 140   M    M   0        13 140
11  80  39  60   8   5   0 0.00  0.0    0  4.9 22 130   M    M   0 3      26 130
12  84  41  63  10   2   0 0.01  0.0    0 11.1 32 200   M    M   2 3      46 210
13  45  31  38 -15  27   0 0.18    T    0  7.6 20 280   M    M   9 18     24 280
14  57  28  43 -10  22   0 0.00  0.0    0  4.7 24 200   M    M   3        31 280
15  52  37  45  -9  20   0 0.01  0.0    0  5.3 15 150   M    M   8 8      17 150
16  62  31  47  -7  18   0    T  0.0    0  4.8 26 230   M    M   5 1      33 220
17  49  33  41 -13  24   0 1.11  1.0    0  5.8 18 280   M    M   9 12     23 280
18  53  34  44 -10  21   0 0.01    T    T  6.7 18 100   M    M   5 1      23  90
19  62  30  46  -9  19   0 0.00  0.0    0  3.0 10 150   M    M   2        13 320
20  65  36  51  -4  14   0 0.07  0.0    0  6.7 23 150   M    M   5        28 310
21  67  34  51  -4  14   0 0.00  0.0    0  5.9 15 290   M    M   2        20 310
22  68  40  54  -1  11   0 0.00  0.0    0  5.0 17  80   M    M   5        20  80
23  77  37  57   1   8   0 0.00  0.0    0  4.7 15 160   M    M   0        17 150
24  76  37  57   1   8   0 0.00  0.0    0 18.3 38 300   M    M   0        48 300
25  56  37  47  -9  18   0 0.05  0.0    0  4.9 17  50   M    M   7 1      24 360
================================================================================
SM 1634  894       355   0  1.72     1.0 152.2          M       86
================================================================================
AV 65.4 35.8                               6.1 FASTST   M    M   3    MAX(MPH)
                                 MISC ---->  # 38 300               # 48  300
================================================================================
NOTES:
# LAST OF SEVERAL OCCURRENCES

COLUMN 17 PEAK WIND IN M.P.H.

PRELIMINARY LOCAL CLIMATOLOGICAL DATA (WS FORM: F-6) , PAGE 2

                                          STATION:  BOZEMAN/GALLATIN FIELD MT
                                          MONTH:    MAY
                                          YEAR:     2017
                                          LATITUDE:   45 46 N
                                          LONGITUDE: 111  9 W

[TEMPERATURE DATA]      [PRECIPITATION DATA]       SYMBOLS USED IN COLUMN 16

AVERAGE MONTHLY: 50.6   TOTAL FOR MONTH:   1.72    1 = FOG OR MIST
DPTR FM NORMAL:  -2.4   DPTR FM NORMAL:   -0.16    2 = FOG REDUCING VISIBILITY
HIGHEST:    84 ON 12, 5 GRTST 24HR  1.11 ON 17-17      TO 1/4 MILE OR LESS
LOWEST:     27 ON  3                               3 = THUNDER
                        SNOW, ICE PELLETS, HAIL    4 = ICE PELLETS
                        TOTAL MONTH:   1.0 INCH    5 = HAIL
                        GRTST 24HR   1.0 ON 17-17  6 = FREEZING RAIN OR DRIZZLE
                        GRTST DEPTH:   T           7 = DUSTSTORM OR SANDSTORM:
                                                       VSBY 1/2 MILE OR LESS
                                                   8 = SMOKE OR HAZE
[NO. OF DAYS WITH]      [WEATHER - DAYS WITH]      9 = BLOWING SNOW
                                                   X = TORNADO
MAX 32 OR BELOW:   0    0.01 INCH OR MORE:   9
MAX 90 OR ABOVE:   0    0.10 INCH OR MORE:   3
MIN 32 OR BELOW:   5    0.50 INCH OR MORE:   1
MIN  0 OR BELOW:   0    1.00 INCH OR MORE:   1

[HDD (BASE 65) ]
TOTAL THIS MO.   355    CLEAR  (SCALE 0-3)  13
DPTR FM NORMAL    49    PTCLDY (SCALE 4-7)  10
TOTAL FM JUL 1  7916    CLOUDY (SCALE 8-10)  2
DPTR FM NORMAL   549

[CDD (BASE 65) ]
TOTAL THIS MO.     0
DPTR FM NORMAL     0    [PRESSURE DATA]
TOTAL FM JAN 1     0    HIGHEST SLP M ON M
DPTR FM NORMAL     0    LOWEST  SLP 29.31 ON 24

[REMARKS]
