000
CXUS55 KCAE 301400
CF6CAE
PRELIMINARY LOCAL CLIMATOLOGICAL DATA (WS FORM: F-6)

                                          STATION:   COLUMBIA METRO AIRPORT SC
                                          MONTH:     APRIL
                                          YEAR:      2016
                                          LATITUDE:   33 57 N
                                          LONGITUDE:  81  7 W

  TEMPERATURE IN F:       :PCPN:    SNOW:  WIND      :SUNSHINE: SKY     :PK WND
================================================================================
1   2   3   4   5  6A  6B    7    8   9   10  11  12  13   14  15   16   17  18
                                     12Z  AVG MX 2MIN
DY MAX MIN AVG DEP HDD CDD  WTR  SNW DPTH SPD SPD DIR MIN PSBL S-S WX    SPD DR
================================================================================

 1  75  64  70  10   0   5 1.49  0.0    0  8.3 37 250   M    M   9 13     51 240
 2  75  59  67   7   0   2 0.01  0.0    0 14.9 33 260   M    M   5 18     40 260
 3  72  48  60   0   5   0 0.00  0.0    0  5.8 21 260   M    M   0        26 260
 4  80  42  61   1   4   0 0.00  0.0    0  7.0 21 270   M    M   0        25 270
 5  68  49  59  -2   6   0 0.00  0.0    0 10.2 17 360   M    M   0        24  50
 6  69  41  55  -6  10   0 0.09  0.0    0  9.0 20 140   M    M   5 3      29 140
 7  74  53  64   3   1   0 0.38  0.0    0 14.0 32 270   M    M   4 138    50 270
 8  70  50  60  -1   5   0    T  0.0    0 10.9 25 280   M    M   5        33 270
 9  67  42  55  -7  10   0 0.00  0.0    0  9.9 31 260   M    M   0        37 290
10  62  38  50 -12  15   0 0.00  0.0    0  6.9 16  90   M    M   5        20 100
11  78  45  62   0   3   0    T  0.0    0  8.0 17 180   M    M   6        22 150
12  74  61  68   6   0   3 0.15  0.0    0  4.1 14 190   M    M   8 1      18 200
13  72  56  64   1   1   0 0.00  0.0    0  8.1 20  60   M    M   7 1      26  70
14  72  55  64   1   1   0 0.00  0.0    0 10.1 18  70   M    M   7        25  60
15  70  53  62  -1   3   0 0.00  0.0    0 10.3 18  70   M    M   9        26  60
16  74  48  61  -2   4   0 0.00  0.0    0  7.2 16  70   M    M   3        23  50
17  77  42  60  -4   5   0 0.00  0.0    0  4.9 15  30   M    M   0        22  70
18  84  41  63  -1   2   0 0.00  0.0    0  3.2  9 170   M    M   1 8      12 180
19  88  48  68   4   0   3 0.00  0.0    0  5.4 16 290   M    M   5        19 290
20  86  57  72   8   0   7 0.00  0.0    0  6.4 16  90   M    M   7        19 110
21  83  62  73   8   0   8 0.00  0.0    0  8.4 20 190   M    M   7 1      25 170
22  80  65  73   8   0   8 0.68  0.0    0  5.7 18 200   M    M   8 138    25 200
23  80  59  70   5   0   5 0.00  0.0    0  6.6 16 290   M    M   6 128    22 320
24  81  53  67   1   0   2 0.00  0.0    0  4.6 12 110   M    M   2        14 110
25  85  58  72   6   0   7 0.00  0.0    0  5.4 15 190   M    M   3        21 190
26  87  60  74   8   0   9 0.00  0.0    0  6.4 15 260   M    M   2        21 220
27  90  63  77  11   0  12 0.00  0.0    0  7.1 17 190   M    M   3        23 210
28  89  68  79  12   0  14    T  0.0    0  7.7 17 230   M    M   5        24 260
29  91  63  77  10   0  12 0.00  0.0    0  3.8 13 270   M    M   3 1      16 260
================================================================================
SM 2253 1543        75  97  2.80     0.0 220.3          M      125
================================================================================
AV 77.7 53.2                               7.6 FASTST   M    M   4    MAX(MPH)
                                 MISC ---->  # 37 250               # 51  240
================================================================================
NOTES:
# LAST OF SEVERAL OCCURRENCES

COLUMN 17 PEAK WIND IN M.P.H.

PRELIMINARY LOCAL CLIMATOLOGICAL DATA (WS FORM: F-6) , PAGE 2

                                          STATION:  COLUMBIA METRO AIRPORT SC
                                          MONTH:    APRIL
                                          YEAR:     2016
                                          LATITUDE:   33 57 N
                                          LONGITUDE:  81  7 W

[TEMPERATURE DATA]      [PRECIPITATION DATA]       SYMBOLS USED IN COLUMN 16

AVERAGE MONTHLY: 65.4   TOTAL FOR MONTH:   2.80    1 = FOG OR MIST
DPTR FM NORMAL:   2.2   DPTR FM NORMAL:    0.27    2 = FOG REDUCING VISIBILITY
HIGHEST:    91 ON 29    GRTST 24HR  1.50 ON 31- 1      TO 1/4 MILE OR LESS
LOWEST:     38 ON 10                               3 = THUNDER
                        SNOW, ICE PELLETS, HAIL    4 = ICE PELLETS
                        TOTAL MONTH:   0.0 INCH    5 = HAIL
                        GRTST 24HR     0.0         6 = FREEZING RAIN OR DRIZZLE
                        GRTST DEPTH:   0           7 = DUSTSTORM OR SANDSTORM:
                                                       VSBY 1/2 MILE OR LESS
                                                   8 = SMOKE OR HAZE
[NO. OF DAYS WITH]      [WEATHER - DAYS WITH]      9 = BLOWING SNOW
                                                   X = TORNADO
MAX 32 OR BELOW:   0    0.01 INCH OR MORE:   6
MAX 90 OR ABOVE:   2    0.10 INCH OR MORE:   4
MIN 32 OR BELOW:   0    0.50 INCH OR MORE:   2
MIN  0 OR BELOW:   0    1.00 INCH OR MORE:   1

[HDD (BASE 65) ]
TOTAL THIS MO.    75    CLEAR  (SCALE 0-3)  11
DPTR FM NORMAL   -45    PTCLDY (SCALE 4-7)  15
TOTAL FM JUL 1  1785    CLOUDY (SCALE 8-10)  3
DPTR FM NORMAL  -744

[CDD (BASE 65) ]
TOTAL THIS MO.    97
DPTR FM NORMAL    28    [PRESSURE DATA]
TOTAL FM JAN 1   174    HIGHEST SLP M ON M
DPTR FM NORMAL    83    LOWEST  SLP 29.65 ON  2

[REMARKS]
