000
CXUS55 KABQ 271000
CF6CAO
PRELIMINARY LOCAL CLIMATOLOGICAL DATA (WS FORM: F-6)

                                          STATION:   CLAYTON  NM
                                          MONTH:     MAY
                                          YEAR:      2016
                                          LATITUDE:   36 27 N
                                          LONGITUDE: 103  9 W

  TEMPERATURE IN F:       :PCPN:    SNOW:  WIND      :SUNSHINE: SKY     :PK WND
================================================================================
1   2   3   4   5  6A  6B    7    8   9   10  11  12  13   14  15   16   17  18
                                     12Z  AVG MX 2MIN
DY MAX MIN AVG DEP HDD CDD  WTR  SNW DPTH SPD SPD DIR MIN PSBL S-S WX    SPD DR
================================================================================

 1  41  33  37 -20  28   0 0.18  0.5    0 19.0 39 360   M    M   9 1      50 350
 2  62  30  46 -11  19   0 0.00  0.0    0  6.7 15 310   M    M   2        18 320
 3  69  39  54  -4  11   0 0.00  0.0    0 12.9 30 340   M    M   3 8      39 360
 4  76  41  59   1   6   0 0.00  0.0    0  9.3 16 150   M    M   0 8      21 140
 5  83  47  65   7   0   0 0.00  0.0    0  9.5 18 190   M    M   0        24 200
 6  82  44  63   5   2   0 0.00  0.0    0 18.1 32 150   M    M   0        41 150
 7  79  49  64   5   1   0 0.00  0.0    0 16.9 43 200   M    M   0        52 200
 8  75  43  59   0   6   0 0.00  0.0    0 12.6 31 210   M    M   0        41 230
 9  76  45  61   2   4   0 0.00  0.0    0 10.5 31 320   M    M   1        38 320
10  82  44  63   3   2   0    T  0.0    0 11.8 28 350   M    M   0        36  10
11  71  45  58  -2   7   0 0.30  0.0    0 14.2 24 360   M    M   2 13     30 360
12  69  41  55  -5  10   0 0.00  0.0    0 11.4 21 180   M    M   1        27 190
13  83  47  65   4   0   0 0.00  0.0    0 15.1 30  50   M    M   0        37  50
14  66  43  55  -6  10   0 0.07  0.0    0 12.3 26  60   M    M   6 1      32 160
15  60  45  53  -8  12   0 0.19  0.0    0 16.7 26 170   M    M   9 13     32 180
16  69  45  57  -5   8   0 0.07  0.0    0 16.7 31 350   M    M   7 123    41 350
17  53  43  48 -14  17   0    T  0.0    0 15.8 26  20   M    M  10 1      31  10
18  55  44  50 -12  15   0 0.01  0.0    0  8.5 15 130   M    M  10        22 110
19  67  43  55  -7  10   0 0.00  0.0    0 11.1 20 170   M    M   6 1      29 170
20  82  44  63   0   2   0 0.00  0.0    0  9.5 23 190   M    M   1 1      29 190
21  86  51  69   6   0   4 0.00  0.0    0 20.4 36 180   M    M   0 3      46 190
22  86  53  70   7   0   5 0.00  0.0    0 16.6 32 190   M    M   1 1      39 210
23  85  50  68   4   0   3 0.00  0.0    0 12.0 30 200   M    M   1 1      39 190
24  86  41  64   0   1   0 0.00  0.0    0 12.4 31 190   M    M   0        37 190
25  84  51  68   4   0   3 0.00  0.0    0 11.2 28 190   M    M   0        33 190
26  83  49  66   2   0   1 0.00  0.0    0 14.0 35 190   M    M   0        45 190
================================================================================
SM 1910 1150       171  16  0.82     0.5 345.2          M       69
================================================================================
AV 73.5 44.2                              13.3 FASTST   M    M   3    MAX(MPH)
                                 MISC ---->  # 43 200               # 52  200
================================================================================
NOTES:
# LAST OF SEVERAL OCCURRENCES

COLUMN 17 PEAK WIND IN M.P.H.

PRELIMINARY LOCAL CLIMATOLOGICAL DATA (WS FORM: F-6) , PAGE 2

                                          STATION:  CLAYTON  NM
                                          MONTH:    MAY
                                          YEAR:     2016
                                          LATITUDE:   36 27 N
                                          LONGITUDE: 103  9 W

[TEMPERATURE DATA]      [PRECIPITATION DATA]       SYMBOLS USED IN COLUMN 16

AVERAGE MONTHLY: 58.8   TOTAL FOR MONTH:   0.82    1 = FOG OR MIST
DPTR FM NORMAL:  -1.9   DPTR FM NORMAL:   -0.72    2 = FOG REDUCING VISIBILITY
HIGHEST:    86 ON 24,22 GRTST 24HR  0.30 ON 11-11      TO 1/4 MILE OR LESS
LOWEST:     30 ON  2                               3 = THUNDER
                        SNOW, ICE PELLETS, HAIL    4 = ICE PELLETS
                        TOTAL MONTH:   0.5 INCH    5 = HAIL
                        GRTST 24HR   0.5 ON  1- 1  6 = FREEZING RAIN OR DRIZZLE
                        GRTST DEPTH:   0           7 = DUSTSTORM OR SANDSTORM:
                                                       VSBY 1/2 MILE OR LESS
                                                   8 = SMOKE OR HAZE
[NO. OF DAYS WITH]      [WEATHER - DAYS WITH]      9 = BLOWING SNOW
                                                   X = TORNADO
MAX 32 OR BELOW:   0    0.01 INCH OR MORE:   6
MAX 90 OR ABOVE:   0    0.10 INCH OR MORE:   3
MIN 32 OR BELOW:   1    0.50 INCH OR MORE:   0
MIN  0 OR BELOW:   0    1.00 INCH OR MORE:   0

[HDD (BASE 65) ]
TOTAL THIS MO.   171    CLEAR  (SCALE 0-3)  19
DPTR FM NORMAL    29    PTCLDY (SCALE 4-7)   3
TOTAL FM JUL 1  4294    CLOUDY (SCALE 8-10)  4
DPTR FM NORMAL  -554

[CDD (BASE 65) ]
TOTAL THIS MO.    16
DPTR FM NORMAL   -17    [PRESSURE DATA]
TOTAL FM JAN 1    16    HIGHEST SLP M ON M
DPTR FM NORMAL   -23    LOWEST  SLP 29.54 ON 15

[REMARKS]
