000
CXUS51 KCAR 280600
CF6CAR
PRELIMINARY LOCAL CLIMATOLOGICAL DATA (WS FORM: F-6)

                                          STATION:   CARIBOU ME
                                          MONTH:     DECEMBER
                                          YEAR:      2014
                                          LATITUDE:   46 52 N
                                          LONGITUDE:  68  1 W

  TEMPERATURE IN F:       :PCPN:    SNOW:  WIND      :SUNSHINE: SKY     :PK WND
================================================================================
1   2   3   4   5  6A  6B    7    8   9   10  11  12  13   14  15   16   17  18
                                     12Z  AVG MX 2MIN
DY MAX MIN AVG DEP HDD CDD  WTR  SNW DPTH SPD SPD DIR MIN PSBL S-S WX    SPD DR
================================================================================

 1  41  13  27   2  38   0 0.03  0.1    3  7.6 16 340   M    M   8 12     22 340
 2  13   5   9 -15  56   0 0.00  0.0    3  6.9 17 330   M    M   0 8      22 330
 3  32  13  23  -1  42   0 0.45  3.5    4  5.5 14 140   M    M  10 126    17 150
 4  31  -5  13 -10  52   0 0.02  0.5    6 10.4 23 260   M    M   4 18     33 280
 5  13 -13   0 -23  65   0 0.00  0.0    6  3.8 13 160   M    M   1 1      14 150
 6  28  13  21  -1  44   0 0.12  1.2    6  7.3 15 330   M    M  10 1      21 320
 7  26  -8   9 -13  56   0 0.00  0.0    7 12.0 25 330   M    M   0        33 320
 8  11 -12   0 -22  65   0 0.00  0.0    6  3.3 13 150   M    M   2 1      16 150
 9  30  11  21   0  44   0 0.33  3.6    6  4.4 14  40   M    M  10 1      20  40
10  36  29  33  12  32   0 1.17  4.7   11 16.3 26  70   M    M  10 168    41  70
11  40  35  38  18  27   0 0.61  0.0   10  8.7 22  60   M    M  10 1      31  80
12  36  33  35  15  30   0 0.37  0.1    8  5.5 12 340   M    M  10 1      15 330
13  38  33  36  17  29   0 0.03    T    7  3.4 10 340   M    M  10 12     14 330
14  36  32  34  15  31   0    T  0.0    6  6.3 17 330   M    M  10 12     22 330
15  32  25  29  11  36   0 0.00  0.0    6  9.5 25 330   M    M  10        32 320
16  28  25  27   9  38   0    T  0.2    6  5.5 10 170   M    M  10 1      14 190
17  33  28  31  13  34   0 0.43  4.0    6  5.9 12  20   M    M  10 1      15  10
18  29  24  27  10  38   0 0.83  8.3   13 17.3 25 330   M    M  10 1      32 340
19  27  11  19   2  46   0    T    T   15 10.1 20 330   M    M   5        24 340
20  17   4  11  -5  54   0 0.01  0.3   15  2.8 10 330   M    M   7 18     12 330
21  24  16  20   4  45   0    T    T   15  1.4  6  70   M    M  10         7  80
22  27  22  25   9  40   0    T    T   15  2.6  9 180   M    M  10        11 190
23  31  26  29  14  36   0    T    T   15  6.4 12 180   M    M  10 1      16 160
24  35  30  33  18  32   0 0.84  0.0   13  3.7 13 160   M    M  10 1      17 160
25  48  35  42  28  23   0 0.51  0.0   10 13.0 32 250   M    M  10 12     47 240
26  40  32  36  22  29   0    T    T    8 14.8 31 260   M    M   4        50 250
27  37  27  32  18  33   0 0.00  0.0    7  5.6 15 300   M    M   5        22 260
================================================================================
SM  819  484      1095   0  5.75    26.5 200.0          M      206
================================================================================
AV 30.3 17.9                               7.4 FASTST   M    M   8    MAX(MPH)
                                 MISC ---->  # 32 250               # 50  250
================================================================================
NOTES:
# LAST OF SEVERAL OCCURRENCES

COLUMN 17 PEAK WIND IN M.P.H.

PRELIMINARY LOCAL CLIMATOLOGICAL DATA (WS FORM: F-6) , PAGE 2

                                          STATION:  CARIBOU ME
                                          MONTH:    DECEMBER
                                          YEAR:     2014
                                          LATITUDE:   46 52 N
                                          LONGITUDE:  68  1 W

[TEMPERATURE DATA]      [PRECIPITATION DATA]       SYMBOLS USED IN COLUMN 16

AVERAGE MONTHLY: 24.1   TOTAL FOR MONTH:   5.75    1 = FOG OR MIST
DPTR FM NORMAL:   5.1   DPTR FM NORMAL:    2.85    2 = FOG REDUCING VISIBILITY
HIGHEST:    48 ON 25    GRTST 24HR  1.37 ON  9-10      TO 1/4 MILE OR LESS
LOWEST:    -13 ON  5                               3 = THUNDER
                        SNOW, ICE PELLETS, HAIL    4 = ICE PELLETS
                        TOTAL MONTH:  26.5 INCHES  5 = HAIL
                        GRTST 24HR   8.3 ON   M    6 = FREEZING RAIN OR DRIZZLE
                        GRTST DEPTH:  15 ON 23,22  7 = DUSTSTORM OR SANDSTORM:
                                                       VSBY 1/2 MILE OR LESS
                                                   8 = SMOKE OR HAZE
[NO. OF DAYS WITH]      [WEATHER - DAYS WITH]      9 = BLOWING SNOW
                                                   X = TORNADO
MAX 32 OR BELOW:  16    0.01 INCH OR MORE:  14
MAX 90 OR ABOVE:   0    0.10 INCH OR MORE:  10
MIN 32 OR BELOW:  23    0.50 INCH OR MORE:   5
MIN  0 OR BELOW:   4    1.00 INCH OR MORE:   1

[HDD (BASE 65) ]
TOTAL THIS MO.  1095    CLEAR  (SCALE 0-3)   4
DPTR FM NORMAL  -146    PTCLDY (SCALE 4-7)   5
TOTAL FM JUL 1  3047    CLOUDY (SCALE 8-10) 18
DPTR FM NORMAL  -339

[CDD (BASE 65) ]
TOTAL THIS MO.     0
DPTR FM NORMAL     0    [PRESSURE DATA]
TOTAL FM JAN 1   266    HIGHEST SLP M ON M
DPTR FM NORMAL    86    LOWEST  SLP 29.23 ON 25

[REMARKS]
