000
CXUS51 KCAR 250600
CF6CAR
PRELIMINARY LOCAL CLIMATOLOGICAL DATA (WS FORM: F-6)

                                          STATION:   CARIBOU ME
                                          MONTH:     OCTOBER
                                          YEAR:      2014
                                          LATITUDE:   46 52 N
                                          LONGITUDE:  68  1 W

  TEMPERATURE IN F:       :PCPN:    SNOW:  WIND      :SUNSHINE: SKY     :PK WND
================================================================================
1   2   3   4   5  6A  6B    7    8   9   10  11  12  13   14  15   16   17  18
                                     12Z  AVG MX 2MIN
DY MAX MIN AVG DEP HDD CDD  WTR  SNW DPTH SPD SPD DIR MIN PSBL S-S WX    SPD DR
================================================================================

 1  58  40  49   0  16   0 0.00  0.0    0  4.0 10 360   M    M   6 1      12  10
 2  62  33  48   0  17   0 0.00  0.0    0  4.4 10  70   M    M   3 12     13  20
 3  66  34  50   2  15   0 0.00  0.0    0  3.8  9  50   M    M   0 1      12  90
 4  62  43  53   5  12   0 0.04  0.0    0  7.7 20 130   M    M   9 18     27 140
 5  62  38  50   3  15   0 0.61  0.0    0  8.6 21 140   M    M   7 1      27 140
 6  61  33  47   0  18   0 0.00  0.0    0  5.8 16 230   M    M   1        21 220
 7  64  42  53   6  12   0 0.22  0.0    0  9.1 24 160   M    M   6 1      35 160
 8  59  49  54   8  11   0 0.97  0.0    0 10.2 23 160   M    M   9 1      31 140
 9  53  40  47   1  18   0 0.02  0.0    0  9.1 23 240   M    M   4        30 250
10  52  38  45  -1  20   0 0.00  0.0    0 12.2 23 250   M    M   8        30 250
11  51  34  43  -2  22   0 0.00  0.0    0  3.7  9 220   M    M   5        13 250
12  54  29  42  -3  23   0 0.00  0.0    0  4.7 16 310   M    M   1 1      21 340
13  63  32  48   4  17   0 0.00  0.0    0  5.8 14 230   M    M   0        18 220
14  69  40  55  11  10   0 0.00  0.0    0  6.9 15 170   M    M   1 8      20 150
15  74  58  66  22   0   1    T  0.0    0  6.4 16 260   M    M   5        23 250
16  62  56  59  16   6   0 0.07  0.0    0  8.2 14 140   M    M  10 1      18 140
17  65  52  59  16   6   0 1.73  0.0    0  8.1 26 230   M    M   8 1      38 220
18  58  48  53  11  12   0 0.45  0.0    0  7.2 22 320   M    M   9 1      30 320
19  48  39  44   2  21   0    T  0.0    0  9.3 15 300   M    M   8        25 310
20  45  31  38  -4  27   0 0.00  0.0    0  8.7 21 300   M    M   4 8      29 300
21  45  27  36  -6  29   0 0.00  0.0    0  2.8 10  10   M    M   4        12  20
22  51  34  43   2  22   0    T  0.0    0  9.6 17  60   M    M   4        26  70
23  50  41  46   5  19   0 0.29  0.0    0 11.7 17  50   M    M   9 1      23  30
24  43  40  42   2  23   0 0.93  0.0    0 11.6 23  10   M    M  10 1      28  20
================================================================================
SM 1377  951       391   1  5.33     0.0 179.6          M      131
================================================================================
AV 57.4 39.6                               7.5 FASTST   M    M   5    MAX(MPH)
                                 MISC ---->  # 26 230               # 38  220
================================================================================
NOTES:
# LAST OF SEVERAL OCCURRENCES

COLUMN 17 PEAK WIND IN M.P.H.

PRELIMINARY LOCAL CLIMATOLOGICAL DATA (WS FORM: F-6) , PAGE 2

                                          STATION:  CARIBOU ME
                                          MONTH:    OCTOBER
                                          YEAR:     2014
                                          LATITUDE:   46 52 N
                                          LONGITUDE:  68  1 W

[TEMPERATURE DATA]      [PRECIPITATION DATA]       SYMBOLS USED IN COLUMN 16

AVERAGE MONTHLY: 48.5   TOTAL FOR MONTH:   5.33    1 = FOG OR MIST
DPTR FM NORMAL:   3.9   DPTR FM NORMAL:    2.61    2 = FOG REDUCING VISIBILITY
HIGHEST:    74 ON 15    GRTST 24HR  1.80 ON 16-17      TO 1/4 MILE OR LESS
LOWEST:     27 ON 21                               3 = THUNDER
                        SNOW, ICE PELLETS, HAIL    4 = ICE PELLETS
                        TOTAL MONTH:   0.0 INCH    5 = HAIL
                        GRTST 24HR     0.0         6 = FREEZING RAIN OR DRIZZLE
                        GRTST DEPTH:   0           7 = DUSTSTORM OR SANDSTORM:
                                                       VSBY 1/2 MILE OR LESS
                                                   8 = SMOKE OR HAZE
[NO. OF DAYS WITH]      [WEATHER - DAYS WITH]      9 = BLOWING SNOW
                                                   X = TORNADO
MAX 32 OR BELOW:   0    0.01 INCH OR MORE:  10
MAX 90 OR ABOVE:   0    0.10 INCH OR MORE:   7
MIN 32 OR BELOW:   4    0.50 INCH OR MORE:   4
MIN  0 OR BELOW:   0    1.00 INCH OR MORE:   1

[HDD (BASE 65) ]
TOTAL THIS MO.   391    CLEAR  (SCALE 0-3)   6
DPTR FM NORMAL   -99    PTCLDY (SCALE 4-7)  11
TOTAL FM JUL 1   743    CLOUDY (SCALE 8-10)  7
DPTR FM NORMAL  -214

[CDD (BASE 65) ]
TOTAL THIS MO.     1
DPTR FM NORMAL     1    [PRESSURE DATA]
TOTAL FM JAN 1   266    HIGHEST SLP M ON M
DPTR FM NORMAL    86    LOWEST  SLP 29.40 ON M

[REMARKS]
